-- Table structure for table `ARQUIVO`
--

CREATE TABLE `ARQUIVO` (
  `ARQU_COD` int(11) NOT NULL AUTO_INCREMENT,
  `ARQU_CAMINHO` varchar(200) CHARACTER SET latin1 DEFAULT NULL,
  `ARQU_MENS_COD` int(11) DEFAULT NULL,
  `ARQU_CHME_COD` int(11) DEFAULT NULL,
  PRIMARY KEY (`ARQU_COD`),
  KEY `ARQU_MENS_COD` (`ARQU_MENS_COD`),
  KEY `ARQU_CHME_COD` (`ARQU_CHME_COD`),
  CONSTRAINT `ARQUIVO_ibfk_1` FOREIGN KEY (`ARQU_MENS_COD`) REFERENCES `MENSAGEM` (`MENS_COD`),
  CONSTRAINT `ARQUIVO_ibfk_2` FOREIGN KEY (`ARQU_CHME_COD`) REFERENCES `CHAMADO_MENSAGEM` (`CHME_COD`)
) ENGINE=InnoDB AUTO_INCREMENT=45 DEFAULT CHARSET=utf8mb4;

--
-- Dumping data for table `ARQUIVO`
--

INSERT INTO `ARQUIVO` VALUES (29,'20220307091349db3b93c4fdc5511210a97ab8e8de54414b7a9eb3.jpg',NULL,68),(30,'2022030709143553cddf9d42f31e66514d608a77f14fe420724460.jpg',NULL,69),(31,'2022030711424211ca2e9aec3341f1b6d54c45a8c053d39923002f.jpg',NULL,70),(32,'2022030711441053cddf9d42f31e66514d608a77f14fe420724460.jpg',NULL,72),(33,'2022030714575164f84659bbef2ad0c1f6fa9fb5eafb9237c9e6ba.jpg',NULL,73),(34,'20220307145824958f9b3cc0e51de669c3541c133621914ccad061.jpg',NULL,74),(35,'20220315201336b831a946b4a0422f8b66da662bf7cac56d9ec0f0.png',NULL,75),(36,'20220315201353b831a946b4a0422f8b66da662bf7cac56d9ec0f0.png',NULL,76),(37,'202206171423086d1c6bdfafdf056bd1e7a005a55c4d811328fdb7.jpg',NULL,79),(38,'2022061714255989cec903d13944f96cbaf8b2519092fbceaa2e13.jpg',NULL,80),(39,'20220617155210d173095cc5611a66fea9705579a0fbde186f491b.jpg',NULL,81),(40,'20220725112448ab26e2ed04e1b622e1bc4968b70456207a3c886b.jpg',NULL,82),(41,'202207291026227984ca887575805a85468d83158933a5bc2d8c53.jpg',NULL,84),(42,'20220905141934eebbe0d501d320f0ce464c80a183f455b07ef0bd.jpg',NULL,89),(43,'20220905142022625e3b013b076db0e8aeac568a555a1b6192f7c7.jpg',NULL,90),(44,'20221025175055b93c0614a1e97ea1e6e6943db5499b981208af80.jpg',NULL,91);

--
-- Table structure for table `ARQUIVO_DEPENDENTE`
--

CREATE TABLE `ARQUIVO_DEPENDENTE` (
  `ARDE_COD` int(11) NOT NULL AUTO_INCREMENT,
  `ARDE_DEPE_COD` int(11) DEFAULT NULL,
  `ARDE_CAMINHO` varchar(300) DEFAULT NULL,
  PRIMARY KEY (`ARDE_COD`),
  KEY `ARDE_DEPE_COD` (`ARDE_DEPE_COD`),
  CONSTRAINT `ARQUIVO_DEPENDENTE_ibfk_1` FOREIGN KEY (`ARDE_DEPE_COD`) REFERENCES `DEPENDENTE` (`DEPE_COD`)
) ENGINE=InnoDB DEFAULT CHARSET=utf8mb4;

--
-- Dumping data for table `ARQUIVO_DEPENDENTE`
--


--
-- Table structure for table `ARQUIVO_TERMO`
--

CREATE TABLE `ARQUIVO_TERMO` (
  `ARTE_COD` int(11) NOT NULL AUTO_INCREMENT,
  `ARTE_TEAC_COD` bigint(20) DEFAULT NULL,
  `ARTE_CAMINHO` varchar(300) DEFAULT NULL,
  PRIMARY KEY (`ARTE_COD`),
  KEY `ARTE_TEAC_COD` (`ARTE_TEAC_COD`),
  CONSTRAINT `ARQUIVO_TERMO_ibfk_1` FOREIGN KEY (`ARTE_TEAC_COD`) REFERENCES `TERMO_ACEITE` (`TEAC_COD`)
) ENGINE=InnoDB AUTO_INCREMENT=16 DEFAULT CHARSET=utf8mb4;

--
-- Dumping data for table `ARQUIVO_TERMO`
--

INSERT INTO `ARQUIVO_TERMO` VALUES (12,55,'termo_consentimento_rh (9).pdf'),(13,80,'termo_consentimento_rh (76).pdf'),(14,255,'termo_consentimento_rh-03551297525.pdf'),(15,263,'termo_consentimento_rh-04801191550.pdf');

--
-- Table structure for table `CARGO`
--

CREATE TABLE `CARGO` (
  `CARG_COD` int(11) NOT NULL AUTO_INCREMENT,
  `CARG_EMPR_COD` int(11) NOT NULL,
  `CARG_DEPA_COD` int(11) NOT NULL,
  `CARG_DESC` varchar(50) CHARACTER SET latin1 NOT NULL,
  `CARG_ADMIN` char(1) CHARACTER SET latin1 NOT NULL,
  PRIMARY KEY (`CARG_COD`),
  KEY `CARG_EMPR_COD` (`CARG_EMPR_COD`),
  KEY `CARG_DEPA_COD` (`CARG_DEPA_COD`),
  CONSTRAINT `CARGO_ibfk_1` FOREIGN KEY (`CARG_EMPR_COD`) REFERENCES `EMPRESA` (`EMPR_COD`),
  CONSTRAINT `CARGO_ibfk_2` FOREIGN KEY (`CARG_DEPA_COD`) REFERENCES `DEPARTAMENTO` (`DEPA_COD`)
) ENGINE=InnoDB AUTO_INCREMENT=6 DEFAULT CHARSET=utf8mb4;

--
-- Dumping data for table `CARGO`
--

INSERT INTO `CARGO` VALUES (1,1,14,'Analista','N'),(2,1,14,'ASSISTENTE ADMINISTRATIVO ','S'),(3,1,15,'ATENDENTE ','S'),(4,1,16,'SÓCIAS ','N'),(5,1,14,'ADMINISTRATORA ','S');

--
-- Table structure for table `CATEGORIA`
--

CREATE TABLE `CATEGORIA` (
  `CATE_COD` int(11) NOT NULL AUTO_INCREMENT,
  `CATE_NAME` varchar(100) DEFAULT NULL,
  `EMPRESA_EMPR_COD` int(11) DEFAULT NULL,
  PRIMARY KEY (`CATE_COD`),
  KEY `EMPRESA_EMPR_COD` (`EMPRESA_EMPR_COD`),
  CONSTRAINT `CATEGORIA_ibfk_1` FOREIGN KEY (`EMPRESA_EMPR_COD`) REFERENCES `EMPRESA` (`EMPR_COD`)
) ENGINE=InnoDB DEFAULT CHARSET=utf8mb4;

--
-- Dumping data for table `CATEGORIA`
--


--
-- Table structure for table `CHAMADO`
--

CREATE TABLE `CHAMADO` (
  `CHAM_COD` int(11) NOT NULL AUTO_INCREMENT,
  `CHAM_PRIORIDADE` int(1) DEFAULT NULL,
  `CHAM_ASSUNTO` varchar(100) CHARACTER SET latin1 DEFAULT NULL,
  `CHAM_AVALIACAO` int(11) DEFAULT NULL,
  `CHAM_TICKET` varchar(14) CHARACTER SET latin1 DEFAULT NULL,
  `CHAM_PESS_COD` bigint(20) DEFAULT NULL,
  `CHAM_CATE_COD` int(11) DEFAULT NULL,
  `CHAM_PROT_COD` bigint(20) DEFAULT NULL,
  `CHAM_EMPR_COD` int(11) DEFAULT NULL,
  PRIMARY KEY (`CHAM_COD`),
  KEY `CHAM_PESS_COD` (`CHAM_PESS_COD`),
  KEY `CHAM_CATE_COD` (`CHAM_CATE_COD`),
  KEY `CHAM_PROT_COD` (`CHAM_PROT_COD`),
  KEY `CHAM_EMPR_COD` (`CHAM_EMPR_COD`),
  CONSTRAINT `CHAMADO_ibfk_1` FOREIGN KEY (`CHAM_PESS_COD`) REFERENCES `PESSOA` (`PESS_COD`),
  CONSTRAINT `CHAMADO_ibfk_2` FOREIGN KEY (`CHAM_CATE_COD`) REFERENCES `CATEGORIA` (`CATE_COD`),
  CONSTRAINT `CHAMADO_ibfk_3` FOREIGN KEY (`CHAM_PROT_COD`) REFERENCES `PROTOCOLO` (`PROT_COD`),
  CONSTRAINT `CHAMADO_ibfk_4` FOREIGN KEY (`CHAM_EMPR_COD`) REFERENCES `EMPRESA` (`EMPR_COD`)
) ENGINE=InnoDB AUTO_INCREMENT=71 DEFAULT CHARSET=utf8mb4;

--
-- Dumping data for table `CHAMADO`
--

INSERT INTO `CHAMADO` VALUES (38,2,'Teste',NULL,'39461A19E9',6,NULL,NULL,1),(39,3,'Teste img',NULL,'F8C1F23D6A',6,NULL,NULL,1),(40,3,'Trste',NULL,'8CB22BDD0B',6,NULL,NULL,1),(41,1,'Teste prod',NULL,'8FE0093BB3',6,NULL,NULL,1),(42,2,'Gig',NULL,'6ECBDD6EC8',6,NULL,NULL,1),(43,3,'Horarios Levi - 01/06/2022',NULL,'A8EF1979AE',56,NULL,NULL,1),(44,3,'Ausencia na Terapia - Dia 02/06/2022',NULL,'8AB8DFF744',56,NULL,NULL,1),(45,1,'Teste 17.06',NULL,'250CF8B51C',6,NULL,NULL,1),(46,3,'Falta ',NULL,'91E953E130',233,NULL,NULL,1),(47,3,'Teste 1 ',NULL,'598B3E71EC',6,NULL,NULL,1),(48,2,'Denver',NULL,'7DE9A4ECE8',227,NULL,NULL,1),(49,2,'Atendimento extra',NULL,'460066EC29',270,NULL,NULL,1),(50,3,'Atendimento da Fono ',NULL,'4C320A3111',294,NULL,NULL,1),(51,3,'Teste',NULL,'F3F27A3247',6,NULL,NULL,1),(52,1,'teresrte',NULL,'85422AFB46',6,NULL,NULL,1),(53,2,'Desconto estacionamento',NULL,'CFE7F960ED',304,NULL,NULL,1),(54,3,'Relatório de Avaliação fono, psi e psicopedagógico de Karolina',NULL,'E74FFCCBAB',286,NULL,NULL,1),(55,3,'Encerra terapias com Samantha e aguardar horário de Karla Pomponet',NULL,'0A4F2189AB',286,NULL,NULL,1),(56,3,'Encerramento das atividades na clinica incentiva',NULL,'98483BC203',183,NULL,NULL,1),(57,3,'Ausência Terapia - 24/11/2022',NULL,'7ECD070E60',56,NULL,NULL,1),(58,3,'Desativar o horário de psicopedagogia',NULL,'F72EECBD98',286,NULL,NULL,1),(59,2,'Paciente com covid',NULL,'5BAD4D3F05',172,NULL,NULL,1),(60,3,'Desativar o horário com Patrícia (urgente)',NULL,'399878D7EB',286,NULL,NULL,1),(61,3,'Comparecimento Terapia',NULL,'2EACC82231',56,NULL,NULL,1),(62,1,'Cirurgia',NULL,'B435CB5453',166,NULL,NULL,1),(63,3,'Ausencia as Sessoes - Dia 13/12/2022',NULL,'495360CBF1',56,NULL,NULL,1),(64,3,'Paciente Doente - Nao ira as terapias - Dia 15/12/2022',NULL,'198DD5FB9C',56,NULL,NULL,1),(65,2,'Horários Pedro ',NULL,'1D41919B50',312,NULL,NULL,1),(66,3,'Desativar o horário de Psicologia ',NULL,'DF5E588FDA',286,NULL,NULL,1),(67,2,'Ferias',NULL,'493EEB5203',172,NULL,NULL,1),(68,3,'Relatório Denver - Levi',NULL,'34AD9BC83E',56,NULL,NULL,1),(69,1,'Ausência na consulta',NULL,'5DF556F9AB',315,NULL,NULL,1),(70,3,'Desmarcacao de Terapias - Dia 07/03/2023',NULL,'CED92D38D8',56,NULL,NULL,1);

--
-- Table structure for table `CHAMADO_HISTORICO`
--

CREATE TABLE `CHAMADO_HISTORICO` (
  `CHHI_COD` int(11) NOT NULL AUTO_INCREMENT,
  `CHHI_DATE` timestamp NOT NULL DEFAULT CURRENT_TIMESTAMP ON UPDATE CURRENT_TIMESTAMP,
  `CHHI_STATUS` int(1) DEFAULT NULL,
  `CHHI_CHAM_COD` int(11) DEFAULT NULL,
  `CHHI_PESS_COD` bigint(20) DEFAULT NULL,
  `CHHI_DEPA_COD` int(11) DEFAULT NULL,
  `CHHI_COMI_COD` int(11) DEFAULT NULL,
  PRIMARY KEY (`CHHI_COD`),
  KEY `CHHI_CHAM_COD` (`CHHI_CHAM_COD`),
  KEY `CHHI_PESS_COD` (`CHHI_PESS_COD`),
  KEY `CHHI_COMI_COD` (`CHHI_COMI_COD`),
  KEY `CHAMADO_HISTORICO_ibfk_3` (`CHHI_DEPA_COD`),
  CONSTRAINT `CHAMADO_HISTORICO_ibfk_1` FOREIGN KEY (`CHHI_CHAM_COD`) REFERENCES `CHAMADO` (`CHAM_COD`),
  CONSTRAINT `CHAMADO_HISTORICO_ibfk_2` FOREIGN KEY (`CHHI_PESS_COD`) REFERENCES `PESSOA` (`PESS_COD`),
  CONSTRAINT `CHAMADO_HISTORICO_ibfk_3` FOREIGN KEY (`CHHI_DEPA_COD`) REFERENCES `DEPARTAMENTO` (`DEPA_COD`) ON DELETE CASCADE ON UPDATE CASCADE,
  CONSTRAINT `CHAMADO_HISTORICO_ibfk_4` FOREIGN KEY (`CHHI_COMI_COD`) REFERENCES `COMITE` (`COMI_COD`)
) ENGINE=InnoDB AUTO_INCREMENT=81 DEFAULT CHARSET=utf8mb4;

--
-- Dumping data for table `CHAMADO_HISTORICO`
--

INSERT INTO `CHAMADO_HISTORICO` VALUES (40,'2022-03-07 12:13:49',1,38,6,14,NULL),(41,'2022-03-07 14:43:21',1,39,6,14,NULL),(42,'2022-03-07 14:44:09',1,40,6,14,NULL),(43,'2022-03-07 17:57:47',1,41,6,14,NULL),(44,'2022-03-15 23:13:35',1,42,6,14,NULL),(45,'2022-06-01 11:17:08',1,43,56,15,NULL),(46,'2022-06-02 16:09:15',1,44,56,15,NULL),(47,'2022-06-06 19:50:56',3,44,25,15,NULL),(48,'2022-06-06 19:51:06',3,44,25,15,NULL),(49,'2022-06-06 19:51:19',3,44,25,15,NULL),(50,'2022-06-06 19:51:32',3,43,25,15,NULL),(51,'2022-06-17 17:23:06',1,45,6,14,NULL),(52,'2022-07-25 19:04:00',1,46,233,15,NULL),(53,'2022-07-30 12:22:31',1,47,6,14,NULL),(54,'2022-07-30 14:11:28',1,42,1,14,NULL),(55,'2022-08-03 14:15:23',1,48,227,15,NULL),(56,'2022-08-04 10:37:56',1,49,270,15,NULL),(57,'2022-08-29 17:46:55',1,50,294,16,NULL),(58,'2022-09-05 17:20:21',1,51,6,16,NULL),(59,'2022-10-25 20:50:54',1,52,6,15,NULL),(60,'2022-11-19 13:55:10',1,53,304,14,NULL),(61,'2022-11-20 17:59:06',1,54,286,15,NULL),(62,'2022-11-23 13:54:03',1,55,286,14,NULL),(63,'2022-11-23 16:47:00',1,56,183,15,NULL),(64,'2022-11-24 11:54:39',1,57,56,15,NULL),(65,'2022-11-28 18:28:25',1,58,286,14,NULL),(66,'2022-11-29 15:12:47',1,59,172,15,NULL),(67,'2022-11-30 12:21:32',3,59,25,15,NULL),(68,'2022-11-30 12:28:15',3,59,28,15,NULL),(69,'2022-12-03 12:47:38',1,60,286,15,NULL),(70,'2022-12-05 11:31:31',1,61,56,15,NULL),(71,'2022-12-05 12:44:13',3,61,28,15,NULL),(72,'2022-12-12 13:51:07',1,62,166,15,NULL),(73,'2022-12-13 12:43:39',1,63,56,15,NULL),(74,'2022-12-15 13:13:50',1,64,56,15,NULL),(75,'2022-12-15 16:23:29',1,65,312,15,NULL),(76,'2022-12-17 19:30:19',1,66,286,14,NULL),(77,'2022-12-20 13:57:51',1,67,172,15,NULL),(78,'2023-01-02 11:31:13',1,68,56,15,NULL),(79,'2023-01-11 18:27:45',1,69,315,15,NULL),(80,'2023-03-07 16:14:14',1,70,56,15,NULL);

--
-- Table structure for table `CHAMADO_MENSAGEM`
--

CREATE TABLE `CHAMADO_MENSAGEM` (
  `CHME_COD` int(11) NOT NULL AUTO_INCREMENT,
  `CHME_CONTEUDO` varchar(5000) DEFAULT NULL,
  `CHME_DATE` timestamp NOT NULL DEFAULT CURRENT_TIMESTAMP ON UPDATE CURRENT_TIMESTAMP,
  `CHME_CHAM_COD` int(11) DEFAULT NULL,
  `CHME_PESS_COD` bigint(20) DEFAULT NULL,
  PRIMARY KEY (`CHME_COD`),
  KEY `CHME_CHAM_COD` (`CHME_CHAM_COD`),
  KEY `CHME_PESS_COD` (`CHME_PESS_COD`),
  CONSTRAINT `CHAMADO_MENSAGEM_ibfk_1` FOREIGN KEY (`CHME_CHAM_COD`) REFERENCES `CHAMADO` (`CHAM_COD`),
  CONSTRAINT `CHAMADO_MENSAGEM_ibfk_2` FOREIGN KEY (`CHME_PESS_COD`) REFERENCES `PESSOA` (`PESS_COD`)
) ENGINE=InnoDB AUTO_INCREMENT=113 DEFAULT CHARSET=utf8mb4;

--
-- Dumping data for table `CHAMADO_MENSAGEM`
--

INSERT INTO `CHAMADO_MENSAGEM` VALUES (68,'Teste','2022-03-07 12:13:49',38,6),(69,'Teste 2','2022-03-07 12:14:35',38,6),(70,'Teste img','2022-03-07 14:42:42',38,6),(71,'Teste img','2022-03-07 14:43:21',39,6),(72,'Ddhh','2022-03-07 14:44:09',40,6),(73,'Teste prod','2022-03-07 17:57:47',41,6),(74,'Teste prod','2022-03-07 17:58:24',41,6),(75,'Ghj','2022-03-15 23:13:35',42,6),(76,'Fjgf','2022-03-15 23:13:53',42,6),(77,'Bom dia!\nHoje nem a Karla, nem a Aline, vao atender ao Levi. Ele so tera as sessoes, de Musicoterapia, \ncom o Ricardo. Poderia confirmar, por favor, e os horarios?\nObrigado.','2022-06-01 11:17:08',43,56),(78,'Prezados,\nBoa Tarde!\nLevi nao ira as terapias, hoje.\nAtt.','2022-06-02 16:09:15',44,56),(79,'Teste','2022-06-17 17:23:06',45,6),(80,'Teste 2','2022-06-17 17:25:58',45,6),(81,'Teste 3','2022-06-17 18:52:09',45,6),(82,'Teste','2022-07-25 14:24:46',40,6),(83,'Olá, desmarquei a consulta do meu filho porque ele está muito doente. ','2022-07-25 19:04:00',46,233),(84,'Respondendo ao teste!','2022-07-29 13:26:06',38,6),(85,'Teste 1','2022-07-30 12:22:31',47,6),(86,'Meu filho teria denver hoje 3/8/22 em casa, no entanto, foi cancelado pela profissional leila.\n\nTeria como repor amanhã pela manhã?','2022-08-03 14:15:23',48,227),(87,'Bom dia.\nHavia uma expectativa de atendimento extra hj, com Laise e Maiane, mas não consta nos horários. \nPoderiam confirmar, por gentileza?','2022-08-04 10:37:56',49,270),(88,'Preciso de atendimento com Luiza ( Fono ) do meu filho .','2022-08-29 17:46:55',50,294),(89,'Teste','2022-09-05 17:19:33',38,6),(90,'Teste','2022-09-05 17:20:21',51,6),(91,'tesrerte\n','2022-10-25 20:50:54',52,6),(92,'Bom dia. \n\nEm conversa com os funcionários da webpark, perguntei sobre descontos com a Clínica, informaram que infelizmente não tem. Disseram que só depende da clínica entrar em contato para formalizar em descontos.\n\nAtt. ','2022-11-19 13:55:10',53,304),(93,'Boa tarde. Solicito com muita urgência de um relatório de avaliação de fono, psi e psicopedagógico de Karolina. Vou para consulta com a neuro para avaliar as reais necessidades de Karolina, e desejaria de um relatório do que se tem observado até aqui. Seguirei as recomendações da neuro, quanto a quais terapias se darão continuidade.','2022-11-20 17:59:06',54,286),(94,'<p>Bom dia Felipe. Tudo bem?<br />Irei encaminhar sua solicita&ccedil;&atilde;o aos terapeutas.&nbsp;</p>','2022-11-22 13:49:00',54,28),(95,'Bom dia. Formalizo q não continuaremos a fono com Samantha (pode desativar os horários com ela). Vamos procurar outra fono. Vamos retornar a neuro p reavaliar Karol como um todo. Tenho sentido falta DE TODAS AS profissionais irem pontuando as necessidades ao longo do caminho (REALINHARMOS A ROTA NO PERCURSO, PROPOR MAIS DIALOGO COM A ESCOLA E COM A FAMILIA . NAO APENAS AO FINAL DE SEMESTRE ','2022-11-23 13:54:03',55,286),(96,'Boa tarde, gostaria de finalizar os atendimentos na clinica. Não será possível dar continuidade.\nPaciente Tiago Filho Gaia Duarte Doria\n\n','2022-11-23 16:47:00',56,183),(97,'Bom dia!\nO Levi não irá as Terapias, hoje, devido a virose, que, ainda, está acometido.\nObrigado.','2022-11-24 11:54:39',57,56),(98,'Boa tarde. Karolina permanecerá apenas com o horário de psicologia às quartas. Formalizo que não queremos mais o horário de psicopedagogia com Patrícia. Passou 1 semestre inteiro, e não houve trabalho interdisciplinar c/ a escola e família. Quando cobrei planejamento terapêutico e relatório, foi me passado q apenas ao final do semestre. Sinto falta em todas as profissionais do planejamento terapêutico, das metas, das técnicas. E principalmente ao longo dos meses terem encontro a cada 3 meses com a escola e família p/ reavaliar os ganhos e planejamento terapêutico. Estou no aguardo tb do planejamento da psicóloga. Voltarei a neuro 08/02 p/ redirecionar todo tratamento de karolina. Não me adaptei ao stilo de Samantha e Patrícia. Rosane excelente, mas faltando o planejamento terapêutico, o porque Karol está em terapia, o que foi alcançado e o q falta. Atenciosamente, Filipe, pai de Karolina Moitinho Carvalho ','2022-11-28 18:28:25',58,286),(99,'Boa tarde, Pedro não irá amanhã, está com covid.\n','2022-11-29 15:12:47',59,172),(100,'<p>Bom dia Gustavo. Tudo bem?<br />Melhoras pra Pedro.&nbsp;</p>','2022-11-30 12:16:51',59,28),(101,'Bom dia. Já informei via aplicativo p/ adm que Karol não mais quer os horários com Patrícia. O porque de ainda constar horário aberto? O porque do Ivan perguntar se Karol vai p/ consulta? Se continuar aparecendo consulta de Patrícia, aproveito e formalizo a saída tb do horário de psicologia (q nunca me passou planejamento terapêutico). Patrícia nunca fez trabalho interdisciplinar com a família e escola e não atendeu minhas solicitações de planejamento terapêutico. Atenciosamente, Camilla e Filipe (pais de Karolina)','2022-12-03 12:47:38',60,286),(102,'Bom dia!\nSo para avisar, que o Levi ira as sessoes, ate antes do recesso. Nao ira viajar mais.','2022-12-05 11:31:31',61,56),(103,'<p>Bom dia Marcelo<br />Os terapeutas j&aacute; foram informados. Obrigado.&nbsp;</p>','2022-12-05 12:44:02',61,28),(104,'Gentileza avisar aos terapeutas de Saul que fiz cirurgia bariatrica na sexta e estou de recuperacao. E Saul está doente tomando antibiotico.','2022-12-12 13:51:07',62,166),(105,'Levi nao comparecera as sessoes, de hoje, 13/12/2022, pois esta doente.\nObrigado','2022-12-13 12:43:39',63,56),(106,'Prezados,\nBom dia!\nLevi nao ira as terapias, hoje, pois, ainda, esta doente.\nAtt.','2022-12-15 13:13:50',64,56),(107,'Bom dia!\nVocês podem verificar se é possível acrescentar mais um horário de TO e um de Psicologia para Pedro?De acordo com a devolutiva o ideal seria ele fazer 2 horários de TO, 2 de Fono e\n2 de psicologia.A partir de 01/02 ele vai entrar na escola no período matutino.Então\nGostaria de\nVerificar os horários disponíveis a tarde\nDe preferência a partir das 15h30.Se \nfor\nPossível concentrar\nOs horários em 3 tardes, sendo 2 horários em cada tarde, melhor.','2022-12-15 16:23:29',65,312),(108,'Boa tarde. Solicito a desativação do horário de Psicologia de Karolina, com a Psicóloga Rosane. Janeiro estaremos viajando e tb aguardaremos a avaliação da Neuro p/ sabermos quais terapias e quais indicações de profissionais ela fará. Gostamos de Rosane, até avaliaremos a possibilidade de nossa filha Maria Eduarda ser atendida por ela. Mas, Rosane nunca nos passou o planejamento terapêutico, demandas e métodos interventivos (já pedi 2 ou 3 vezes), além de demandas (observadas pela família) que poderiam ser trabalhadas junto à família. Mas foi positivo o encontro dela com a escola. Grato, Filipe Moitinho (pai de karol)','2022-12-17 19:30:19',66,286),(109,'Bom dia, passando pra informar que, Pedro não irá amanhã, dia 21/12.\nTambém entrará de férias de todas as terapias esse fim de ano e o mês de janeiro.','2022-12-20 13:57:51',67,172),(110,'Bom dia!\nFeliz Ano!\nPor favor, o relatorio do Denver, do Levi, já está pronto?\nAtt.','2023-01-02 11:31:13',68,56),(111,'Boa tarde. \nParticipo que na data de ontem (10/01/2023) informei pelo WhatsApp que Théo ainda se encontra fora de Salvador junto aos avós. Por este motivo não irá à consulta nesta quinta-feira (12/01/2023). \n\n','2023-01-11 18:27:45',69,315),(112,'Por favor, Levi nao ira as terapias, hoje. Eu estou muito gripado e não terei, como levá-lo. Pode avisar aos Profissionais, por favor','2023-03-07 16:14:14',70,56);

--
-- Table structure for table `CHECKLIST_HISTORICO`
--

CREATE TABLE `CHECKLIST_HISTORICO` (
  `CKHI_COD` int(11) NOT NULL AUTO_INCREMENT,
  `CKHI_DATA` datetime NOT NULL,
  `CKHI_DATA_EXPIRA` datetime DEFAULT NULL,
  `CKHI_CONFORMIDADE` tinyint(1) DEFAULT NULL,
  `CKHI_DESCRICAO` varchar(255) NOT NULL,
  `CKHI_ETAPA_COD` int(11) NOT NULL,
  `CKHI_ETAPA_CHECKLIST_COD` int(11) NOT NULL,
  `CKHI_PESSOA` bigint(20) NOT NULL,
  `CKHI_EMPRESA` int(11) NOT NULL,
  PRIMARY KEY (`CKHI_COD`,`CKHI_ETAPA_COD`,`CKHI_ETAPA_CHECKLIST_COD`,`CKHI_PESSOA`,`CKHI_EMPRESA`),
  KEY `fk_CHECKLIST_HISTORICO_ETAPA_CHECKLIST1_idx` (`CKHI_ETAPA_CHECKLIST_COD`,`CKHI_EMPRESA`),
  KEY `fk_check_his_empr_idx` (`CKHI_EMPRESA`),
  KEY `fk_check_his_etapa_idx` (`CKHI_ETAPA_COD`),
  KEY `fk_check_his_pess_idx` (`CKHI_PESSOA`),
  CONSTRAINT `fk_check_his_empr` FOREIGN KEY (`CKHI_EMPRESA`) REFERENCES `EMPRESA` (`EMPR_COD`) ON DELETE CASCADE ON UPDATE CASCADE,
  CONSTRAINT `fk_check_his_etap` FOREIGN KEY (`CKHI_ETAPA_CHECKLIST_COD`) REFERENCES `ETAPA_CHECKLIST` (`ETCH_COD`) ON DELETE CASCADE ON UPDATE CASCADE,
  CONSTRAINT `fk_check_his_etapa` FOREIGN KEY (`CKHI_ETAPA_COD`) REFERENCES `ETAPA` (`ETAP_COD`) ON DELETE CASCADE ON UPDATE CASCADE,
  CONSTRAINT `fk_check_his_pess` FOREIGN KEY (`CKHI_PESSOA`) REFERENCES `PESSOA` (`PESS_COD`) ON DELETE CASCADE ON UPDATE CASCADE
) ENGINE=InnoDB DEFAULT CHARSET=utf8mb4;

--
-- Dumping data for table `CHECKLIST_HISTORICO`
--


--
-- Table structure for table `COMITE`
--

CREATE TABLE `COMITE` (
  `COMI_COD` int(11) NOT NULL AUTO_INCREMENT,
  `COMI_EMPR_COD` int(11) NOT NULL,
  `COMI_PESS_COD` bigint(20) NOT NULL,
  `COMI_DESC` varchar(100) DEFAULT NULL,
  `COMI_NOME` varchar(50) DEFAULT NULL,
  PRIMARY KEY (`COMI_COD`),
  KEY `COMI_EMPR_COD` (`COMI_EMPR_COD`),
  KEY `COMI_PESS_COD` (`COMI_PESS_COD`),
  CONSTRAINT `COMITE_ibfk_1` FOREIGN KEY (`COMI_EMPR_COD`) REFERENCES `EMPRESA` (`EMPR_COD`),
  CONSTRAINT `COMITE_ibfk_2` FOREIGN KEY (`COMI_PESS_COD`) REFERENCES `PESSOA` (`PESS_COD`)
) ENGINE=InnoDB AUTO_INCREMENT=2 DEFAULT CHARSET=utf8mb4;

--
-- Dumping data for table `COMITE`
--

INSERT INTO `COMITE` VALUES (1,1,5,'','COMITÊ NÚCLEO INCENTIVAR ');

--
-- Table structure for table `COMITE_PARTICIPANTE`
--

CREATE TABLE `COMITE_PARTICIPANTE` (
  `COPA_COD` int(11) NOT NULL AUTO_INCREMENT,
  `COPA_COMI_COD` int(11) NOT NULL,
  `COPA_PESS_COD` bigint(20) NOT NULL,
  PRIMARY KEY (`COPA_COD`),
  KEY `COPA_COMI_COD` (`COPA_COMI_COD`),
  KEY `COPA_PESS_COD` (`COPA_PESS_COD`),
  CONSTRAINT `COMITE_PARTICIPANTE_ibfk_1` FOREIGN KEY (`COPA_COMI_COD`) REFERENCES `COMITE` (`COMI_COD`),
  CONSTRAINT `COMITE_PARTICIPANTE_ibfk_2` FOREIGN KEY (`COPA_PESS_COD`) REFERENCES `PESSOA` (`PESS_COD`)
) ENGINE=InnoDB DEFAULT CHARSET=utf8mb4;

--
-- Dumping data for table `COMITE_PARTICIPANTE`
--


--
-- Table structure for table `CONFIG_EMAIL`
--

CREATE TABLE `CONFIG_EMAIL` (
  `COEM_COD` int(11) NOT NULL AUTO_INCREMENT,
  `COEM_EMPRESA` int(11) NOT NULL,
  `COEM_FROM` varchar(255) DEFAULT NULL,
  `COEM_SMTP_SERVER` varchar(255) CHARACTER SET utf8 DEFAULT NULL,
  `COEM_SMTP_USER` varchar(255) CHARACTER SET latin1 DEFAULT NULL,
  `COEM_SMTP_PASS` varchar(1000) DEFAULT NULL,
  `COEM_PORT` int(11) DEFAULT NULL,
  `COEM_COPIES` varchar(255) CHARACTER SET latin1 DEFAULT NULL,
  `COEM_TP_COPIES` varchar(255) CHARACTER SET latin1 DEFAULT NULL,
  `COEM_TP_CONNECTION` char(1) CHARACTER SET latin1 DEFAULT NULL,
  PRIMARY KEY (`COEM_COD`),
  KEY `fk_empresa_idx` (`COEM_EMPRESA`),
  CONSTRAINT `fk_empresa` FOREIGN KEY (`COEM_EMPRESA`) REFERENCES `EMPRESA` (`EMPR_COD`) ON DELETE CASCADE ON UPDATE CASCADE
) ENGINE=InnoDB AUTO_INCREMENT=13 DEFAULT CHARSET=utf8mb4;

--
-- Dumping data for table `CONFIG_EMAIL`
--

INSERT INTO `CONFIG_EMAIL` VALUES (11,1,'naoresponda@sgnlgpd.com.br','smtp.gmail.com','naoresponda@sgnlgpd.com.br','HkNwZ9JsDSBeHuJsDErwZSFKHEF/VoXG',465,'','CCC','S'),(12,2,NULL,NULL,NULL,NULL,NULL,NULL,NULL,NULL);

--
-- Table structure for table `CONSENTIMENTO_PARAMETROS`
--

CREATE TABLE `CONSENTIMENTO_PARAMETROS` (
  `COPA_COD` bigint(20) NOT NULL AUTO_INCREMENT,
  `COPA_PRCO_COD` bigint(20) DEFAULT NULL,
  `COPA_NOME` varchar(100) CHARACTER SET latin1 DEFAULT NULL,
  `COPA_CONTEUDO` text CHARACTER SET latin1,
  PRIMARY KEY (`COPA_COD`),
  KEY `COPA_PRCO_COD` (`COPA_PRCO_COD`),
  CONSTRAINT `CONSENTIMENTO_PARAMETROS_ibfk_1` FOREIGN KEY (`COPA_PRCO_COD`) REFERENCES `PROTOCOLO_CONSENTIMENTO` (`PRCO_COD`)
) ENGINE=InnoDB DEFAULT CHARSET=utf8mb4;

--
-- Dumping data for table `CONSENTIMENTO_PARAMETROS`
--


--
-- Table structure for table `CONS_TESTE`
--

CREATE TABLE `CONS_TESTE` (
  `COD` int(11) NOT NULL AUTO_INCREMENT,
  `CONT` text,
  `EMPR_COD` int(11) DEFAULT NULL,
  `TIPO` char(1) DEFAULT NULL,
  `CATE_TERMO` varchar(4) DEFAULT NULL,
  PRIMARY KEY (`COD`),
  KEY `EMPR_COD` (`EMPR_COD`),
  CONSTRAINT `CONS_TESTE_ibfk_1` FOREIGN KEY (`EMPR_COD`) REFERENCES `EMPRESA` (`EMPR_COD`)
) ENGINE=InnoDB DEFAULT CHARSET=latin1;

--
-- Dumping data for table `CONS_TESTE`
--


--
-- Table structure for table `DEPARTAMENTO`
--

CREATE TABLE `DEPARTAMENTO` (
  `DEPA_COD` int(11) NOT NULL AUTO_INCREMENT,
  `DEPA_EMPR_COD` int(11) NOT NULL,
  `DEPA_PESS_COD` bigint(20) DEFAULT NULL,
  `DEPA_DESC` varchar(50) NOT NULL,
  `DEPA_COMI_COD` int(11) DEFAULT NULL,
  PRIMARY KEY (`DEPA_COD`),
  KEY `DEPA_EMPR_COD` (`DEPA_EMPR_COD`),
  KEY `DEPA_PESS_COD` (`DEPA_PESS_COD`),
  KEY `DEPA_COMI_COD` (`DEPA_COMI_COD`),
  CONSTRAINT `DEPARTAMENTO_ibfk_1` FOREIGN KEY (`DEPA_EMPR_COD`) REFERENCES `EMPRESA` (`EMPR_COD`),
  CONSTRAINT `DEPARTAMENTO_ibfk_2` FOREIGN KEY (`DEPA_PESS_COD`) REFERENCES `PESSOA` (`PESS_COD`),
  CONSTRAINT `DEPARTAMENTO_ibfk_3` FOREIGN KEY (`DEPA_COMI_COD`) REFERENCES `COMITE` (`COMI_COD`)
) ENGINE=InnoDB AUTO_INCREMENT=17 DEFAULT CHARSET=utf8mb4;

--
-- Dumping data for table `DEPARTAMENTO`
--

INSERT INTO `DEPARTAMENTO` VALUES (14,1,1,'ADMINISTRACAO',NULL),(15,1,1,'ATENDIMENTO ',NULL),(16,1,1,'SÓCIAS ',NULL);

--
-- Table structure for table `DEPENDENTE`
--

CREATE TABLE `DEPENDENTE` (
  `DEPE_COD` int(11) NOT NULL AUTO_INCREMENT,
  `DEPE_NOME` varchar(100) NOT NULL,
  `DEPE_TIPO` varchar(100) DEFAULT NULL,
  `DEPE_DATA_NASCIMENTO` date DEFAULT NULL,
  `DEPE_SEXO` tinyint(1) DEFAULT NULL,
  `DEPE_CPF` char(15) NOT NULL,
  `DEPE_NACIONALIDADE` varchar(50) DEFAULT NULL,
  `DEPE_CERTIDAO` varchar(50) DEFAULT NULL,
  `DEPE_NOME_MAE` varchar(100) DEFAULT NULL,
  `DEPE_PESS_COD` bigint(20) DEFAULT NULL,
  `DEPE_EMPR_COD` int(11) DEFAULT NULL,
  `DEPE_CPF_MAE` varchar(15) DEFAULT NULL,
  `DEPE_RG_MAE` varchar(10) DEFAULT NULL,
  `DEPE_NOME_PAI` varchar(100) DEFAULT NULL,
  `DEPE_CPF_PAI` varchar(15) DEFAULT NULL,
  `DEPE_RG_PAI` varchar(10) DEFAULT NULL,
  `DEPE_NOME_ESCOLA` varchar(100) DEFAULT NULL,
  `DEPE_IDADE` int(11) DEFAULT NULL,
  `DEPE_IS_IRMAO` char(1) DEFAULT NULL,
  PRIMARY KEY (`DEPE_COD`),
  KEY `DEPE_PESS_COD` (`DEPE_PESS_COD`),
  KEY `DEPE_EMPR_COD` (`DEPE_EMPR_COD`),
  CONSTRAINT `DEPENDENTE_ibfk_1` FOREIGN KEY (`DEPE_PESS_COD`) REFERENCES `PESSOA` (`PESS_COD`),
  CONSTRAINT `DEPENDENTE_ibfk_2` FOREIGN KEY (`DEPE_EMPR_COD`) REFERENCES `EMPRESA` (`EMPR_COD`)
) ENGINE=InnoDB AUTO_INCREMENT=103 DEFAULT CHARSET=utf8mb4;

--
-- Dumping data for table `DEPENDENTE`
--

INSERT INTO `DEPENDENTE` VALUES (6,'Rafael Amorim de Morais ','Filhos','2019-01-16',1,'10978721578','Brasileiro ','','Priscila Amorim Suarez ',55,1,'82532460563','907107621','Renato de Morais e Silva ','01721274596','0872345211','Anchieta (Aquarius)',3,'0'),(7,'Filho Matheus','Companheiro',NULL,1,'32698796014','','','',65,1,'','','','','','',0,'0'),(11,'FRANCISCO FARIA COSTA','Filhos','2016-07-14',1,'08983654570','BRASILEIRO','143362015520160066330250189622572','BRUNA MARTINS FARIA',81,1,'28246351850','329925799','SANDOVAL SANTOS COSTA ','','','ESCOLA PIRLILIM',5,'1'),(12,'Filho do teste agora','Filhos',NULL,1,'98720166079','Brasileiro','','',88,1,'','','','','','',0,'0'),(13,'Benjamin Lira de Andrade','Filhos','2014-08-18',1,'08065998550','Brasileiro','','',90,1,'','','','','','',7,'0'),(14,'João Pedro Santana Bernardes Fiuza','Filhos','2019-05-21',1,'11312324538','brasil','14334701552019100017234000503431','Mayana',91,1,'00682108502','0827212976','','','','Girassol',2,'1'),(15,'RAFAEL ESTRELA LANDIM','Filhos','2019-09-01',1,'11484653599','','','',46,1,'','','','','','',0,'0'),(16,'JOÃO SOUSA AMORIM NETO','Companheiro',NULL,1,'86716088598','','','',71,1,'','','','','','',0,'0'),(17,'THALLES ROCHA SANTOS','Companheiro',NULL,1,'09744733594','','','',93,1,'','','','','','',0,'0'),(18,'THOMAS FERREIRA RIBEIRO','Companheiro',NULL,1,'10480672547','','','',84,1,'','','','','','',0,'0'),(19,'ULISSES LEONE FRANÇA','Companheiro',NULL,1,'10756731518','','','',74,1,'','','','','','',0,'0'),(20,'VINICIUS COHEN RODRIGUES MOURA','Companheiro','2011-10-29',1,'07098918571','','','',59,1,'','','','','','',0,'0'),(21,'MARIA ALICE CHULU DUARTE','Filhos','2016-06-21',0,'08765931556','','','',92,1,'','','','','','',0,'0'),(22,'VICTOR DOS SANTOS PEREIRA PIEDADE','Companheiro',NULL,1,'03353542540','','','',96,1,'','','','','','',0,'0'),(23,'VALENTINA GARCIA NASCIMENTO','Companheiro',NULL,0,'10132312522','','','',94,1,'','','','','','',0,'0'),(24,'MARIA FLOR GARCIA NASCIMENTO','Companheiro',NULL,0,'10132412586','','','',94,1,'','','','','','',0,'0'),(25,'RICARDO VIDAL LONGHI','Companheiro',NULL,1,'09178453585','','','',95,1,'','','','','','',0,'0'),(26,'VICENTE AUGUSTO DOMINGUES DA FONSECA','Companheiro',NULL,1,'10269366598','','','',97,1,'','','','','','',0,'0'),(27,'LAURA ANDRADE GOBIRA TAYROVITCH','Filhos','2018-02-25',0,'10193607557','','','',50,1,'','','','','','',0,'0'),(28,'JOÃO SAMPAIO DE QUEIROZ','Filhos','2014-03-11',1,'07812381536','','','',51,1,'','','','','','',0,'0'),(29,'CECÍLIA FRANCO DE ABREU SILVA','Filhos','2021-09-01',0,'02489688588','','','',53,1,'','','','','','',0,'0'),(30,'LEVI EMMANUEL DARZE CARLIN','Filhos','2017-12-02',1,'09933029550','','','',56,1,'','','','','','',0,'0'),(31,'JOÃO PEDRO MAIA SOARES','Filhos','2018-10-24',1,'10755515528','Brasileiro','','Tyciana',63,1,'972.695.735-49','','','','','',3,'0'),(32,'JOÃO GABRIEL ROCHA LERNER','Companheiro','2018-11-10',1,'10808769529','','','',72,1,'','','','','','',0,'0'),(33,'YASMIN SAATOVA ROCHA','Companheiro',NULL,0,'12855071933','','','',98,1,'','','','','','',0,'0'),(34,'LEANDRO COSTA DIAS DOURADO','Companheiro','2016-05-01',1,'08882607500','','','',62,1,'','','','','','',0,'0'),(35,'AMANDA ROCHA NEIVA','Filhos','2019-01-30',0,'11027403573','BRASILEIRA','','TEREZA MELLO ROCHA NEIVA',75,1,'824.453.115-00 ','','JOÃO PAULO NEIVA E NEIVA','','','',3,'0'),(36,'BERNARDO DE ABREU MATOS','Filhos','2015-06-28',1,'10181290570','','','',58,1,'','','','','','',0,'0'),(37,'LIS MASCARENHAS ROMERO','Companheiro','2012-01-25',0,'07426951588','','','',52,1,'','','','','','',0,'0'),(38,'LUCCA NOVAIS CRUZ LIMA COSTA','Companheiro','2009-09-03',1,'86675870521','','','',83,1,'','','','','','',12,'0'),(39,'LUIZ OTÁVIO OLIVEIRA PEREIRA','Filhos','2014-10-27',1,'08150986502','','','',73,1,'','','','','','',7,'0'),(40,'MARIA EDUARDA SAMPAIO SILVA','Companheiro','2009-03-13',0,'06121286520','','','',64,1,'','','','','','',13,'0'),(41,'MIGUEL MENEZES TUNES GERBASE','Companheiro',NULL,1,'09525787516','','','',100,1,'','','','','','',0,'0'),(42,'RAFAEL DE ANDRADE COUTO','Filhos','2009-05-16',1,'08892304550','','','',109,1,'','','','','','',0,'0'),(43,'THEO LEITE LEAL','Filhos',NULL,1,'09679846539','','','',112,1,'','','','','','',0,'0'),(44,'DAVI SOARES LIMA TELLES','Filhos','2018-07-04',1,'10509556507','','','',111,1,'','','','','','',0,'0'),(45,'GIOVANNI MAUTONE GASINEO','Filhos','2010-02-05',1,'06663959506','','','',54,1,'','','','','','',0,'0'),(46,'DANIEL MOTTA BARBOSA','Irmãos','2016-10-22',1,'09145890595','','','',60,1,'','','','','','',0,'0'),(47,'BENTO LIMA LEITE','Filhos','2018-09-12',1,'10676474578','','','',61,1,'','','','','','',0,'0'),(48,'PEDRO HENRIQUE BARREIRO PEREIRA ANDRADE','Filhos','2012-04-24',1,'07824680550','','','',89,1,'','','','','','',0,'0'),(49,'HENRIQUE DE ARAUJO SAMPAIO','Filhos','2018-05-09',0,'10403070511','','','',85,1,'','','','','','',0,'0'),(50,'PEDRO BULHOSA SÃO MATEUS','Filhos','2018-02-05',1,'10150247508','','','',82,1,'','','','','','',0,'0'),(51,'LUCAS LIMA BORGES FREITAS','Filhos','2011-02-15',1,'08972825581','','','',78,1,'','','','','','',0,'0'),(52,'Eduardo Silva Lemos Filho','Filhos','2020-03-02',1,'11877706558','','','',114,1,'','','','','','',0,'1'),(53,'EDUARDO QUINTELA PESSOA AGUIAR','Filhos','2019-06-20',1,'11363537555','Brasileiro','','Larissa',116,1,'00928804526','0908982739','Robson Luck','','','',2,'1'),(54,'EDUARDO QUINTELA PESSOA AGUIAR','Companheiro','2019-06-20',1,'11363537555','','','LARISSA QUINTELA',117,1,'','','','','','',0,'0'),(55,'Felipe de Oliveira Gama Fortaleza.','Filhos','2006-08-21',1,'04489537573','Brasileira','','Lilian de Oliveira Gama Fortaleza.',120,1,'01391412516','0912563052','Enoque Antônio Fortaleza Filho.','99091500506','','',38,'0'),(56,'NICOLLAS SOUZA DE OLIVEIRA CELESTINO','Filhos','2018-01-15',1,'10085957569','','','',123,1,'','','','','','',0,'0'),(57,'MATHEUS XAVIER DE ARAUJO','Filhos','2017-10-11',1,'09811254508','','','GEISA HELENA XAVIER DE ARAUJO',49,1,'','','MAGNO COSME DE ARAUJO','','','',0,'0'),(58,'GABRIEL CARVALHO ROMAN','Filhos','2020-04-13',1,'11947206508','','','',136,1,'','','','','','',0,'0'),(59,'JOÃO GUILHERME SOUSA SANTOS','Filhos','2017-07-16',1,'11202239544','','','JUÇARA REIS SOUSA',132,1,'','','ANTÔNIO CARLOS','','','',0,'0'),(60,'PEDRO SILVA REIS','Filhos','2015-11-05',1,'09807466555','','','GRAZIELE SILVA REIS',151,1,'','','WELLINTON DA SILVA REIS','','','',0,'0'),(61,'RAFAEL COSTA FERRAZ','Filhos','2017-09-03',1,'09751477573','','','KILCY COSTA FERRAZ',152,1,'','','JOÃO FÁBIO MATOS FERRAZ','','','',0,'0'),(62,'OTÁVIO SANTOS GUERRA','Filhos','2016-04-22',1,'05377377230','','','',153,1,'','','','','','',0,'0'),(63,'MARINA FONSECA CUNHA','Filhos','2018-02-07',0,'10164532560','','','MARIA EUGÊNIA NICCOLI FONSECA CUNHA',158,1,'80419143572','0784521476','NEWTON RIBEIRO DA CUNHA NETO','71586377515','','',0,'0'),(64,'ANA LUIZA WIERING DE MELO TELLES','Filhos','2017-07-03',0,'09635471513','','','PRISCILLA CHRISTINA DE MELO',160,1,'','','HUGO WIERING PINTO TELLES','','','',0,'0'),(65,'ALICE ROCHA MAGALHÃES','Filhos',NULL,0,'11137242507','','','',163,1,'','','','','','',0,'0'),(66,'Sofia Oliveira Brito pinheiro','Filhos','2016-02-24',0,'08931177577','Brasileira','','Catia de Oliveira Brito ',167,1,'916.462.785-34 ','0567046150','Valmir da Conceição Pinheiro','93403658520','','Divina Soraya ',6,'0'),(67,'DAVI VALÉRIO SILVA GÓES','Filhos','2010-04-19',1,'06329358559','','','CLÁUDIA VALÉRIA T. DA SILVA GÓES',169,1,'','','CÁSSIO ABREU DE GÓES','','','',0,'0'),(68,'DANILO HENRIQUE SILVA GOES','Filhos','2005-02-25',1,'05957012564','','','CLÁUDIA VALÉRIA T. DA SILVA GÓES',169,1,'','','CÁSSIO ABREU DE GÓES','','','',0,'0'),(69,'AMORA LOUISE DE SOUZA LIMA','Filhos','2018-08-17',0,'86802592509','','','ALINE APOLÔNIO DE SOUZA LIMA',173,1,'81547161515','0743469623','FÁBIO MOREIRA LIMA','93892438587','','',0,'0'),(70,'VALENTINA SOUZA AZEVEDO','Filhos','2019-12-10',0,'11665583550','','','TAUANA DA CRUZ SOUZA AZEVEDO',176,1,'03135832503','1310161488','GEORGE CONCEIÇÃO AZEVEDO','01257079590','0909974926','',0,'0'),(71,'SOPHIA DOS SANTOS BARROS','Companheiro',NULL,0,'08962401509','','','',178,1,'','','','','','',0,'0'),(72,'DAVI SOUZA SALES','Filhos','2013-06-05',1,'08887043566','','','',122,1,'','','','','','',0,'0'),(73,'THIAGO FILHO GAIA DUARTE DORIA','Filhos','2019-09-25',1,'11526613530','','','',183,1,'','','','','','',0,'0'),(74,'ANA LAURA GAIA DUARTE DORIA','Filhos','2018-03-12',0,'54563027804','','','',183,1,'','','','','','',0,'0'),(75,'VITOR WIERING DE MELO TELLES','Filhos','2015-12-21',1,'11066927561','','','PRISCILLA CHRISTINA DE MELO',160,1,'','','HUGO WIERING PINTO TELLES','','','',0,'0'),(76,'MATEUS COELHO ANSELMO','Companheiro','2012-03-23',0,'07017572564','','','',195,1,'','','','','','',0,'0'),(77,'DIEGO BRANDÃO RAMALHO COSTA','Filhos','2010-07-27',1,'06532177571','','','IZADORA MARIA BRANDÃO ',197,1,'','','JULIO CESAR COSTA ','','','',0,'1'),(78,'Fernanda Parish','Companheiro','2016-07-14',0,'08990092558','','','',213,1,'','','','','','',0,'0'),(79,'LUCAS COELHO ANSELMO','Companheiro','2012-03-23',1,'07017544510','','','',195,1,'','','','','','',0,'1'),(82,'MURILLO MOTA DIAS','Filhos','2017-12-04',1,'09931390514','BRASILEIRA','','ANDRESSA MIRELLA OLIVEIRA MOTA',233,1,'03251843567','','JUTAY BRUNO DIAS DOS SANTOS','02145638555','','CMEI - OLGA BENÁRIO',4,'0'),(83,'ANA LUIZA DE ARAUJO BISPO','Filhos','2013-04-17',0,'07528534579','','','JULIANA OLIVEIRA DE ARAÚJO',235,1,'','','ANDRÉ LUIZ GUERREIRO BISPO','','','',0,'0'),(84,'ARTHUR MENDES BRITO','Outros','2018-05-20',1,'10425334589','','','ANA CLAUDIA MENDES DE JESUS',238,1,'','','ALEX ROLIM MIRANDA BRITO','','','',0,'0'),(85,'ARTHUR BRYAN DAMACENO DA SILVA','Filhos',NULL,1,'09940117507','','','HELEN DANIELE DAMASCENO DA SILVA',240,1,'','','THIAGO DAMASCENO PARAGUAÇU','','','',0,'0'),(86,'ARTHUR BARRETO GONZAGA','Filhos',NULL,1,'11156337593','','','PAULINE DA SILVA BARRETO GONZAGA',242,1,'93147511553','','CRISTIANO NASCIMENTO GONZAGA','','095023410','',0,'0'),(87,'PEDRO LOURENÇO GUALBERTO SILVA','Filhos','2019-03-08',1,'11136169547','','','THAIS GUALBERTO DE ALMEIDA SILVA',244,1,'94610959534','0748271546','RAMON LOURENÇO ARAUJO DA SILVA','78342058549','0690425945','',0,'0'),(88,'ISAAC LOURENÇO GUALBERTO SILVA','Filhos','2019-03-08',1,'11136167501','','','',244,1,'','','','','','',0,'0'),(89,'JOÃO PEDRO FIUZA SOARES','Filhos','2013-06-16',1,'09715036562','','','ADILA DA SILVA FIUZA SOARES',45,1,'','','MARCO ANTONIO CERQUEIRA SOARES','','','',0,'0'),(90,'GABRIEL FIUZA SOARES','Filhos',NULL,0,'09084605543','','','ÁDILA DA SILVA FIUZA SOARES',45,1,'','','MARCO ANTONIO CERQUEIRA SOARES','','','',0,'0'),(91,'ERIC BASTOS CAJAHYBA','Filhos','2017-07-11',1,'09647879547','','','MARIA APARECIDA BASTOS DOS SANTOS',249,1,'00737124504','','ALBINO GABRIEL CAJAHYBA ROCHA','61490792520','','',0,'0'),(92,'PAULO JOSÉ SANTOS DE MOURA','Filhos','2017-12-20',1,'10005912555','','','JERUSA SANTOS PINTO DE MOURA',146,1,'00960763562','1012939251','RAFAEL ALVES DE MOURA','02049903510','1270636502','',0,'0'),(93,'Teste agora 1','Companheiro',NULL,1,'20847738060','','','',266,1,'','','','','','',0,'0'),(94,'Teste agora 2','Companheiro',NULL,1,'14476823009','','','',266,1,'','','','','','',0,'0'),(95,'FELIPE DIAS FELIX MARTINS COUTINHO','Companheiro','2018-03-27',1,'10285664506','','','',270,1,'','','','','','',0,'1'),(96,'Heloísa ','Filhos','2017-10-13',0,'09818701550','Brasileira','','',272,1,'','','','','','',4,'1'),(97,'DAVI FONTES DA HORA OLIVEIRA','Filhos','2018-09-05',1,'10659774500','','','INAYARA FONTES DA HORA',282,1,'00379073528','0961485353','CILAS DOS REIS OLIVEIRA','84261080591','','',0,'0'),(98,'Maxwell Rosario da fonseca','Filhos','2019-01-19',1,'11000779521','Brasileira ','','Márcia Rosário da fonseca',306,1,'03128495599','1210635771','','','','Creche Arlete Magalhães ',0,'0'),(99,'Gabriel José Dantas de andrade ','Filhos','2019-12-11',1,'11678876542','Brasileiro ','','Jessica caroline Dantas silva ',308,1,'05655635569','1375524240','Jorge José de andrade neto ','01031485589','0882473255','',2,'0'),(100,'Felipe Santos Brito','Filhos','2018-08-24',1,'10636918505','Brasileira ','','',317,1,'','','','','','Chave do Tamanho ',4,'1'),(101,'SARA VITORIA DAMASCENO FERREIRA DA SILVA','Filhos','2014-04-26',0,'11260805514','','','',321,1,'','','','','','',0,'1'),(102,'PIETRO SÁ SOLEDADE MAGALHÃES','Filhos','2021-11-21',1,'12667051556','BRASILEIRO','','',327,1,'','','','','','',1,'0');

--
-- Table structure for table `EMPRESA`
--

CREATE TABLE `EMPRESA` (
  `EMPR_COD` int(11) NOT NULL AUTO_INCREMENT,
  `EMPR_MATRIZ` int(11) DEFAULT NULL,
  `EMPR_PESS_COD` bigint(20) DEFAULT NULL,
  `EMPR_RAZAO_SOCIAL` varchar(100) CHARACTER SET latin1 NOT NULL,
  `EMPR_NOME_FANTASIA` varchar(100) CHARACTER SET latin1 NOT NULL,
  `EMPR_IDENTIFICADOR` varchar(14) CHARACTER SET latin1 NOT NULL,
  `EMPR_DATA_CADASTRO` datetime NOT NULL,
  `EMPR_EMAIL` varchar(100) CHARACTER SET latin1 NOT NULL,
  `EMPR_TELEFONE` varchar(100) CHARACTER SET latin1 DEFAULT NULL,
  `EMPR_STATUS` char(1) CHARACTER SET latin1 NOT NULL,
  `EMPR_BASE` varchar(255) CHARACTER SET latin1 DEFAULT NULL,
  `EMPR_SEGURANCA` varchar(5000) DEFAULT NULL,
  `EMPR_NOME_DIRETORIO` varchar(200) DEFAULT NULL,
  PRIMARY KEY (`EMPR_COD`),
  KEY `EMPR_MATRIZ` (`EMPR_MATRIZ`),
  KEY `EMPR_PESS_COD` (`EMPR_PESS_COD`),
  CONSTRAINT `EMPRESA_ibfk_1` FOREIGN KEY (`EMPR_MATRIZ`) REFERENCES `EMPRESA` (`EMPR_COD`),
  CONSTRAINT `EMPRESA_ibfk_2` FOREIGN KEY (`EMPR_PESS_COD`) REFERENCES `PESSOA` (`PESS_COD`)
) ENGINE=InnoDB AUTO_INCREMENT=3 DEFAULT CHARSET=utf8mb4;

--
-- Dumping data for table `EMPRESA`
--

INSERT INTO `EMPRESA` VALUES (1,NULL,NULL,'INCENTIVAR NUCLEO DE DESENVOLVIMENTO INFANTIL LTDA','Núcleo Incentivar','33101803000191','2021-10-08 00:00:00','sac@sgnsistemas.com.br',NULL,'A','sgnsistemas.ddns.net:65531/sgn_lgpd_nucleo',NULL,'NUCLEO'),(2,1,5,'INCENTIVAR PSICOLOGIA, PEDAGOGIA E PSICOPEDAGOGIA ','NÚCLEO INCENTIVAR ','32985714000192','2022-02-01 00:00:00','','','A','sgnsistemas.ddns.net:65531/sgn_lgpd_nucleo',NULL,NULL);

--
-- Table structure for table `EMPRESA_PARAMETRO`
--

CREATE TABLE `EMPRESA_PARAMETRO` (
  `EMPA_COD` int(11) NOT NULL AUTO_INCREMENT,
  `EMPA_EMPR_COD` int(11) NOT NULL,
  `EMPA_INTEGRACAO_SGI` char(1) CHARACTER SET latin1 NOT NULL,
  PRIMARY KEY (`EMPA_COD`),
  KEY `EMPA_EMPR_COD` (`EMPA_EMPR_COD`),
  CONSTRAINT `EMPRESA_PARAMETRO_ibfk_1` FOREIGN KEY (`EMPA_EMPR_COD`) REFERENCES `EMPRESA` (`EMPR_COD`)
) ENGINE=InnoDB DEFAULT CHARSET=utf8mb4;

--
-- Dumping data for table `EMPRESA_PARAMETRO`
--


--
-- Table structure for table `ETAPA`
--

CREATE TABLE `ETAPA` (
  `ETAP_COD` int(11) NOT NULL AUTO_INCREMENT,
  `ETAP_DESC` varchar(255) NOT NULL,
  `ETAP_EMPRESA` int(11) NOT NULL,
  `ETAP_PESSOA` bigint(20) NOT NULL,
  `ETAP_DATE` datetime NOT NULL,
  `ETAP_DEPA` int(11) DEFAULT NULL,
  PRIMARY KEY (`ETAP_COD`,`ETAP_PESSOA`,`ETAP_EMPRESA`),
  KEY `fk_ETAPA_PESSOA_idx` (`ETAP_PESSOA`),
  KEY `fk_ETAPA_EMPRESA_idx` (`ETAP_EMPRESA`),
  KEY `fk_ETAPA_DEP_idx` (`ETAP_DEPA`),
  CONSTRAINT `fk_ETAPA_DEP` FOREIGN KEY (`ETAP_DEPA`) REFERENCES `DEPARTAMENTO` (`DEPA_COD`) ON DELETE CASCADE ON UPDATE CASCADE,
  CONSTRAINT `fk_ETAPA_EMPRESA` FOREIGN KEY (`ETAP_EMPRESA`) REFERENCES `EMPRESA` (`EMPR_COD`) ON DELETE CASCADE ON UPDATE CASCADE,
  CONSTRAINT `fk_ETAPA_PESSOA` FOREIGN KEY (`ETAP_PESSOA`) REFERENCES `PESSOA` (`PESS_COD`) ON DELETE CASCADE ON UPDATE CASCADE
) ENGINE=InnoDB AUTO_INCREMENT=2 DEFAULT CHARSET=utf8mb4;

--
-- Dumping data for table `ETAPA`
--

INSERT INTO `ETAPA` VALUES (1,'etapa de teste',1,1,'2022-01-13 11:35:00',14);

--
-- Table structure for table `ETAPA_CHECKLIST`
--

CREATE TABLE `ETAPA_CHECKLIST` (
  `ETCH_COD` int(11) NOT NULL AUTO_INCREMENT,
  `ETCH_DESCRICAO` varchar(255) NOT NULL,
  `ETAPA_ETAP_COD` int(11) NOT NULL,
  `ETCH_PESSOA` bigint(20) NOT NULL,
  `ETCH_EMPRESA` int(11) NOT NULL,
  PRIMARY KEY (`ETCH_COD`),
  KEY `fk_ETAPA_CHECKLIST_ETAPA1_idx` (`ETAPA_ETAP_COD`,`ETCH_EMPRESA`),
  KEY `fk_etapa_check_pessoa_idx` (`ETCH_PESSOA`),
  KEY `fk_etapa_check_empressa_idx` (`ETCH_EMPRESA`),
  CONSTRAINT `fk_etapa_check` FOREIGN KEY (`ETAPA_ETAP_COD`) REFERENCES `ETAPA` (`ETAP_COD`) ON DELETE CASCADE ON UPDATE CASCADE,
  CONSTRAINT `fk_etapa_check_empressa` FOREIGN KEY (`ETCH_EMPRESA`) REFERENCES `EMPRESA` (`EMPR_COD`) ON DELETE CASCADE ON UPDATE CASCADE,
  CONSTRAINT `fk_etapa_check_pessoa` FOREIGN KEY (`ETCH_PESSOA`) REFERENCES `PESSOA` (`PESS_COD`) ON DELETE CASCADE ON UPDATE CASCADE
) ENGINE=InnoDB DEFAULT CHARSET=utf8mb4;

--
-- Dumping data for table `ETAPA_CHECKLIST`
--


--
-- Table structure for table `FOTO_RESPONSAVEL`
--

CREATE TABLE `FOTO_RESPONSAVEL` (
  `FORE_COD` int(11) NOT NULL AUTO_INCREMENT,
  `FORE_CAMINHO` varchar(300) DEFAULT NULL,
  `FORE_RESP_COD` int(11) DEFAULT NULL,
  PRIMARY KEY (`FORE_COD`),
  KEY `FORE_RESP_COD` (`FORE_RESP_COD`),
  CONSTRAINT `FOTO_RESPONSAVEL_ibfk_1` FOREIGN KEY (`FORE_RESP_COD`) REFERENCES `RESPONSAVEL` (`RESP_CODIGO`)
) ENGINE=InnoDB AUTO_INCREMENT=131 DEFAULT CHARSET=utf8mb4;

--
-- Dumping data for table `FOTO_RESPONSAVEL`
--

INSERT INTO `FOTO_RESPONSAVEL` VALUES (116,'2022042817075100784f6bac1fa728bc5c44c6b0ced5bd62ffcaf6.jpg',117),(117,'20220614122735e9b9770a2cbb8b48e678a27d1fa1572169048394.jpg',118),(118,'20220701144536697052682a93bb2f8fc936905908e469fe2720bc.jpg',119),(119,'20220714140455478ad47411bf3d6342806f2a5644722de29fb52c.jpg',120),(120,'20220729103434a0cb71e51cc8b9d2ae5a2b0660ee5bcb82c1247f.jpg',121),(122,'20220802112751218e2b4a916cefe872b78def8fb0e67986165eed.jpg',122),(123,'2022081515110845d81e013bc3ce3d318351e634ffd7e0f7c1452b.jpg',123),(124,'202209082142520a76752f6517b27d0ea567fbdafd8dd1c38083b6.jpg',124),(125,'2022093000465850f9924f06f3c951edc3577fed4cdd7503469d3d.jpg',125),(126,'20221025175428b93c0614a1e97ea1e6e6943db5499b981208af80.jpg',126),(127,'202211231324249a9fa0a761aaf13b2336fa2dc6c363f02daf1f89.jpg',127),(128,'20221124174316484260a636e1d2f9878ec7cf88e9abf3e437eea8.jpg',128),(129,'20221125161605df16d86bb3250ff08c9ba2e7a93c7395d9e19ead.jpg',129),(130,'20221202094426acee2c266b42284b26e45e72ef99f547e9080f5f.jpg',130);

--
-- Table structure for table `IRMAO_DEPENDENTE`
--

CREATE TABLE `IRMAO_DEPENDENTE` (
  `IRDE_COD` int(11) NOT NULL AUTO_INCREMENT,
  `IRDE_NOME` varchar(100) DEFAULT NULL,
  `IRDE_IDADE` int(11) DEFAULT NULL,
  `IRDE_DEPE_COD` int(11) NOT NULL,
  PRIMARY KEY (`IRDE_COD`),
  KEY `IRDE_DEPE_COD` (`IRDE_DEPE_COD`),
  CONSTRAINT `IRMAO_DEPENDENTE_ibfk_1` FOREIGN KEY (`IRDE_DEPE_COD`) REFERENCES `DEPENDENTE` (`DEPE_COD`)
) ENGINE=InnoDB DEFAULT CHARSET=utf8mb4;

--
-- Dumping data for table `IRMAO_DEPENDENTE`
--


--
-- Table structure for table `LOG_APRO_CANC`
--

CREATE TABLE `LOG_APRO_CANC` (
  `LOAC_COD` int(11) NOT NULL,
  `LOAC_DATA_HORA` varchar(45) NOT NULL,
  `LOAC_PRAZO_12H` tinyint(4) NOT NULL,
  `LOAC_ACESSO_APP_ID` int(11) NOT NULL,
  `LOAC_TIPO` enum('A','C') NOT NULL,
  `LOAC_ID_AGENDAMENTO` varchar(45) NOT NULL,
  KEY `FK_ACESSO_APROV_CANC` (`LOAC_ACESSO_APP_ID`),
  CONSTRAINT `FK_ACESSO_APROV_CANC` FOREIGN KEY (`LOAC_ACESSO_APP_ID`) REFERENCES `ACESSO_APP` (`ACAP_CODIGO`) ON DELETE NO ACTION ON UPDATE NO ACTION
) ENGINE=InnoDB DEFAULT CHARSET=utf8mb4;

--
-- Dumping data for table `LOG_APRO_CANC`
--


--
-- Table structure for table `MENSAGEM`
--

CREATE TABLE `MENSAGEM` (
  `MENS_COD` int(11) NOT NULL AUTO_INCREMENT,
  `MENS_DESTINATARIO` bigint(20) DEFAULT NULL,
  `MENS_CONTEUDO` varchar(2000) CHARACTER SET latin1 DEFAULT NULL,
  `MENS_DATE` datetime DEFAULT NULL,
  `MENS_TIPO_DESTINATARIO` int(11) DEFAULT NULL,
  `MENS_PESS_REMETENTE` bigint(20) DEFAULT NULL,
  `MENS_EMPR_COD` int(11) DEFAULT NULL,
  PRIMARY KEY (`MENS_COD`),
  KEY `MENS_DESTINATARIO` (`MENS_DESTINATARIO`),
  KEY `MENS_PESS_REMETENTE` (`MENS_PESS_REMETENTE`),
  KEY `EMPRESA_EMPR_COD` (`MENS_EMPR_COD`),
  CONSTRAINT `MENSAGEM_ibfk_1` FOREIGN KEY (`MENS_DESTINATARIO`) REFERENCES `PESSOA` (`PESS_COD`),
  CONSTRAINT `MENSAGEM_ibfk_2` FOREIGN KEY (`MENS_PESS_REMETENTE`) REFERENCES `PESSOA` (`PESS_COD`),
  CONSTRAINT `MENSAGEM_ibfk_3` FOREIGN KEY (`MENS_EMPR_COD`) REFERENCES `EMPRESA` (`EMPR_COD`)
) ENGINE=InnoDB DEFAULT CHARSET=utf8mb4;

--
-- Dumping data for table `MENSAGEM`
--


--
-- Table structure for table `MENU`
--

CREATE TABLE `MENU` (
  `MENU_COD` int(11) NOT NULL AUTO_INCREMENT,
  `MENU_COD_PAI` int(11) DEFAULT NULL,
  `MENU_DESC` varchar(200) CHARACTER SET latin1 DEFAULT NULL,
  `MENU_LINK` varchar(150) CHARACTER SET latin1 DEFAULT NULL,
  `MENU_ORDEM` varchar(20) CHARACTER SET latin1 NOT NULL,
  `MENU_ICON` varchar(40) CHARACTER SET latin1 DEFAULT NULL,
  PRIMARY KEY (`MENU_COD`),
  KEY `MENU_COD_PAI` (`MENU_COD_PAI`),
  CONSTRAINT `MENU_ibfk_1` FOREIGN KEY (`MENU_COD_PAI`) REFERENCES `MENU` (`MENU_COD`)
) ENGINE=InnoDB AUTO_INCREMENT=64 DEFAULT CHARSET=utf8mb4;

--
-- Dumping data for table `MENU`
--

INSERT INTO `MENU` VALUES (1,NULL,'CADASTRO','','1','fas fa-plus-square'),(2,NULL,'RELATORIO','','2','fas fa-file-invoice'),(3,NULL,'CONSENTIMENTO','','3','fa fa-clipboard'),(4,NULL,'CONFIGURACOES','','9','fas fa-cog'),(5,1,'Empresa','empresa_grid','1.1','fas fa-building'),(6,1,'Pessoa Detalhe','pessoa_tipo_detalhe_control','1.9','fas fa-search'),(7,1,'Departamento','departamento_grid','1.3','fas fa-address-card'),(8,1,'Comite','comite_grid','1.4','fas fa-users'),(9,1,'Cargo','cargo_grid','1.5','fas fa-id-badge'),(12,4,'Usuario Acesso','seg_grid_sec_users','9.2','fas fa-user-lock'),(14,3,'Envio Termo','protocolo_solicitacao_controle','3.2','fas fa-paper-plane'),(15,NULL,'CHAMADOS','','5','fas fa-headset'),(16,15,'Novo','chamado_form','5.1','fas fa-plus-square'),(17,15,'Meus','list_meu_chamado_grid','5.2','fas fa-user-clock'),(18,15,'Departamento','list_chamado_grid','5.3','fas fa-address-card'),(20,1,'Categoria','categoria_form','1.7','fas fa-tag'),(21,1,'Sistema','sistema_form','1.6','fas fa-laptop'),(22,4,'Aplicacoes','aplicacoes_menu_grid','9.3','fa fa-tablet-alt'),(29,NULL,'REGRAS',NULL,'6','fab fa-searchengin'),(30,29,'Pessoa','REL_REGRA_PESSOA_form','6.2','fas fa-user'),(32,29,'Cargo','REL_REGRA_CARGO_form','6.4','fas fa-id-badge'),(33,29,'Departamento','REL_REGRA_DEPARTAMENTO_form','6.5','fas fa-address-card'),(34,29,'Cadastrar','form_REGRA_ACESSO_DADO','6.1','fas fa-plus-square'),(37,1,'Pessoa Empresa','pessoa_empresas_grid','1.8','fas fa-hospital-user'),(39,2,'Inventário Dados','pessoa_tipo_inventario_control','2.5','fas fa-database'),(40,3,'Lista de Termos','termo_grid','3.1','fas fa-clipboard-list'),(42,4,'EMAIL','config_email_form','9.5','fas fa-cogs'),(43,1,'Pessoa','pessoa_tipo_edit_control','1.2','fas fa-user-plus'),(45,1,'Teste','tabela_teste_blank3','1.91',''),(46,3,'Termos não Aceitos','termos_nao_aceitos_grid','3.4','fas fa-ban'),(47,3,'Termos Aceitos','termos_aceitos_grid','3.3','fas fa-check-square'),(48,2,'Ficha de Treinamento','treinamento_grid','2.4','fas fa-clipboard-list'),(49,4,'Segurança Empresa','empresa_seguranca_form','9.6','fad fa-shield-alt'),(50,2,'Protocolos','protocolo_grid','2.2','fas fa-globe-americas'),(53,NULL,'CONSULTORIA','','8','fas fa-eye'),(54,53,'ETAPAS','etapa_grid','8.1','fas fa-align-justify'),(55,1,'Operador','OPERADOR_GRID','1.92','fas fa-people-carry'),(56,4,'Debug','form_sistema_debug','9.7','fas fa-cogs'),(57,1,'Usuário APP','acesso_app_grid','1.94','fas fa-mobile-alt'),(58,1,'Dependentes','dependente_grid','1.93','fas fa-users'),(59,53,'Auditoria','auditoria_grid','8.2','fas fa-check-double'),(60,53,'RESUMO','ETAP_CHECK_HISTORICO_GRID','8.3','	fa fa-clipboard'),(61,3,'Símbolos','simbolo_grid','3.5',''),(62,NULL,'AGENDAMENTOS','','10','fa fa-desktop'),(63,62,'Consulta Agendamentos','control_escolher_paciente','10.1','fa fa-calendar');

--
-- Table structure for table `OPERADOR`
--

CREATE TABLE `OPERADOR` (
  `OPER_COD` int(11) NOT NULL AUTO_INCREMENT,
  `OPER_NOME` varchar(20) DEFAULT NULL,
  `OPER_SOBRENOME` varchar(80) DEFAULT NULL,
  `OPER_DATA_CADASTRO` datetime DEFAULT NULL,
  `OPER_IDENTIFICADOR` varchar(20) NOT NULL,
  `OPER_RG` varchar(15) DEFAULT NULL,
  `OPER_EMAIL` varchar(100) DEFAULT NULL,
  `OPER_TELEFONE` varchar(16) DEFAULT NULL,
  `OPER_EMPR_COD` int(11) DEFAULT NULL,
  `OPER_STATUS` varchar(20) DEFAULT NULL,
  PRIMARY KEY (`OPER_COD`),
  UNIQUE KEY `OPER_IDENTIFICADOR` (`OPER_IDENTIFICADOR`)
) ENGINE=InnoDB DEFAULT CHARSET=utf8mb4;

--
-- Dumping data for table `OPERADOR`
--


--
-- Table structure for table `PESSOA`
--

CREATE TABLE `PESSOA` (
  `PESS_COD` bigint(20) NOT NULL AUTO_INCREMENT,
  `PESS_EMPR_COD` int(11) NOT NULL,
  `PESS_LOGIN` varchar(255) CHARACTER SET latin1 NOT NULL,
  `PESS_CARG_COD` int(11) DEFAULT NULL,
  `PESS_CLIE_COD` decimal(8,0) DEFAULT NULL,
  `PESS_NOME` varchar(50) CHARACTER SET latin1 NOT NULL,
  `PESS_SOBRENOME` varchar(100) CHARACTER SET latin1 DEFAULT NULL,
  `PESS_DATA_CADASTRO` datetime NOT NULL,
  `PESS_IDENTIFICADOR` varchar(14) CHARACTER SET latin1 DEFAULT NULL,
  `PESS_TELEFONE` varchar(15) CHARACTER SET latin1 DEFAULT NULL,
  `PESS_EMAIL` varchar(100) CHARACTER SET latin1 DEFAULT NULL,
  `PESS_TIPO` char(3) CHARACTER SET latin1 NOT NULL,
  `PESS_STATUS` char(1) CHARACTER SET latin1 DEFAULT NULL,
  `PESS_DEPA_COD` int(11) DEFAULT NULL,
  `PESS_RG` varchar(20) CHARACTER SET latin1 DEFAULT NULL,
  `PESS_DATA_NASCIMENTO` date DEFAULT NULL,
  `PESS_SEXO` tinyint(1) DEFAULT NULL,
  `PESS_CEP` char(9) CHARACTER SET latin1 DEFAULT NULL,
  `PESS_NUMERO` int(11) DEFAULT NULL,
  `PESS_BAIRRO` varchar(255) CHARACTER SET latin1 DEFAULT NULL,
  `PESS_CIDADE` varchar(255) CHARACTER SET latin1 DEFAULT NULL,
  `PESS_ESTADO` varchar(255) CHARACTER SET latin1 DEFAULT NULL,
  `PESS_RACA` varchar(255) CHARACTER SET latin1 DEFAULT NULL,
  `PESS_FOTO` varchar(1000) CHARACTER SET latin1 DEFAULT NULL,
  `PESS_CNH` varchar(11) CHARACTER SET latin1 DEFAULT NULL,
  `PESS_BANCO` varchar(255) CHARACTER SET latin1 DEFAULT NULL,
  `PESS_NUMERO_BANCO` varchar(5) CHARACTER SET latin1 DEFAULT NULL,
  `PESS_AGENCIA` varchar(4) CHARACTER SET latin1 DEFAULT NULL,
  `PESS_CONTA_NUMERO` varchar(20) CHARACTER SET latin1 DEFAULT NULL,
  `PESS_ESTADO_CIVIL` int(1) DEFAULT NULL,
  `PESS_ALTURA` float DEFAULT NULL,
  `PESS_PESO` float DEFAULT NULL,
  `PESS_NACIONALIDADE` varchar(200) CHARACTER SET latin1 DEFAULT NULL,
  `PESS_RELIGIAO` varchar(200) CHARACTER SET latin1 DEFAULT NULL,
  `PESS_NATURALIDADE` varchar(255) CHARACTER SET latin1 DEFAULT NULL,
  `PESS_LOGRADOURO` varchar(255) CHARACTER SET latin1 DEFAULT NULL,
  `PESS_TOKEN` varchar(255) DEFAULT NULL,
  `PESS_ACESSO_APP` tinyint(4) DEFAULT NULL,
  `PESS_IR` varchar(30) DEFAULT NULL,
  `PESS_CONTRA_CHEQUE` varchar(30) DEFAULT NULL,
  `PESS_EXTRATO_BANCARIO` varchar(30) DEFAULT NULL,
  `PESS_IS_DEPENDENTE` tinyint(4) DEFAULT '0',
  `PESS_DEPE_EQUIV_COD` int(11) DEFAULT NULL,
  PRIMARY KEY (`PESS_COD`),
  UNIQUE KEY `PESS_IDENTIFICADOR_UNIQUE` (`PESS_IDENTIFICADOR`),
  UNIQUE KEY `PESS_TOKEN_UNIQUE` (`PESS_TOKEN`),
  KEY `PESS_EMPR_COD` (`PESS_EMPR_COD`),
  KEY `PESS_DEPA_COD` (`PESS_DEPA_COD`),
  KEY `PESS_CARG_COD` (`PESS_CARG_COD`),
  KEY `PESS_DEPE_EQUIV_COD` (`PESS_DEPE_EQUIV_COD`),
  CONSTRAINT `PESSOA_ibfk_1` FOREIGN KEY (`PESS_EMPR_COD`) REFERENCES `EMPRESA` (`EMPR_COD`),
  CONSTRAINT `PESSOA_ibfk_2` FOREIGN KEY (`PESS_EMPR_COD`) REFERENCES `EMPRESA` (`EMPR_COD`),
  CONSTRAINT `PESSOA_ibfk_4` FOREIGN KEY (`PESS_DEPA_COD`) REFERENCES `DEPARTAMENTO` (`DEPA_COD`),
  CONSTRAINT `PESSOA_ibfk_5` FOREIGN KEY (`PESS_CARG_COD`) REFERENCES `CARGO` (`CARG_COD`),
  CONSTRAINT `PESSOA_ibfk_6` FOREIGN KEY (`PESS_DEPE_EQUIV_COD`) REFERENCES `DEPENDENTE` (`DEPE_COD`)
) ENGINE=InnoDB AUTO_INCREMENT=332 DEFAULT CHARSET=utf8mb4;

--
-- Dumping data for table `PESSOA`
--

INSERT INTO `PESSOA` VALUES (1,1,'admin',1,NULL,'admin','','2021-07-21 18:30:00','14114061096','','super_email@hotmail.com','TIN','I',14,'241236654',NULL,0,'',0,'','','AC','',NULL,'','','','','',1,0,0,'','','','',NULL,NULL,NULL,NULL,NULL,0,NULL),(5,1,'admin',5,NULL,'CAMILA ','PIMENTA','2021-11-29 00:00:00','04634124513','','gerencial@nucleoincentivar.com.br','TIN','A',14,'',NULL,0,'',0,'','FEIRA DE SANTANA','BA','','','','','','','',2,0,0,'','','','','72E8488636',1,'','','',0,NULL),(6,1,'admin',NULL,NULL,'teste','usuarioteste','2022-01-27 00:00:00','47470148027','','teste@hotmail.com','TIN','A',NULL,'378491428',NULL,1,'',0,'','','AC','','','','','','','',1,0,0,'','','','','F144F1645D',1,'','','',0,NULL),(7,1,'camila',5,NULL,'ALINE',' BEZERRA','2022-01-29 00:00:00','80941443515','','alinecavalcante.to@gmail.com','TIN','A',14,'',NULL,0,'',0,'','','AC','','','','','','','',1,0,0,'','','','','B7102E609F',1,'','','',0,NULL),(8,1,'camila',NULL,NULL,'FERNANDA','KRUSCHEWSKY','2022-01-29 00:00:00','95958827553','','fkrusch@gmail.com','TIN','A',NULL,'',NULL,0,'',0,'','','AC','','','','','','','',1,0,0,'','','','','B60F1DE138',1,NULL,NULL,NULL,0,NULL),(9,1,'camila',NULL,NULL,'VANIALUIZA','MAGALHAES','2022-01-29 00:00:00','77683242500','','vanialuizafono@gmail.com','TIN','A',NULL,'',NULL,1,'',0,'','','AC','','','','','','','',1,0,0,'','','','','D105BB6B48',1,'','','',0,NULL),(10,1,'camila',NULL,NULL,'KARLA','PAMPONET','2022-01-29 00:00:00','03338179588','','karlapfono@gmail.com','TIN','A',NULL,'',NULL,0,'',0,'','','AC','','','','','','','',1,0,0,'','','','','2E750697AD',1,'','','',0,NULL),(13,1,'admin',5,NULL,'LUCIANA','AZEVEDO ALVES','2022-02-17 16:00:00','82974713572','71996730532','administrativo01@nucleoincentivar.com.br','TIN','A',14,'0937004073','1982-06-03',0,'41490280',0,'MUSSURUNGA','SALVADOR','BA','',NULL,'','','','','',1,0,0,'BRASILEIRA','','ITORORO','SETOR E','732C012EA6',0,'','','',0,NULL),(14,1,'admin',5,NULL,'CAROLINE','MACIEL','2022-02-17 16:01:00','86042460536','71992498334','administrativo03@nucleoincentivar.com.br','TIN','A',14,'1437223443','1996-07-29',0,'40221235',13,'Eng V da Federacao','Salvador','BA','',NULL,'','','','','',1,0,0,'Brasileira','','Brasileira','','95C5F3355F',0,'','','',0,NULL),(17,1,'admin',5,NULL,'TAMIRES','SANTANA','2022-02-18 10:30:00','03226363530','','administrativo02@nucleoincentivar.com.br','TIN','A',14,'37659556','1989-10-26',0,'41720100',0,'IMBUI','SALVADOR','BA','PRETA',NULL,'','','','','',1,0,0,'BRASILEIRA','','SERGIPE','PARQUE BOLANDEIRA','35675AEAF8',1,'','','',0,NULL),(24,1,'luciana',3,NULL,'STEFFANY','SANTOS','2022-02-24 00:00:00','08258591584','71997401034','steffanysmachado@gmail.com','TIN','A',15,'2169129515',NULL,0,'',0,'','','AC','','','','','','','',2,0,0,'','','','','ACDBBC4694',1,'','','',0,NULL),(25,1,'caroline',3,NULL,'Tainá','Oliveira','2022-02-24 15:22:00','05869230551','71999002487','tainaoliveira9519@gmail.com','TIN','A',15,'1507365179','1995-07-04',0,'41347275',16,'CAJAEIRAS 11','SALVADOR','AC','PARDA',NULL,'','NUBANK','0260','','21815442',1,0,0,'BRASILEIRA','','BRASILEIRA','TRAVESSA GERALDO ','4A294EFBC6',1,'','','',0,NULL),(26,1,'caroline',2,NULL,'ANDREZA SILVA','DO NASCIMENTO','2022-02-24 15:24:00','86014231595','71988959708','andrezanascimento.silva@hotmail.com','TIN','A',14,'1566871271','1998-07-18',0,'40250170',9,'COSME DE FARIAS','SALVADOR','BA','NEGRA',NULL,'','','','','',1,0,0,'BRASILEIRA','','SOTEROPOLITANA','LADEIRA DO SILVA','7AF59B9A8C',1,'','','',0,NULL),(27,1,'caroline',3,NULL,'Amanda','Ribeiro Souza','2022-02-24 15:49:00','03839499550','71988504557','amandaribeiro91@hotmail.com','TIN','A',15,'1205619045','1991-08-11',0,'41345564',4,'Cajaxeiras','Salvador','BA','Parda',NULL,'','','','','',1,0,0,'Brasileira','','BRASILEIRA','Setor 1, bloco 14','3CF0092D64',1,'','','',0,NULL),(28,1,'caroline',3,NULL,'Nerivan','Alves Pereira ','2022-02-25 09:42:00','86062012512','71983700147','nerivanalves30@gmail.com','TIN','A',15,'1660701066','1997-12-21',1,'40226580',720,'Calabar ','Salvador ','BA','Negro',NULL,'','','','','',1,0,0,'Brasileiro','','Brasil ','Casa','1106BD376F',1,'','','',0,NULL),(29,1,'caroline',3,NULL,'Ana','Barreto','2022-02-25 11:31:00','08753160509','71991908718','aninhabarreto330@gmail.com','TIN','A',15,'2018857789','2001-04-27',0,'41480385',34,'Mussurunga 2','Salvador','BA','Negra',NULL,'','','','','',1,0,0,'Brasileira','','Salvador Ba','Rua das mangueiras ','D2EB312C90',1,'','','',0,NULL),(30,1,'caroline',3,NULL,'TARCIA ','RIBEIRO SANTOS','2022-02-25 15:38:00','03839497507','71986172273','comportamentalaba@nucleoincentivar.com.br','TIN','A',15,'1262940974','1993-07-03',1,'41345564',4,'FAZENDA GRANDE IV','SALVADOR','BA','PARDA',NULL,'05888316023','SANTADER','','','010589579',2,0,0,'BRASILEIRA','','SALVADOR','SETOR 1 BLOCO 14 AP ','DE4F7D5D5E',1,'','','',0,NULL),(45,1,'nerivan',5,NULL,'ADILA','FIUZA','2022-03-03 15:11:50','01969324597','71992441633','adilasilva@hotmail.com','TEX','A',14,'0909149615','1985-08-08',0,'41650010',1080,'PIATA','SALVADOR','BA','',NULL,'','','','','',1,0,0,'BRASILEIRA','','CRUZ DAS ALMAS','AVENIDA ORLANDO GOME','9CACB986E6',NULL,NULL,NULL,NULL,0,NULL),(46,1,'TARCIA',5,NULL,'Vivianne Estrela ','Landim','2022-03-03 15:48:00','67299920506','71988546703','vyvyestrela@hotmail.com','TEX','A',14,'0512047626','1974-07-24',0,'41680111',455,'Patamares ','Salvador','BA','',NULL,'','','','','',1,0,0,'Brasileiro','','Salvador Ba','Rua Salgueiro','2CC65DC24E',1,'','','',0,NULL),(47,1,'nerivan',5,NULL,'Gouri',' Marçal de Carvalho ','2022-03-03 15:51:00','10156894505','75998515906','julianagouri@gmail.com','TEX','A',14,'2205190806','2014-07-28',0,'41950350',248,'Rio Vermelho ','Salvador','BA','',NULL,'','','','','',1,0,0,'Brasileira','','Irece Bahia','Rua Almirante Barros','E709BD2752',1,'','','',0,NULL),(48,1,'nerivan',5,NULL,'PATRICIA A NASCIMENT','ALMEIDA NASCIMENTO ','2022-03-03 15:56:17','79076670544','71992832364','pathyfisionutri@gmail.com','TEX','A',14,'0544423461','1978-07-03',0,'41740090',801,'Pituaçu ','Salvador','BA','',NULL,'','','','','',1,0,0,'BRASILEIRA ','','Feira de Santana ','Av. PROFESSOR PINTO ','E4690B49D7',NULL,NULL,NULL,NULL,0,NULL),(49,1,'STEFFANY',5,NULL,'Geisa Helena ','Xavier de Araujo ','2022-03-03 15:59:00','94233748591','71988942864','geisahsx@gmail.com','TEX','A',14,'0822044897','1983-04-08',0,'41100720',25,'Pernambues','Salvador ','BA','',NULL,'','','','','',1,0,0,'Brasileira','','Soteropolitana ','Rua Cyridião Durval','3251826645',1,'','','',0,NULL),(50,1,'ANDREZA',5,NULL,'Renata Andrade','Gobira','2022-03-03 17:08:00','94666954520','71991867515','renataagobira@yahoo.com.br','TEX','A',14,'0540303402','1977-06-03',0,'40231250',330,'federacao','Salvador ','BA','',NULL,'','','','','',1,0,0,'Brasileira','','Salvador','Av cardeal da silva','32673C2E7B',1,'','','',0,NULL),(51,1,'ANDREZA',5,NULL,'Ivan','João de Queiroz Filh','2022-03-03 18:13:00','93646933534','71988724826','ivanjqf@gmail.com','TEX','A',14,'0665106785','1977-11-22',1,'41770095',1397,'Stiep','Salvador','BA','',NULL,'','','','','',1,0,0,'Brasileiro','','Feira de Santana','Av Prof Manoel Ribei','7F3FE7F0AC',0,'','','',0,NULL),(52,1,'amanda',5,NULL,'Eduardo ','Romero ','2022-03-03 18:59:00','77684737520','71999405873','dudaromero05@gmail.com','TEX','A',14,'1389205401','1972-11-13',1,'41250560',117,'SAO RAFAEL','Salvador ','BA','',NULL,'','','','','',1,0,0,'BRASILEIRO','','Santiago Chile ','Rua Humberto Porto ','AE8371578E',1,'','','',0,NULL),(53,1,'taina',5,NULL,'Kelly Bárbara','P Franco de Abreu','2022-03-04 00:47:00','02489688588','71991634316','kellybpf.abreu@gmail.com','TEX','A',14,'0996573410','1985-12-03',0,'40296720',215,'Candeal','Salvador','BA','',NULL,'','','','','',1,0,0,'Brasileira','','Salvador','Rua Sócrates Guanaes','6C97872C2F',0,'','','',0,NULL),(54,1,'ANDREZA',5,NULL,'Ary Jorge','Guedes Moreira Gasin','2022-03-04 07:20:00','26313650549','71988001965','aryjorge@yahoo.com','TEX','A',14,'0248810235','1965-10-05',1,'41181900',105,'praia do flamengo','salvador','BA','',NULL,'','','','','',1,0,0,'brasileira','','rio de janeiro','humberto frank','822222F307',0,'','','',0,NULL),(55,1,'STEFFANY',5,NULL,'Rafael','Amorim de Morais ','2022-03-04 08:57:48','10978721578','9986780014','suarez.priscila@gmail.com','TEX','A',14,'2388288592','2019-01-16',1,'41810340',209,'Pituba ','Salvador ','BA','',NULL,'','','','','',1,0,0,'Brasileiro','','SalvadorBA ','Rua Sgt Astrolábio ','594384B393',NULL,NULL,NULL,NULL,0,NULL),(56,1,'TARCIA',5,NULL,'Marcelo','Carlin','2022-03-04 09:30:00','27974432845','71987968665','marcelodcarlin@gmail.com','TEX','A',14,'219021508','1976-03-19',1,'40295030',182,'Horto Florestal','Salvador','BA','',NULL,'','','','','',1,0,0,'Brasileira','','Ribeirao Preto SP','Rua Cons. C Menezes','99EF8F3794',1,'','','',0,NULL),(57,1,'taina',5,NULL,'Ayala','Abreu','2022-03-04 09:47:00','02919976516','71981141917','ayalafabreu@hotmail.com','TEX','A',14,'1193595290','1987-03-28',0,'40243047',2,'Brotas','Salvador','BA','',NULL,'','','','','',1,0,0,'Brasileira','','Salvador ','Rua Medeiros Neto','8D9DE0CDDB',1,'','','',0,NULL),(58,1,'TARCIA',5,NULL,'Marcus Vinícius ','Matos ','2022-03-04 09:54:00','04889679537','71981077346','marcusvfmatos@hotmail.com','TEX','A',14,'10062147','1989-04-12',1,'40243047',2,'Brotas ','Salvador ','BA','',NULL,'','','','','',1,0,0,'BRASILEIRO','','Bahia ','Brotas ','E08ADB0698',1,'','','',0,NULL),(59,1,'TARCIA',5,NULL,'Vitoria','Cohen Rodrigues Filh','2022-03-04 10:09:00','81189931591','71993270205','vitoriacohen33@gmail.com','TEX','A',14,'0893665061','1981-07-29',0,'40450770',8,'Uruguai','Salvador','BA','',NULL,'','','','','',1,0,0,'BR','','Ssa','40450-770','9DB2367A09',1,'','','',0,NULL),(60,1,'ANDREZA',5,NULL,'LUCIANA','MOTTA','2022-03-04 10:24:00','81933266520','71992780479','lu_pedroza@yahoo.com.br','TEX','A',14,'0984998314','1983-09-17',0,'42821810',12,'ABRANTES','Camaçari','BA','',NULL,'','','','','',1,0,0,'BRASILEIRA','','MINAS GERAIS','CONDOMINIO MAANAIM','4DE8206DBB',0,'','','',0,NULL),(61,1,'Ana',5,NULL,'Ana Carolina','Leite ','2022-03-04 10:36:00','78561256591','71991978259','ana_carollima@yahoo.com.br','TEX','A',14,'0566512602','1978-04-11',0,'41830500',113,'Pituba ','Salvador ','BA','',NULL,'','','','','',1,0,0,'Brasileira','','Salvador ','Alameda Salerno ','D2191A531E',1,'','','',0,NULL),(62,1,'ANDREZA',5,NULL,'Lucilena Karine','Costa Dias Dourado','2022-03-04 10:42:00','01147987530','71986267741','karinedias@gmail.com','TEX','A',14,'0712097864','1982-08-05',1,'47640000',63,'Centro','St Maria da Vitória','BA','',NULL,'','','','','',1,0,0,'Brasileira','','Salvador ba','Rua capitao José alf','D90460D232',0,'','','',0,NULL),(63,1,'ANDREZA',5,NULL,'Tyciana ','Miranda Maia','2022-03-04 10:54:00','97269573549','71992773386','tycidpf@yahoo.com.br','TEX','A',14,'0771166230','1979-07-03',0,'41830630',352,'Pituba','Salvador','BA','',NULL,'','','','','',1,0,0,'Brasileiro','','Feira de Santana','Rua Hilton Rodrigues','773A4E6216',1,'','','',0,NULL),(64,1,'amanda',5,NULL,'Renata Gabriela','Sampaio Silva','2022-03-04 11:01:00','88344738504','71997073163','rgabi-silva@hotmail.com','TEX','A',14,'0707815240','1975-07-29',0,'40296250',385,'Candeal','Salvador ','BA','',NULL,'','','','','',1,0,0,'Brasileiro','','SAO PAULO','R Dr Alberto Ponde','F31ACE2752',0,'','','',0,NULL),(65,1,'caroline',5,NULL,'Matheus TESTE','Primentel','2022-03-04 11:13:00','48179075095','','matheus.pimentel@sgnsistemas.com.br','TEX','A',14,'','1996-05-10',1,'',0,'','','AC','',NULL,'','','','','',1,0,0,'','','','','4B3546C9FA',0,'','','',0,NULL),(66,1,'STEFFANY',5,NULL,'Lorena ','Soares Borges ','2022-03-04 13:25:58','79512356520','71993276033','soareslorena81@gmail.com','TEX','A',14,'0699169690','1981-12-01',0,'41741550',753,'Pituaçu ','Salvador','BA','',NULL,'','','','','',1,0,0,'Brasil ','','Salvador ','Rua Manoel Antônio G','1E3831593D',NULL,NULL,NULL,NULL,0,NULL),(67,1,'STEFFANY',5,NULL,'Beatriz Costa','de Argolo Mendes','2022-03-04 13:29:00','85940299504','71983094204','bea1mendes@gmail.com','TEX','A',14,'2010449274','1999-08-10',0,'40713600',730,'Itacaranha','Salvador ','BA','',NULL,'','','','','',1,0,0,'Brasileira','','Soteropolitana ','Rua Itaipu ','643363A455',1,'','','',0,NULL),(68,1,'nerivan',5,NULL,'Naiara Bitencourt','BARRETO ','2022-03-04 15:49:30','01562121537','71991588445','naibitencourt@hotmail.com','TEX','A',14,'0849428432','1984-10-27',0,'42709290',914,'Buraquinho ','Lauro de Freitas ','BA','',NULL,'','','','','',1,0,0,'Brasileira','','Alagoinhas','Rua Francisco das Me','A7A692BD8E',NULL,NULL,NULL,NULL,0,NULL),(69,1,'STEFFANY',5,NULL,'Paulo José ','Moura','2022-03-04 16:45:01','10005912555','71991314108','jerusamoura7@gmail.com','TEX','A',14,'0000000000','2017-12-20',1,'46430000',73,'Centro','Guanambi','BA','',NULL,'','','','','',1,0,0,'Brasileiro','','Guanambiense','Rua Olavo Bilac ','158EF2C362',NULL,NULL,NULL,NULL,0,NULL),(70,1,'ANDREZA',5,NULL,'Marília ','Dantas e Sikva','2022-03-04 19:27:00','97511986587','71999601009','marilia.silva@ifbaiano.edu.br','TEX','A',14,'0503432466','1979-09-10',0,'40283210',19,'Brotas','salvador ','BA','',NULL,'','','','','',1,0,0,'Brasileira','','Campo Formoso ','Rua general Sinesio ','59B1D649F1',1,'','','',0,NULL),(71,1,'ANDREZA',5,NULL,'Cleide','Conceição','2022-03-04 20:41:00','93820941568','71999202562','cleidefib31@gmail.com','TEX','A',14,'0659075318','1979-03-31',1,'41210290',106,'Tancredo Neves','Salvador','BA','',NULL,'','','','','',1,0,0,'Brasileira','','Salvador','Rua santa catarina','EB6D23D938',0,'','','',0,NULL),(72,1,'ANDREZA',5,NULL,'ANDRÉ ','BANDEIRA LERNER','2022-03-04 23:56:00','93124929500','71992419751','andrebandlerner@gmail.com','TEX','A',14,'0648313883','1979-09-24',1,'40221225',100,'ENGENHO VELHO DA FED','SALVADOR ','BA','',NULL,'','','','','',1,0,0,'BRASILEIRO','','SALVADOR ','RUA SANTA ISABELA','04412E24A3',1,'','','',0,NULL),(73,1,'amanda',5,NULL,'JaIlsa ','Oliveira Pereira ','2022-03-04 23:59:00','92647626553','7191436788','jailsa.oliveira@gmail.com','TEX','A',14,'0739997254','1978-03-11',0,'41150000',95,'Cabula ','Salvador','BA','',NULL,'','','','','',1,0,0,'Brasileiro','','Monte Santo ','41150-000','97C9BB01CA',1,'','','',0,NULL),(74,1,'TARCIA',5,NULL,'Roberta ','Leone','2022-03-05 18:31:00','02562878566','71993782419','beta_leone@hotmail.com','TEX','A',14,'0950385662','1987-10-22',0,'41600200',170,'Stella Maris ','Salvador','BA','',NULL,'','','','','',1,0,0,'Brasileira','','Salvador ','Rua Orlando Imbassah','1D27C14466',1,'','','',0,NULL),(75,1,'ANDREZA',5,NULL,'THEREZA ','MELLO ROCHA NEIVA','2022-03-07 09:27:00','82445311500','71991832212','therezamello@hotmail.com','TEX','A',14,'0754912221','1981-12-05',0,'41810000',2331,'PITUBA','SALVADOR','BA','',NULL,'','','','','',1,0,0,'BRASILEIRA','','SALVADOR','AVENIDA PAULO VI','F2A864A48C',1,'','','',0,NULL),(76,1,'nerivan',5,NULL,'Fabiola','Santos Sousa','2022-03-07 09:44:38','04539138570','71999965591','sousafabiola1@gmail.com','TEX','A',14,'1474101186','1999-08-09',0,'41730101',34,'Paralela ','Salvador','BA','',NULL,'','','','','',1,0,0,'Brasileira','','Brasil','Av. Luis Viana Filho','3D8A1AA99F',NULL,NULL,NULL,NULL,0,NULL),(77,1,'caroline',5,NULL,'Pessoa_teste','teste','2022-03-07 11:00:46','92001058071','','administrativo03@nucleoincentivar.com.br','TEX','A',14,'','1990-05-10',1,'',0,'','','AC','',NULL,'','','','','',1,0,0,'','','','','7AAD5414C5',NULL,NULL,NULL,NULL,0,NULL),(78,1,'amanda',5,NULL,'Fernanda Lima','Borges','2022-03-07 11:20:00','99886260530','07199961787','limaborgesnanda@gmail.com','TEX','A',14,'0898282160','1980-11-05',0,'41601065',17,'Stella maris','Salvador ','BA','',NULL,'','','','','',1,0,0,'Brasileira','','Piritiba  ba','Rua pasquale magnavi','1C0791F74F',1,'','','',0,NULL),(79,1,'STEFFANY',5,NULL,'Júlia iasmin ','Garcia ','2022-03-07 11:22:00','04556538521','71988243562','julia_iasmin@hotmail.com','TEX','A',14,'1324040874','1990-06-23',0,'42702710',47,'Centro ','Lauro de Freitas ','BA','',NULL,'','','','','',1,0,0,'Brasileira','','Bahia ','Praça João tiago ','B28452AE00',1,'','','',0,NULL),(80,1,'admin',5,NULL,'Teste_agora','Teste_agora','2022-03-07 11:58:03','53657303057','','matheus.pimentel@sgnsistemas.com.br','TEX','A',14,'','1980-05-10',1,'',0,'','','AC','',NULL,'','','','','',1,0,0,'','','','','29EDF1A756',NULL,NULL,NULL,NULL,0,NULL),(81,1,'taina',5,NULL,'BRUNA ','MARTINS FARIA','2022-03-07 15:13:00','28246351850','71991399447','brunamfariaa@gmail.com','TEX','A',14,'329925799','1977-12-14',0,'40296250',147,'CANDEAL','SSA','BA','',NULL,'','','','','',1,0,0,'BRASILEIRA','','PINDAMONHAGABA','RUA DR ALBERTO PONDE','D292329F65',0,'','','',0,NULL),(82,1,'ANDREZA',5,NULL,'Daniela ','Bulhosa','2022-03-07 17:01:00','01608763544','71992584817','Danibulhosa@me.com','TEX','A',14,'1007268107','1985-06-04',0,'41820820',229,'Pituba ','Salvador ','BA','',NULL,'','','','','',1,0,0,'BRASILEIRA','','Salvador Bahia ','Manoel g de Mendonça','A3A2E3614B',1,'','','',0,NULL),(83,1,'amanda',5,NULL,'Fernanda Novais','Cruz Lima Costa','2022-03-07 19:23:00','78278554587','71996223536','fernandanovais@hotmail.com','TEX','A',14,'0520434528','1978-03-26',0,'41830315',80,'Pituba','Salvador ','BA','',NULL,'','','','','',1,0,0,'Brasileiro','','Bahia','Rua Renato de Meneze','3B48156891',1,'','','',0,NULL),(84,1,'TARCIA',5,NULL,'Milena ','Ferreira dos Santos','2022-03-07 23:19:00','82180636504','71988828500','mile_turismo@yahoo.com.br','TEX','A',14,'944462537','1982-04-27',0,'42825016',15,'Abrantes','Camacari','BA','',NULL,'','','','','',1,0,0,'Brasileira','','Salvador','Rua sucupio','4962C37092',1,'','','',0,NULL),(85,1,'caroline',5,NULL,'Jamille','Carvalho de Araujo','2022-03-08 10:00:00','05053211493','71992888058','jamille-carvalho@hotmail.com','TEX','A',14,'2658879','1984-04-24',0,'40296210',385,'Candeal','SALVADOR','BA','',NULL,'','','','','',1,0,0,'Brasileira','','Santa luzia pb','Rua leonor calmon','4DE6B35A90',1,'','','',0,NULL),(88,1,'admin',5,NULL,'Testeagora','Teste','2022-03-08 15:16:48','24990221087','71986734237','matheus.pimentel@sgnsistemas.com.br','TEX','A',14,'238040586','1980-05-10',1,'89065460',123,'Salto do Norte','Blumenau','SC','',NULL,'','','','','',1,0,0,'Brasileiro','','Brasileiro','Rua Jacarepaguá','745A9ED992',NULL,NULL,NULL,NULL,0,NULL),(89,1,'nerivan',5,NULL,'Milene','Barreiro Pereira','2022-03-08 21:16:00','88469751549','71985070471','milenebpereira@hotmail.com','TEX','A',14,'0567070379','1976-04-27',0,'40261065',85,'Luis Anselmo','Salvador','BA','',NULL,'','','','','',1,0,0,'Brasileira','','Salvador','Rua Francisco Jorge ','906F15117B',1,'','','',0,NULL),(90,1,'ANDREZA',5,NULL,'Matheus','Cardoso','2022-03-11 14:51:00','02441251554','75991896666','matheus.mcas@gmail.com','TEX','I',14,'0963760580','1987-11-18',1,'41750166',331,'Armacao','Salvador','BA','',NULL,'','','','','',1,0,0,'Brasileiro','','Feira de Santana','Rua Rodolpho Coelho','1F321A66CE',0,'','','',0,NULL),(91,1,'ANDREZA',5,NULL,'mayana','bernardes','2022-03-14 15:53:00','00682108502','71991041253','mayanasantana@yahoo.com.br','TEX','A',14,'0827212976','1983-10-26',1,'41750110',455,'Armacao','salvador','BA','',NULL,'','','','','',1,0,0,'brasil','','salvador','rua gilberto amado','A549AFCE31',1,'','','',0,NULL),(92,1,'TARCIA',5,NULL,'Fernanda Leto','Duarte','2022-03-15 19:46:00','01344078575','71992351582','chulufernanda@gmail.com','TEX','A',14,'0973722932','1985-03-05',0,'41745130',7331,'Trobogy ','Salvador','BA','',NULL,'','','','','',1,0,0,'brasileiro','','','Av.Luiz Viana Filho ','51EC8E2893',1,'','','',0,NULL),(93,1,'TARCIA',5,NULL,'Tamiris','Rocha','2022-03-15 20:51:00','02577082517','71992479806','tam.engquimica@gmail.com','TEX','A',14,'1140703005','1989-01-13',0,'40470700',10,'Lobato ','Salvador ','BA','',NULL,'','','','','',2,0,0,'BRASILEIRA','','Salvador','Av Maritima','0EBD12189C',1,'','','',0,NULL),(94,1,'TARCIA',5,NULL,'Sabrina','Garcia  Nascimento','2022-03-17 13:57:00','79105483549','71993271633','ssantos182@gmail.com','TEX','A',14,'0740456016','1982-04-16',1,'40255265',235,'Vila laura','SALVADOR','BA','',NULL,'','','','','',1,0,0,'brasileira','','Salvador','lalita Costa','25AB9B2AB1',1,'','','',0,NULL),(95,1,'TARCIA',5,NULL,'Samanta','Martinez Vidal Longh','2022-03-17 14:00:00','82385890534','71991455538','samantavidal@hotmail.com','TEX','A',14,'0909453799','1982-11-12',0,'41701015',233,'Alphaville 1','Salvador','BA','',NULL,'','','','','',1,0,0,'Brasil','','Salvador Ba','Av. Alphaville','0DD38D6446',1,'','','',0,NULL),(96,1,'TARCIA',5,NULL,'Viviane crispim dos','Piedade','2022-03-17 14:02:00','03353542540','71999343836','vivianecpiedade31@gmail.com','TEX','A',14,'1284004040','1985-02-03',0,'41706670',176,'Boca do rio ','Salvador','BA','',NULL,'','','','','',1,0,0,'Brasileira','','Salvador ','71','446F493978',1,'','','',0,NULL),(97,1,'TARCIA',5,NULL,'Karina ','Domingues','2022-03-17 14:32:00','88782913587','77999755725','domingueskarina23@hotmail.com','TEX','A',14,'0703370120','1976-07-23',0,'40110170',369,'Canela','Salvador ','BA','',NULL,'','','','','',1,0,0,'Brasileira','','Paramim ','Rua Padre Feijó ','B91BA544B2',0,'','','',0,NULL),(98,1,'TARCIA',5,NULL,'Kamila Rustamovna ','Saatova ','2022-03-18 09:02:00','86147424521','48996905567','Kamilasurg@yahoo.com','TEX','A',14,'2379557098','1980-03-24',0,'40290160',39,'Ladeira do acupe ','Salvador ','BA','',NULL,'','','','','',1,0,0,'Uzbeque','','','Rua cliao arouca ','DF5F0E18A6',0,'','','',0,NULL),(99,1,'caroline',3,NULL,'LUCAS','MORAES','2022-03-18 11:34:00','05524984594','71983255881','lucasmoraesklein7@gmail.com','TIN','A',15,'1438246510','1994-09-15',1,'42700000',136,'Itinga','Lauro de Freitas','BA','Branca',NULL,'','','','','',1,0,0,'Brasileiro','','Corumb MS','42700000','657337BB0E',0,'','','',0,NULL),(100,1,'TARCIA',5,NULL,'Fabíola ','Menezes de Souza ','2022-03-18 17:00:00','79725295587','71987056440','Unybila@gmail.com','TEX','A',14,'0590441361','1981-05-14',0,'41610190',72,'Itapua','Salvador ','BA','',NULL,'','','','','',1,0,0,'Brasileira','','Salvador','Rua flor do bosque','C2232BB2E0',0,'','','',0,NULL),(104,1,'admin',NULL,NULL,'Valentina','Garcia Nascimento','2022-03-21 00:00:00','10132312522','','','TEX','A',NULL,'',NULL,1,'',0,'','','AC','','','','','','','',1,0,0,'','','','','137F073980',1,'','','',1,23),(105,1,'admin',NULL,NULL,'MARIA','FLOR GARCIA NASCIMENTO','2022-03-21 00:00:00','10132412586','','','TEX','A',NULL,'',NULL,1,'',0,'','','AC','','','','','','','',1,0,0,'','','','','B6B56B4DBF',1,'','','',1,24),(108,1,'admin',NULL,NULL,'JOÃO','PEDRO MAIA SOARES','2022-03-21 00:00:00','10755515528','','','TEX','A',NULL,'',NULL,1,'',0,'','','AC','','','','','','','',1,0,0,'','','','','C82642A491',1,'','','',1,63),(109,1,'nerivan',5,NULL,'Simony','Alves de Andrade','2022-03-21 15:56:00','93668503591','71988872778','simony.aa@hotmail.com','TEX','A',14,'2028490403',NULL,0,'41720420',128,'Imbui','Salvador','BA','',NULL,'','','','','',1,0,0,'Brasileiro','','Salvador','Rua do Albatroz, ','53A235AC2B',1,'','','',0,NULL),(110,1,'TARCIA',5,NULL,'Rafael ','de Andrade Couto','2022-03-30 19:10:00','08892304550','71988872778','simony.aa@hotmail.com','TEX','A',14,'2028490403','2009-05-16',1,'41720420',128,'Imbui','Salvador','BA','',NULL,'','','','','',1,0,0,'Brasileiro','','Salvador','Rua do Albatroz,','C20DA11E6D',1,'','','',1,NULL),(111,1,'taina',5,NULL,'Thaislane','Soares','2022-03-31 21:26:00','05802848596','71981014309','lanie43@hotmail.com','TEX','A',14,'1405235454','1994-01-19',0,'40270580',121,'Vila laura','Salvador ','BA','',NULL,'','','','','',1,0,0,'Brasileira','','Rio real','Trav prof luis ansel','4B73AD7343',1,'','','',0,NULL),(112,1,'TARCIA',5,NULL,'Claudia','Araujo','2022-04-06 17:03:00','02846871540','71992048473','calleite8@gmail.com','TEX','A',14,'0956096360','1988-02-01',0,'41350275',8036,'Nova Brasilia ','Salvador ','BA','',NULL,'','','','','',1,0,0,'Brasileira','','Salvador','Av Aliomar Baleeiro ','A580EC8051',1,'','','',0,NULL),(113,1,'TARCIA',5,NULL,'Rafael','Estrela Landim','2022-04-28 09:34:51','11484653599','71988546703','vyvyestrela@hotmail.com','TEX','A',14,'2359397907','2019-09-01',1,'41680111',455,'Patamares','Salvador','BA','',NULL,'','','','','',1,0,0,'Brasileira','','Salvador Ba','Rua Salgueiro ','2EBDC5497B',NULL,NULL,NULL,NULL,0,NULL),(114,1,'nerivan',5,NULL,'Iara Cardoso','Siquara Lemos','2022-05-11 16:20:00','83035435553','71988032747','iaracsiquara@yahoo.com.br','TEX','A',14,'0859007375','1983-02-08',0,'41098040',408,'Horto Bela Vista','Salvador','BA','',NULL,'','','','','',1,0,0,'Brasileira','','Salvador','Alameda dos Jardins','064DC1215E',1,'','','',0,NULL),(115,1,'',NULL,NULL,'Eduardo Silva Lemos Filho',NULL,'2022-05-11 16:22:26','11877706558',NULL,'','TEX',NULL,NULL,'',NULL,NULL,NULL,NULL,NULL,NULL,NULL,NULL,NULL,NULL,NULL,NULL,NULL,NULL,NULL,NULL,NULL,NULL,NULL,NULL,NULL,NULL,NULL,NULL,NULL,NULL,0,NULL),(116,1,'taina',5,NULL,'Larissa','Quintela','2022-05-25 06:26:00','00928804526','71999817575','larissaquintela@yahoo.com.br','TEX','A',14,'0908982739','1983-11-02',1,'41810425',387,'Pituba','Salvador','BA','',NULL,'','','','','',1,0,0,'Brasileira','','Salvador Bahia','Rua clara Nunes','107DC85956',1,'','','',0,NULL),(117,1,'',NULL,NULL,'LARISSA ','QUINTELA','2022-05-25 06:31:00','11363537555','71999817575','larissaquintela@yahoo.com.br','TEX',NULL,NULL,'','2019-06-20',0,'41810425',0,'Pituba','Salvador','BA','',NULL,'','','','','',1,0,0,'','','','Rua Clara Nunes','C23628F01E',1,'','','',0,NULL),(120,1,'TARCIA',5,NULL,'Lilian','Gama','2022-05-27 14:08:00','01391412516','71996845401','lilianfta@gmail.com','TEX','A',14,'0912563952','1983-08-13',0,'41810105',210,'Pituba','Salvador','BA','',NULL,'','','','','',1,0,0,'Brasileira','','Sao Bernardo do camp','41810105','128347D506',0,'','','',0,NULL),(121,1,'',NULL,NULL,'Felipe de Oliveira Gama Fortaleza.',NULL,'2022-05-27 14:14:56','04489537573',NULL,'','TEX',NULL,NULL,'',NULL,NULL,NULL,NULL,NULL,NULL,NULL,NULL,NULL,NULL,NULL,NULL,NULL,NULL,NULL,NULL,NULL,NULL,NULL,NULL,NULL,NULL,NULL,NULL,NULL,NULL,0,NULL),(122,1,'TARCIA',5,NULL,'Ana Cristina  ','Almeida de Sales ','2022-05-27 14:41:00','61718149549','71987685138','cris_salles@hotmail.com','TEX','A',14,'9353758680','1971-06-07',1,'40265255',181,'Matatu','Salvador','BA','',NULL,'','','','','',1,0,0,'Brasileira','','Salvador','Rua  Lalita  Costa','02403F8B19',0,'','','',0,NULL),(123,1,'caroline',NULL,NULL,'Maiara','Souza de Oliveira','2022-05-27 00:00:00','04422397508','71993336994','may_niw@hotmail.com','TEX','A',NULL,'1434017427',NULL,0,'',0,'CASTELO BRANCO','Salvador','BA','','','','','','','',1,0,0,'','','','RUA 35, QUADRA 16, 3ª ETAPA DE CASTELO BRANCO','618BC1C2E5',1,'','','',0,NULL),(124,1,'caroline',NULL,NULL,'NICOLLAS SOUZA DE OLIVEIRA CELESTINO',NULL,'2022-05-27 16:03:39','10085957569',NULL,'','TEX',NULL,NULL,'',NULL,NULL,NULL,NULL,NULL,NULL,NULL,NULL,NULL,NULL,NULL,NULL,NULL,NULL,NULL,NULL,NULL,NULL,NULL,NULL,NULL,NULL,NULL,NULL,NULL,NULL,1,56),(125,1,'amanda',NULL,NULL,'EMANUELLE','BRANDÃO','2022-05-27 00:00:00','89811860572','71993246609','raflesiabrandao@hotmail.com','TEX','A',NULL,'','2017-02-24',1,'',0,'','','BA','','','','','','','',1,0,0,'','','','','A1EB2D4C1E',0,'','','',0,NULL),(126,1,'amanda',NULL,NULL,'Gabriel','Nascimento','2022-05-27 00:00:00','09989334579','71992832364','pathyfisionutri@gmail.com','TEX','A',NULL,'','2017-12-24',1,'',0,'','','AC','','','','','','','',1,0,0,'','','','','A1B4090AED',1,'','','',0,NULL),(127,1,'amanda',NULL,NULL,'Giovanna','Bento','2022-05-27 00:00:00','61608530582','71999040758','cmatosaraujo@hotmail.com','TEX','A',NULL,'','2013-11-14',1,'',0,'','','AC','','','','','','','',1,0,0,'','','','','7CC246E0B5',1,'','','',0,NULL),(128,1,'amanda',NULL,NULL,'Gustavo','Laranjeira','2022-05-27 00:00:00','86386987551','71999470404','jaq300@bol.com.br','TEX','A',NULL,'','2007-12-10',1,'',0,'','','AC','','','','','','','',1,0,0,'','','','','2E2C69710A',0,'','','',0,NULL),(129,1,'amanda',NULL,NULL,'Heitor','Tavares','2022-05-27 00:00:00','11613383576','71992798683','adenilsson@yahoo.com.br','TEX','A',NULL,'','2021-11-16',1,'',0,'','','AC','','','','','','','',1,0,0,'','','','','EDD9E70316',1,'','','',0,NULL),(130,1,'amanda',NULL,NULL,'Ian','Barreto','2022-05-27 00:00:00','10443834539','71991588445','naibitencourt@hotmail.com','TEX','A',NULL,'','2018-05-29',1,'',0,'','','AC','','','','','','','',1,0,0,'','','','','5F2C81FC02',1,'','','',0,NULL),(131,1,'lucas',NULL,NULL,'Mariana','Benitez','2022-05-27 00:00:00','02371149500','71999687006','mariana_ma_@hotmail.com','TEX','A',NULL,'','2018-01-01',1,'',0,'','','AC','','','','','','','',1,0,0,'','','','','54AA9452BE',1,'','','',0,NULL),(132,1,'TARCIA',5,NULL,'JUÇARA','REIS SOUSA','2022-05-30 10:39:00','92058680510','71993470908','ju_reis76@yahoo.com.br','TEX','A',14,'0565138600','2017-07-16',0,'40260001',720,'MATATU','SALVADOR','BA','',NULL,'','','','','',1,0,0,'BRASILEIRA','','SALVADOR','RUA DOS BANDEIRANTES','C269BAFCF3',0,'','','',0,NULL),(133,1,'taina',NULL,NULL,'ELANA','SANTOS','2022-05-30 00:00:00','01495840590','71982314237','elana.barreto@yahoo.com.br','TEX','A',NULL,'',NULL,1,'',0,'','','AC','','','','','','','',1,0,0,'','','','','184CD37C20',1,'','','',0,NULL),(134,1,'taina',NULL,NULL,'HOZANA','LEMOS ','2022-05-30 00:00:00','61117773515','','','TEX','A',NULL,'',NULL,0,'',0,'','','AC','','','','','','','',1,0,0,'','','','','3660AE481E',1,'','','',0,NULL),(135,1,'lucas',NULL,NULL,'DANIELA','RIBEIRO','2022-05-30 00:00:00','78301327553','7196125413','danielaba_ribeiro@hotmail.com','TEX','A',NULL,'',NULL,1,'',0,'','','AC','','','','','','','',1,0,0,'','','','','BD05E7B262',1,'','','',0,NULL),(136,1,'taina',NULL,NULL,'THAIS','ROMAN','2022-05-30 00:00:00','01211383563','71988150662','','TEX','A',NULL,'',NULL,1,'',0,'','','AC','','','','','','','',1,0,0,'','','','','C7D006499F',1,'','','',0,NULL),(137,1,'lucas',NULL,NULL,'VANESKA','CHMIDT','2022-05-30 00:00:00','94270457520','71987283630','vaneska_schmidt@hormail.com','TEX','A',NULL,'558586600',NULL,1,'',0,'','','AC','','','','','','','',1,0,0,'','','','','15CA29010E',1,'','','',0,NULL),(138,1,'taina',NULL,NULL,'JOSÉ','ESBERARD','2022-05-30 00:00:00','','71999141915','','TEX','A',NULL,'',NULL,1,'',0,'','','AC','','','','','','','',1,0,0,'','','','','7718EA3467',1,'','','',0,NULL),(139,1,'lucas',NULL,NULL,'LÍVIA','PIMENTEL','2022-05-30 00:00:00','88636542553','71992462305','livialspimentell@gmail.com','TEX','A',NULL,'0648241955',NULL,1,'',0,'','','AC','','','','','','','',1,0,0,'','','','','80950D996A',1,'','','',0,NULL),(140,1,'nerivan',NULL,NULL,'BEATRIZ',' GONCALVES S BEZERRA','2022-05-30 00:00:00','01187464562','71981007373','beatrizbezerra79@gmail.com','TEX','A',NULL,'1172827400',NULL,1,'',0,'','','AC','','','','','','','',1,0,0,'','','','','31CF21D030',1,'','','',0,NULL),(141,1,'caroline',NULL,NULL,'MATHEUS XAVIER DE ARAUJO',NULL,'2022-05-30 16:26:38','09811254508',NULL,'','TEX',NULL,NULL,'',NULL,NULL,NULL,NULL,NULL,NULL,NULL,NULL,NULL,NULL,NULL,NULL,NULL,NULL,NULL,NULL,NULL,NULL,NULL,NULL,NULL,NULL,NULL,NULL,NULL,NULL,1,57),(142,1,'lucas',NULL,NULL,'PAULA','CRELIER','2022-05-30 00:00:00','02261473559','71987622536','paulacrelier.sio@hotmail.com','TEX','A',NULL,'',NULL,1,'',0,'','','AC','','','','','','','',1,0,0,'','','','','7302D989C7',1,'','','',0,NULL),(143,1,'nerivan',NULL,NULL,'EMANUELE','MENEZES COUTO','2022-05-30 00:00:00','79686583572','71999774344','emanuelecouto80@gmail.com','TEX','A',NULL,'',NULL,1,'',0,'','','AC','','','','','','','',1,0,0,'','','','','2E777BF2C0',1,'','','',0,NULL),(144,1,'nerivan',NULL,NULL,'GABRIEL CARVALHO ROMAN',NULL,'2022-05-30 16:37:33','11947206508',NULL,'','TEX',NULL,NULL,'',NULL,NULL,NULL,NULL,NULL,NULL,NULL,NULL,NULL,NULL,NULL,NULL,NULL,NULL,NULL,NULL,NULL,NULL,NULL,NULL,NULL,NULL,NULL,NULL,NULL,NULL,1,58),(145,1,'nerivan',NULL,NULL,'JACIARA','BATISTA','2022-05-30 00:00:00','00361056516','7196225561','jaciarapeixe@hotmail.com','TEX','A',NULL,'',NULL,1,'',0,'','','AC','','','','','','','',1,0,0,'','','','','441CBE02D7',1,'','','',0,NULL),(146,1,'STEFFANY',NULL,NULL,'JERUSA','PINTO','2022-05-30 00:00:00','00960763562','71991314108','jerusa_pinto@hotmail.com','TEX','A',NULL,'1012939251',NULL,1,'',0,'','','AC','','','','','','','',1,0,0,'','','','','884903786C',1,'','','',0,NULL),(147,1,'nerivan',NULL,NULL,'LAIS','COSTA DA SILVA','2022-05-30 00:00:00','85980198520','71991972517','laiscosta220@hotmail.com','TEX','A',NULL,'',NULL,0,'',0,'','','AC','','','','','','','',1,0,0,'','','','','6858957970',1,'','','',0,NULL),(148,1,'nerivan',NULL,NULL,'TATIANE','CORDEIRO MASCARENHAS ROMERO','2022-05-30 00:00:00','74390082515','71988935872','tatymasca@gmail.com','TEX','A',NULL,'',NULL,0,'',0,'','','AC','','','','','','','',1,0,0,'','','','','844E7C055B',1,'','','',0,NULL),(149,1,'STEFFANY',NULL,NULL,'TAMIRES','BITENCOURT','2022-05-30 00:00:00','04714678558','7499056299','thamiires383@gmail.com','TEX','A',NULL,'',NULL,1,'',0,'','','AC','','','','','','','',1,0,0,'','','','','3FA4272B75',1,'','','',0,NULL),(150,1,'lucas',NULL,NULL,'FABIANA','MESSIAS','2022-05-30 00:00:00','03168238562','71991511619','fabianamessias@gmail.com','TEX','A',NULL,'0992701619',NULL,1,'',0,'','','AC','','','','','','','',1,0,0,'','','','','F03129629B',1,'','','',0,NULL),(151,1,'STEFFANY',NULL,NULL,'GRAZIELE','REIS','2022-05-31 00:00:00','01513510584','71991155312','grazy.santos@hotmail.com','TEX','A',NULL,'',NULL,0,'',0,'CAMINHO DAS ARVORES','SALVADOR','BA','','','','','','','',1,0,0,'','','','RUA CLARIVAL DO PRADO VALADARES, 136, APT 1101','91BB4968E3',1,'','','',0,NULL),(152,1,'STEFFANY',NULL,NULL,'KILCY','FERRAZ','2022-05-31 00:00:00','04540150626','71991709146','kilcy.ferraz@pro.ucsal.br','TEX','A',NULL,'1343770',NULL,0,'',0,'','','AC','','','','','','','',1,0,0,'','','','','1D7D238788',1,'','','',0,NULL),(153,1,'amanda',NULL,NULL,'LILIA','SANTOS GUERRA','2022-05-31 00:00:00','00776900528','71993961343','liliasantosadv@yahoo.com.br','TEX','A',NULL,'0844464201',NULL,1,'',0,'','','AC','','','','','','','',1,0,0,'','','','','1F66C27D1A',1,'','','',0,NULL),(154,1,'caroline',NULL,NULL,'JOÃO GUILHERME SOUSA SANTOS',NULL,'2022-05-31 09:17:59','11202239544',NULL,'','TEX',NULL,NULL,'',NULL,NULL,NULL,NULL,NULL,NULL,NULL,NULL,NULL,NULL,NULL,NULL,NULL,NULL,NULL,NULL,NULL,NULL,NULL,NULL,NULL,NULL,NULL,NULL,NULL,NULL,1,59),(155,1,'caroline',NULL,NULL,'PEDRO SILVA REIS',NULL,'2022-05-31 09:37:21','09807466555',NULL,'','TEX',NULL,NULL,'',NULL,NULL,NULL,NULL,NULL,NULL,NULL,NULL,NULL,NULL,NULL,NULL,NULL,NULL,NULL,NULL,NULL,NULL,NULL,NULL,NULL,NULL,NULL,NULL,NULL,NULL,1,60),(156,1,'caroline',NULL,NULL,'RAFAEL COSTA FERRAZ',NULL,'2022-05-31 09:46:10','09751477573',NULL,'','TEX',NULL,NULL,'',NULL,NULL,NULL,NULL,NULL,NULL,NULL,NULL,NULL,NULL,NULL,NULL,NULL,NULL,NULL,NULL,NULL,NULL,NULL,NULL,NULL,NULL,NULL,NULL,NULL,NULL,1,61),(157,1,'caroline',NULL,NULL,'OTÁVIO SANTOS GUERRA',NULL,'2022-05-31 09:51:12','05377377230',NULL,'','TEX',NULL,NULL,'',NULL,NULL,NULL,NULL,NULL,NULL,NULL,NULL,NULL,NULL,NULL,NULL,NULL,NULL,NULL,NULL,NULL,NULL,NULL,NULL,NULL,NULL,NULL,NULL,NULL,NULL,1,62),(158,1,'STEFFANY',NULL,NULL,'EUGÊNIA','CUNHA','2022-05-31 00:00:00','80419143572','71991669367','m_eugeniaf@hotmail.com','TEX','A',NULL,'0784521476',NULL,0,'',0,'','','AC','','','','','','','',1,0,0,'','','','','3F7EDAB7E1',1,'','','',0,NULL),(159,1,'caroline',NULL,NULL,'MARINA FONSECA CUNHA',NULL,'2022-05-31 11:55:50','10164532560',NULL,'','TEX',NULL,NULL,'',NULL,NULL,NULL,NULL,NULL,NULL,NULL,NULL,NULL,NULL,NULL,NULL,NULL,NULL,NULL,NULL,NULL,NULL,NULL,NULL,NULL,NULL,NULL,NULL,NULL,NULL,1,63),(160,1,'caroline',NULL,NULL,'PRISCILLA','DE MELO TELLES','2022-05-31 00:00:00','05280754463','71991222624','priscillamelo21@hotmail.com','TEX','A',NULL,'',NULL,1,'',0,' CANDEAL','SALVADOR','BA','','','','','','','',1,0,0,'','','','RUA ALAMEDA DOS ANTUROS, N 102, APT 203','6B8BCD8780',1,'','','',0,NULL),(161,1,'caroline',NULL,NULL,'ANA LUIZA WIERING DE MELO TELLES',NULL,'2022-05-31 12:04:08','09635471513',NULL,'','TEX',NULL,NULL,'',NULL,NULL,NULL,NULL,NULL,NULL,NULL,NULL,NULL,NULL,NULL,NULL,NULL,NULL,NULL,NULL,NULL,NULL,NULL,NULL,NULL,NULL,NULL,NULL,NULL,NULL,1,64),(162,1,'STEFFANY',NULL,NULL,'MARINETE','OLIVEIRA','2022-05-31 00:00:00','03239673533','77991443118','CREUSAOLIVE@GMAIL.COM','TEX','A',NULL,'1487710330',NULL,0,'',0,'','','AC','','','','','','','',1,0,0,'','','','','F741B7A1E1',1,'','','',0,NULL),(163,1,'TARCIA',5,NULL,'Andresa','Lima Rocha','2022-05-31 15:06:00','05432848597','71992330785','and.mucuge@hotmail.com','TEX','A',14,'1299532292','1986-12-02',0,'41100730',23,'Pernambes','Salvador','BA','',NULL,'','','','','',1,0,0,'Brasileira','','Mucuge','Lote 06 quadra 08','EC476D87E5',1,'','','',0,NULL),(164,1,'STEFFANY',NULL,NULL,'ROSA','MATOS','2022-05-31 00:00:00','03369839563','71996436111','rosa_gurgel@hotmail.com','TEX','A',NULL,'2232030415',NULL,0,'',0,'','','AC','','','','','','','',1,0,0,'','','','','CEE6F22465',1,'','','',0,NULL),(165,1,'TARCIA',NULL,NULL,'ALICE ROCHA MAGALHÃES',NULL,'2022-05-31 15:13:16','11137242507',NULL,'','TEX',NULL,NULL,'',NULL,NULL,NULL,NULL,NULL,NULL,NULL,NULL,NULL,NULL,NULL,NULL,NULL,NULL,NULL,NULL,NULL,NULL,NULL,NULL,NULL,NULL,NULL,NULL,NULL,NULL,1,65),(166,1,'STEFFANY',NULL,NULL,'Luana','Araújo','2022-05-31 00:00:00','01783090529','71991234373','luadavi@hotmail.com','TEX','A',NULL,'1440815631',NULL,0,'',0,'','','AC','','','','','','','',1,0,0,'','','','','DAF3EA3AC9',1,'','','',0,NULL),(167,1,'TARCIA',5,NULL,'Catia','Brito','2022-05-31 15:22:00','91646278534','71987594237','Catia1555@hotmail.com','TEX','A',14,'0567046150','1978-10-15',0,'41227000',39,'Calabetao','Salvador','BA','',NULL,'','','','','',1,0,0,'Brasileira','','Salvador','Casa','7D106B7581',1,'','','',0,NULL),(168,1,'',NULL,NULL,'Sofia Oliveira Brito pinheiro',NULL,'2022-05-31 15:27:45','08931177577',NULL,'','TEX',NULL,NULL,'',NULL,NULL,NULL,NULL,NULL,NULL,NULL,NULL,NULL,NULL,NULL,NULL,NULL,NULL,NULL,NULL,NULL,NULL,NULL,NULL,NULL,NULL,NULL,NULL,NULL,NULL,0,NULL),(169,1,'caroline',NULL,NULL,'CÁSSIO','ABREU DE GOÉS','2022-05-31 00:00:00','01198437731','','claudiavaleriagoes@gmail.com','TEX','A',NULL,'',NULL,1,'',0,'PITUBA','SALVADOR','BA','','','','','','','',1,0,0,'','','','RUA CEARÁ Nº  853, APT. 1101, EDIFICIO CAETANA','03458EDECA',1,'','','',0,NULL),(170,1,'caroline',NULL,NULL,'DAVI VALÉRIO SILVA GÓES',NULL,'2022-05-31 16:05:26','06329358559',NULL,'','TEX',NULL,NULL,'',NULL,NULL,NULL,NULL,NULL,NULL,NULL,NULL,NULL,NULL,NULL,NULL,NULL,NULL,NULL,NULL,NULL,NULL,NULL,NULL,NULL,NULL,NULL,NULL,NULL,NULL,1,67),(171,1,'caroline',NULL,NULL,'DANILO HENRIQUE SILVA GOES','','2022-05-31 16:06:00','05957012564','','','TEX',NULL,NULL,'',NULL,1,'',0,'','','AC','',NULL,'','','','','',1,0,0,'','','','','5A0645AD13',1,'','','',1,68),(172,1,'caroline',NULL,NULL,'GUSTAVO R','PRAZERES','2022-05-31 00:00:00','91587956500','71981512385','betabartel@hotmail.com','TEX','A',NULL,'',NULL,1,'',0,'','','AC','','','','','','','',1,0,0,'','','','','D8E24024F7',1,'','','',0,NULL),(173,1,'caroline',NULL,NULL,'ALINE APOLÔNIO','DE SOUZA LIMA','2022-05-31 00:00:00','81547161515','71992246877','aline.apolo@hotmail.com','TEX','A',NULL,'0743469623','2018-08-17',1,'41680111',0,'PATAMARES','SALVADOR','BA','','','','','','','',1,0,0,'','','','RUA SALGUEIRO, 455, AP 203','4800620D86',1,'','','',0,NULL),(174,1,'caroline',NULL,NULL,'AMORA LOUISE DE SOUZA LIMA',NULL,'2022-05-31 16:39:43','86802592509',NULL,'','TEX',NULL,NULL,'',NULL,NULL,NULL,NULL,NULL,NULL,NULL,NULL,NULL,NULL,NULL,NULL,NULL,NULL,NULL,NULL,NULL,NULL,NULL,NULL,NULL,NULL,NULL,NULL,NULL,NULL,1,69),(175,1,'lucas',NULL,NULL,'ALINE','PEREIRA','2022-05-31 00:00:00','03763931570','71991869282','pereiradossantos.marcio@gmail.com','TEX','A',NULL,'1361976632',NULL,1,'',0,'','','AC','','','','','','','',1,0,0,'','','','','92E27A5700',1,'','','',0,NULL),(176,1,'caroline',NULL,NULL,'TAUANA','DA CRUZ SOUZA AZEVEDO','2022-05-31 00:00:00','03135832503','71993750181','tawcs@yahoo.com.br','TEX','A',NULL,'1310161488','1988-02-14',0,'',0,'STIEP','SALVADOR','BA','','','','','','','',1,0,0,'','','','RUA MARCIO BATISTA ','2A17F8B49D',1,'','','',0,NULL),(177,1,'caroline',NULL,NULL,'VALENTINA SOUZA AZEVEDO',NULL,'2022-05-31 17:16:29','11665583550',NULL,'','TEX',NULL,NULL,'',NULL,NULL,NULL,NULL,NULL,NULL,NULL,NULL,NULL,NULL,NULL,NULL,NULL,NULL,NULL,NULL,NULL,NULL,NULL,NULL,NULL,NULL,NULL,NULL,NULL,NULL,1,70),(178,1,'TARCIA',NULL,NULL,'Marise','lobo dos Santos','2022-06-01 00:00:00','04229090501','71991696680','mariselobodossantos@gmail.com','TEX','A',NULL,'',NULL,0,'',0,'centro','SALVADOR','BA','','','','','','','',2,0,0,'','','','RUA MANOEL RAIMUNDO DO SOUZA N°115','C9CEEB870A',1,'','','',0,NULL),(179,1,'TARCIA',NULL,NULL,'SOPHIA DOS SANTOS BARROS',NULL,'2022-06-01 10:50:38','08962401509',NULL,'','TEX',NULL,NULL,'',NULL,NULL,NULL,NULL,NULL,NULL,NULL,NULL,NULL,NULL,NULL,NULL,NULL,NULL,NULL,NULL,NULL,NULL,NULL,NULL,NULL,NULL,NULL,NULL,NULL,NULL,1,71),(180,1,'taina',NULL,NULL,'CARINE','DEUS','2022-06-01 00:00:00','02401209573','75997105256','carinealmeida8@hotmail.com','TEX','A',NULL,'',NULL,1,'41770395',0,'Stiep','Salvador','BA','','','','','','','',1,0,0,'','','','Rua Edístio Pondé','C3AD8C9E62',1,'','','',0,NULL),(181,1,'nerivan',NULL,NULL,'DAVI SOUZA SALES',NULL,'2022-06-01 15:58:23','08887043566',NULL,'','TEX',NULL,NULL,'',NULL,NULL,NULL,NULL,NULL,NULL,NULL,NULL,NULL,NULL,NULL,NULL,NULL,NULL,NULL,NULL,NULL,NULL,NULL,NULL,NULL,NULL,NULL,NULL,NULL,NULL,1,72),(182,1,'nerivan',NULL,NULL,'MAÍRA CARLA',' TELES RIBEIRO','2022-06-01 00:00:00','01759343552','71992588449','tellesmaira@hotmail.com','TEX','A',NULL,'',NULL,0,'',0,'','','AC','','','','','','','',1,0,0,'','','','','9E977E8D7F',1,'','','',0,NULL),(183,1,'nerivan',NULL,NULL,'RAFAELA','DORIA','2022-06-01 00:00:00','07398105452','71996973040','gaia.rafaela@gmail.com','TEX','A',NULL,'',NULL,0,'',0,'','','AC','','','','','','','',1,0,0,'','','','','2855F95D7E',1,'','','',0,NULL),(184,1,'nerivan',NULL,NULL,'THIAGO FILHO GAIA DUARTE DORIA',NULL,'2022-06-01 16:53:47','11526613530',NULL,'','TEX',NULL,NULL,'',NULL,NULL,NULL,NULL,NULL,NULL,NULL,NULL,NULL,NULL,NULL,NULL,NULL,NULL,NULL,NULL,NULL,NULL,NULL,NULL,NULL,NULL,NULL,NULL,NULL,NULL,1,73),(185,1,'nerivan',NULL,NULL,'ANA LAURA GAIA DUARTE DORIA','','2022-06-01 17:03:00','54563027804','','','TEX',NULL,NULL,'',NULL,1,'',0,'','','AC','',NULL,'','','','','',1,0,0,'','','','','71511D2033',1,'','','',1,74),(186,1,'caroline',NULL,NULL,'VITOR WIERING DE MELO TELLES','','2022-06-02 08:39:00','11066927561','','','TEX',NULL,NULL,'',NULL,1,'',0,'','','AC','',NULL,'','','','','',1,0,0,'','','','','DAA88C1B9B',1,'','','',1,75),(187,1,'amanda',NULL,NULL,'Gabriel','Santos','2022-06-02 00:00:00','86548850505','71986268593','silvia21davi@gmail.com','TEX','A',NULL,'','2017-01-08',1,'',0,'','','BA','','','','','','','',1,0,0,'','','','','79D9C6946A',0,'','','',0,NULL),(188,1,'amanda',NULL,NULL,'Eloah','Lemos','2022-06-02 00:00:00','10750454520','71999083456','werena_costa@yahoo.com.br','TEX','A',NULL,'','2018-10-20',1,'',0,'','','BA','','','','','','','',1,0,0,'','','','','ED9AD3B92D',1,'','','',0,NULL),(189,1,'TARCIA',5,NULL,'Sibele ','Lima ','2022-06-03 12:13:00','02233098501','71993781588','sibelelima64@gmail.com','TEX','A',14,'0975704940','1985-01-12',0,'41680100',124,'Paralela ','Salvações ','BA','',NULL,'','','','','',1,0,0,'Brasileira','','Ba','Av. Luís Viana Filho','B055127004',1,'','','',0,NULL),(190,1,'STEFFANY',NULL,NULL,'NIVEA','DOREA','2022-06-03 00:00:00','92150870525','71991636044','niveasantossousa@hotmail.com','TEX','A',NULL,'0519082044',NULL,0,'',0,'CASTELO BRANCO','','AC','','','','','','','',1,0,0,'','','','','4290F81031',0,'','','',0,NULL),(191,1,'STEFFANY',NULL,NULL,'LÉIA','MENEZES','2022-06-03 00:00:00','80321615549','71996866153','leiamenezes@hotmail.com','TEX','A',NULL,'1137981725',NULL,1,'',0,'','','AC','','','','','','','',1,0,0,'','','','','BFBB273B0A',1,'','','',0,NULL),(192,1,'STEFFANY',NULL,NULL,'MILENA','JANSEN','2022-06-03 00:00:00','09204656760','71999790472','designermilenajansen@gamil.com','TEX','A',NULL,'0946606807',NULL,1,'',0,'','','AC','','','','','','','',1,0,0,'','','','','65D8BD327A',0,'','','',0,NULL),(193,1,'STEFFANY',NULL,NULL,'ANNE','CLEMENT','2022-06-03 00:00:00','01279791586','71999035605','anne-mkt@hotmail.com','TEX','A',NULL,'1012791586',NULL,0,'',0,'','','AC','','','','','','','',1,0,0,'','','','','F9D36968CA',1,'','','',0,NULL),(194,1,'nerivan',NULL,NULL,'MARIANA',' ACCIOLY','2022-06-06 00:00:00','79568530525','71991575812','mariaaccioly@hotmaill.com','TEX','A',NULL,'',NULL,0,'',0,'','','AC','','','','','','','',1,0,0,'','','','','ED2FBD7D33',1,'','','',0,NULL),(195,1,'lucas',NULL,NULL,'RENER','ANSELMO','2022-06-06 00:00:00','50742299520','71988258363','JANECOELHO@YAHOO.COM.BR','TEX','A',NULL,'2511547',NULL,1,'',0,'','','AC','','','','','','','',1,0,0,'','','','','81DC54580D',1,'','','',0,NULL),(196,1,'lucas',NULL,NULL,'MONALIZA','NUNES','2022-06-06 00:00:00','03038468525','71991140622','nmonaliza135@gamil.com','TEX','A',NULL,'',NULL,1,'',0,'','','AC','','','','','','','',1,0,0,'','','','','E2CA89A196',1,'','','',0,NULL),(197,1,'lucas',NULL,NULL,'IZADORA MARIA','BRANDÃO','2022-06-06 00:00:00','94156522504','71982822626','isadorabrandao@yahoo.com.br','TEX','A',NULL,'0701271078',NULL,0,'',0,'','','AC','','','','','','','',1,0,0,'','','','','44A445816E',1,'','','',0,NULL),(198,1,'lucas',NULL,NULL,'MATEUS COELHO','ANSELMO','2022-06-07 11:33:00','07017572564','','','TEX',NULL,NULL,'',NULL,1,'',0,'','','AC','',NULL,'','','','','',1,0,0,'','','','','8A07CD95D0',1,'','','',1,76),(199,1,'lucas',NULL,NULL,'DANIELA',' ALVES','2022-06-07 00:00:00','95894349591','74991162426','dani_baqueiro@hotmail.com','TEX','A',NULL,'',NULL,1,'',0,'','','AC','','','','','','','',1,0,0,'','','','','51A6F4EABD',0,'','','',0,NULL),(200,1,'taina',NULL,NULL,'CAMILA','ANJOS','2022-06-07 00:00:00','08091417446','81999788089','','TEX','A',NULL,'',NULL,1,'',0,'','','AC','','','','','','','',1,0,0,'','','','','13FACC7D5E',1,'','','',0,NULL),(201,1,'taina',NULL,NULL,'DIEGO BRANDÃO RAMALHO COSTA',NULL,'2022-06-07 14:26:34','06532177571',NULL,'','TEX',NULL,NULL,'',NULL,NULL,NULL,NULL,NULL,NULL,NULL,NULL,NULL,NULL,NULL,NULL,NULL,NULL,NULL,NULL,NULL,NULL,NULL,NULL,NULL,NULL,NULL,NULL,NULL,NULL,1,77),(202,1,'taina',NULL,NULL,'JULIO','CESAR','2022-06-07 00:00:00','80030149568','71993314413','','TEX','A',NULL,'',NULL,1,'',0,'','','AC','','','','','','','',1,0,0,'','','','','B68F46C210',1,'','','',0,NULL),(203,1,'lucas',NULL,NULL,'CAROLINA',' CASTRO','2022-06-07 00:00:00','02845455542','71992323305','caroldultro@hotmail.com','TEX','A',NULL,'',NULL,1,'',0,'','','AC','','','','','','','',1,0,0,'','','','','5B6C860266',1,'','','',0,NULL),(204,1,'lucas',NULL,NULL,'RENATA','LOIOLA','2022-06-07 00:00:00','81747969591','71999097865','renatasetenta@hotmail.com','TEX','A',NULL,'',NULL,0,'',0,'','','AC','','','','','','','',1,0,0,'','','','','9AE52055DC',1,'','','',0,NULL),(205,1,'nerivan',NULL,NULL,'EDCREUZA',' NARCISO DE OLIVEIRA','2022-06-07 00:00:00','01461860520','71993334756','keunutri@gmail.com','TEX','A',NULL,'',NULL,1,'',0,'','','AC','','','','','','','',1,0,0,'','','','','4E23598AF3',1,'','','',0,NULL),(206,1,'nerivan',NULL,NULL,'CLAUDIA','NAVARRO SOUTO VIEIRA','2022-06-08 00:00:00','79135609591','71996944679','solto.claudia@gmail.com','TEX','A',NULL,'',NULL,0,'',0,'','','AC','','','','','','','',1,0,0,'','','','','48687C66EB',1,'','','',0,NULL),(207,1,'nerivan',NULL,NULL,'LILIANNAYRA',' ROMARIZ ASSUMPÇÃP CARDOSO DE AZEVEDO','2022-06-08 00:00:00','02826914561','71999098550','lilian.nayra@hotmail.com','TEX','A',NULL,'',NULL,1,'',0,'','','AC','','','','','','','',1,0,0,'','','','','9E8206C79E',1,'','','',0,NULL),(208,1,'nerivan',NULL,NULL,'KEILA',' ANDADRE DE OLIVEIRA FIGUEIREDO','2022-06-08 00:00:00','05530880410','11951464263','diogenesdiego1988@hotmail.com','TEX','A',NULL,'',NULL,0,'',0,'','','AC','','','','','','','',1,0,0,'','','','','CD185109CC',1,'','','',0,NULL),(209,1,'amanda',NULL,NULL,'Eric','Gobatto','2022-06-08 00:00:00','71773017128','71999740774','samanthamalvezzi@gmail.com','TEX','A',NULL,'',NULL,1,'',0,'','','BA','','','','','','','',1,0,0,'','','','','0FEC3C24DA',1,'','','',0,NULL),(210,1,'nerivan',NULL,NULL,'THAISE',' SALDANHA DE ALBUQUERQUE','2022-06-08 00:00:00','03546422511','71994063214','thaisesa@gmail.com','TEX','A',NULL,'',NULL,0,'',0,'','','AC','','','','','','','',1,0,0,'','','','','500962413F',1,'','','',0,NULL),(211,1,'amanda',NULL,NULL,'Marco','Soares','2022-06-08 00:00:00','80059260572','71992441633','adilasilva@hotmail.com','TEX','A',NULL,'',NULL,1,'',0,'','','BA','','','','','','','',1,0,0,'','','','','73D3356AC3',1,'','','',0,NULL),(212,1,'nerivan',NULL,NULL,'WERENA',' SOUZA COSTA LEMOS','2022-06-08 00:00:00','01984480588','71999083456','werena_costa@yahoo.com.br','TEX','A',NULL,'',NULL,0,'',0,'','','AC','','','','','','','',1,0,0,'','','','','9D7E1AC7AF',1,'','','',0,NULL),(213,1,'amanda',NULL,NULL,'Flavia','Parish','2022-06-08 00:00:00','82205825534','71997272114','flaviaparish@gmail.com','TEX','A',NULL,'',NULL,1,'',0,'','','AC','','','','','','','',1,0,0,'','','','','A354E6180A',0,'','','',0,NULL),(214,1,'amanda',NULL,NULL,'Fernanda Parish',NULL,'2022-06-08 15:03:20','08990092558',NULL,'','TEX',NULL,NULL,'',NULL,NULL,NULL,NULL,NULL,NULL,NULL,NULL,NULL,NULL,NULL,NULL,NULL,NULL,NULL,NULL,NULL,NULL,NULL,NULL,NULL,NULL,NULL,NULL,NULL,NULL,1,78),(215,1,'lucas',NULL,NULL,'LUCAS COELHO ANSELMO','','2022-06-08 15:10:00','07017544510','','','TEX',NULL,NULL,'',NULL,1,'',0,'','','AC','',NULL,'','','','','',1,0,0,'','','','','A03531AF5D',1,'','','',1,79),(218,1,'lucas',NULL,NULL,'MAÍRA','PAIVA RIOS','2022-06-09 00:00:00','74766198204','71991525797','bremmat@hotmail.com','TEX','A',NULL,'',NULL,1,'',0,'','','AC','','','','','','','',1,0,0,'','','','','F71845A762',1,'','','',0,NULL),(219,1,'STEFFANY',NULL,NULL,'MARCO','EPSTEIN','2022-06-13 00:00:00','48586226572','7199373615','betaeps@hotmail.com','TEX','A',NULL,'',NULL,1,'',0,'','','AC','','','','','','','',1,0,0,'','','','','A79B3B0232',1,'','','',0,NULL),(220,1,'STEFFANY',NULL,NULL,'JULIANA','DANTAS','2022-06-14 00:00:00','01706827571','7198394328','juli_fisio15@hotmail.com','TEX','A',NULL,'0936050100',NULL,0,'',0,'','','AC','','','','','','','',1,0,0,'','','','','04FAA190E2',1,'','','',0,NULL),(221,1,'STEFFANY',NULL,NULL,'SAMANTHA','NOGUEIRA','2022-07-04 00:00:00','80741398591','71996891443','nogueiramoreira@gmail.com','TEX','A',NULL,'849596653','1980-10-12',1,'',0,'','','AC','','','','','','','',1,0,0,'','','','','16EB10E560',1,'','','',0,NULL),(222,1,'nerivan',NULL,NULL,'DANIELA','OLIVEIRA VIANNA','2022-07-07 00:00:00','03140492588','','daniela-vianna@hotmail.com','TEX','A',NULL,'',NULL,0,'',0,'','','AC','','','','','','','',1,0,0,'','','','','F24518E2FF',1,'','','',0,NULL),(223,1,'STEFFANY',NULL,NULL,'Priscilla','Suarez','2022-07-07 00:00:00','82532460563','71986780014','suarez.priscila@gmail.com','TEX','A',NULL,'0907107621',NULL,1,'',0,'','','AC','','','','','','','',1,0,0,'','','','','BAD20B272A',1,'','','',0,NULL),(224,1,'STEFFANY',NULL,NULL,'Natalice','Neri','2022-07-08 00:00:00','00706486544','71986843990','liceneri@hotmail.com','TEX','A',NULL,'',NULL,1,'',0,'','','AC','','','','','','','',1,0,0,'','','','','1D5117F3D7',1,'','','',0,NULL),(225,1,'STEFFANY',NULL,NULL,'Leandro','Santos','2022-07-08 00:00:00','03646699507','71985118710','leandrolander23@gmail.com','TEX','A',NULL,'1161704418',NULL,1,'',0,'','','AC','','','','','','','',1,0,0,'','','','','C9E166EB2A',1,'','','',0,NULL),(226,1,'STEFFANY',NULL,NULL,'Tatiana','Novais','2022-07-08 00:00:00','00116299592','71992557304','ftatati@hotmail.com','TEX','A',NULL,'0790726238',NULL,0,'',0,'','','AC','','','','','','','',1,0,0,'','','','','F4F8B5CA1F',1,'','','',0,NULL),(227,1,'STEFFANY',NULL,NULL,'Joana','Villasboas','2022-07-08 00:00:00','79554580525','71991122646','joanamvx@gmail.com','TEX','A',NULL,'',NULL,0,'',0,'','','AC','','','','','','','',1,0,0,'','','','','02DA8BA4D5',1,'','','',0,NULL),(228,1,'nerivan',NULL,NULL,'MANOEL','SOUZA JUNIOR','2022-07-09 00:00:00','90395492572','71982317302','mbbsj76@gmail.com','TEX','A',NULL,'',NULL,1,'',0,'','','AC','','','','','','','',1,0,0,'','','','','1F421E6AC1',1,'','','',0,NULL),(229,1,'Amanda',NULL,NULL,'Hanna','dos Santos','2022-07-13 00:00:00','11990560571','71987602925','hanna.452@gmail.com','TEX','A',NULL,'',NULL,1,'',0,'','','BA','','','','','','','',1,0,0,'','','','','A383F36ABC',1,'','','',0,NULL),(230,1,'nerivan',NULL,NULL,'MÁRCIA','ARAÚJO DE FREITAS LIMA','2022-07-14 00:00:00','75917424500','71999960503','marciaaraujo76@gmail.com','TEX','A',NULL,'',NULL,0,'',0,'','','AC','','','','','','','',1,0,0,'','','','','C9C335A449',1,'','','',0,NULL),(231,1,'lucas',NULL,NULL,'ALINE','CASAIS','2022-07-14 00:00:00','03285425555','71992304724','alinecasaist@hotmail.com','TEX','A',NULL,'1145333265',NULL,1,'',0,'','','AC','','','','','','','',1,0,0,'','','','','6CC8F2D5F4',1,'','','',0,NULL),(232,1,'caroline',3,NULL,'Milena ','Carvalho Dos Santos ','2022-07-18 16:32:00','86334619519','71991240348','pacievitch@hotmail.com','TIN','A',15,'2025964862','1997-12-30',0,'40240090',220,'Eng velho de Brotas ','Salvador ','BA','Preta',NULL,'','','','','',1,0,0,'Brasileira','','Soteropolitana ','Av vasco da gama ','16476E2D4B',0,'','','',0,NULL),(233,1,'caroline',5,NULL,'ANDRESSA','MOTA','2022-07-19 11:22:00','03251843567','71996091841','andressa.mota@hotmail.com','TIN','A',14,'1120675308','1990-04-13',1,'41194105',104,'DORON','SALVADOR','BA','PARDA',NULL,'06318213117','','','','',2,0,0,'BRASILEIRA','','CONCEICAO DO COITE','RUA CIDALIA MENEZES','7A0809188A',1,'','','',0,NULL),(234,1,'',NULL,NULL,'MURILLO MOTA DIAS',NULL,'2022-07-19 11:24:19','09931390514',NULL,'','TEX',NULL,NULL,'',NULL,NULL,NULL,NULL,NULL,NULL,NULL,NULL,NULL,NULL,NULL,NULL,NULL,NULL,NULL,NULL,NULL,NULL,NULL,NULL,NULL,NULL,NULL,NULL,NULL,NULL,0,NULL),(235,1,'CAROLINE',NULL,NULL,'ANDRÉ LUIZ','GUERREIRO BISPO','2022-07-25 00:00:00','93125097568','71987699901','julianaaj69@gmail.com','TEX','A',NULL,'0596478844',NULL,1,'',0,'VILA LAURA','SALVADOR','BA','','','','','','','',1,0,0,'','','','R GENESIO SALES 692 RESIDEN VILA LAU','792E632019',1,'','','',0,NULL),(236,1,'CAROLINE',NULL,NULL,'ANA LUIZA DE ARAUJO BISPO',NULL,'2022-07-25 11:47:49','07528534579',NULL,'','TEX',NULL,NULL,'',NULL,NULL,NULL,NULL,NULL,NULL,NULL,NULL,NULL,NULL,NULL,NULL,NULL,NULL,NULL,NULL,NULL,NULL,NULL,NULL,NULL,NULL,NULL,NULL,NULL,NULL,1,83),(237,1,'CAROLINE',NULL,NULL,'AMANDA','FERNANDES GERMANO MACHADO','2022-07-25 00:00:00','02527800513','71987907444','amregistro@hotmail.com','TEX','A',NULL,'0940696460',NULL,0,'41150000',59,'Cabula','Salvador','BA','','','','','','','',1,0,0,'','','','Rua Silveira Martins','A07EC5604A',1,'','','',0,NULL),(238,1,'CAROLINE',NULL,NULL,'ANA CARLA','MENDES DE JESUS','2022-07-25 00:00:00','78021138572','71986691399','carladinda@yahoo.com.br','TEX','A',NULL,'',NULL,0,'',0,'','','AC','','','','','','','',1,0,0,'','','','','C27CC9E2AB',1,'','','',0,NULL),(239,1,'CAROLINE',NULL,NULL,'ARTHUR MENDES BRITO','','2022-07-25 12:04:00','10425334589','','','TEX',NULL,NULL,'',NULL,1,'41290790',0,'','Salvador','BA','',NULL,'','','','','',1,0,0,'','','','Rua Flor de Maio','6898DCAA93',1,'','','',1,84),(240,1,'caroline',NULL,NULL,' HELEN DANIELE','DAMASCENO DA SILVA','2022-07-25 00:00:00','06456462533','71992629931','helendanieledafonseca@hotmail.com','TEX','A',NULL,'',NULL,0,'',39,'BAIXA DE MATATU','SALVADOR','BA','','','','','','','',1,0,0,'','','','RUA EDSON SALDANHA','5083DEA70D',1,'','','',0,NULL),(241,1,'caroline',NULL,NULL,'ARTHUR BRYAN DAMACENO DA SILVA',NULL,'2022-07-25 13:40:31','09940117507',NULL,'','TEX',NULL,NULL,'',NULL,NULL,NULL,NULL,NULL,NULL,NULL,NULL,NULL,NULL,NULL,NULL,NULL,NULL,NULL,NULL,NULL,NULL,NULL,NULL,NULL,NULL,NULL,NULL,NULL,NULL,1,85),(242,1,'caroline',NULL,NULL,'PAULINE','DA SILVA BARRETO GONZAGA','2022-07-25 00:00:00','93147511553','71987449447','paulinebarreto@hotmail.com','TEX','A',NULL,'0669761540',NULL,0,'',0,'','','AC','','','','','','','',1,0,0,'','','','','308798BFDE',1,'','','',0,NULL),(243,1,'caroline',NULL,NULL,'ARTHUR BARRETO GONZAGA',NULL,'2022-07-25 13:55:00','11156337593',NULL,'','TEX',NULL,NULL,'',NULL,NULL,NULL,NULL,NULL,NULL,NULL,NULL,NULL,NULL,NULL,NULL,NULL,NULL,NULL,NULL,NULL,NULL,NULL,NULL,NULL,NULL,NULL,NULL,NULL,NULL,1,86),(244,1,'CAROLINE',NULL,NULL,'THAIS',' GUALBERTO DE ALMEIDA SILVA','2022-07-25 00:00:00','94610959534','71993201144','habazazapeu@gmail.com','TEX','A',NULL,'0748271546',NULL,0,'41830390',0,'Pituba','Salvador','BA','','','','','','','',1,0,0,'','','','Rua Pernambuco','D69D2E8459',1,'','','',0,NULL),(245,1,'CAROLINE',NULL,NULL,'PEDRO LOURENÇO GUALBERTO SILVA','','2022-07-25 17:28:00','11136169547','','','TEX',NULL,NULL,'',NULL,1,'',0,'','','AC','',NULL,'','','','','',1,0,0,'','','','','78AF25DBEE',1,'','','',1,87),(246,1,'CAROLINE',NULL,NULL,'ISAAC LOURENÇO GUALBERTO SILVA','','2022-07-25 17:31:00','11136167501','','','TEX',NULL,NULL,'',NULL,1,'',0,'','','AC','',NULL,'','','','','',1,0,0,'','','','','AE59E2339A',1,'','','',1,88),(247,1,'CAROLINE',NULL,NULL,'JOÃO PEDRO FIUZA SOARES','','2022-07-25 17:40:00','09715036562','','','TEX',NULL,NULL,'',NULL,1,'',0,'','','AC','',NULL,'','','','','',1,0,0,'','','','','9C0C068277',1,'','','',1,89),(248,1,'CAROLINE',NULL,NULL,'GABRIEL FIUZA SOARES',NULL,'2022-07-25 17:41:13','09084605543',NULL,'','TEX',NULL,NULL,'',NULL,NULL,NULL,NULL,NULL,NULL,NULL,NULL,NULL,NULL,NULL,NULL,NULL,NULL,NULL,NULL,NULL,NULL,NULL,NULL,NULL,NULL,NULL,NULL,NULL,NULL,1,90),(249,1,'CAROLINE',NULL,NULL,'ALBINO','GABRIEL CAJAHYBA ROCHA','2022-07-25 00:00:00','61490792520','71999690768','cajahyba@uol.com.br','TEX','A',NULL,'273703218',NULL,1,'41098040',408,'Horto Bela Vista','Salvador','BA','','','','','','','',1,0,0,'','','','Alameda dos Jardins','E8B84EE99B',1,'','','',0,NULL),(250,1,'CAROLINE',NULL,NULL,'ERIC BASTOS CAJAHYBA',NULL,'2022-07-25 17:57:51','09647879547',NULL,'','TEX',NULL,NULL,'',NULL,NULL,NULL,NULL,NULL,NULL,NULL,NULL,NULL,NULL,NULL,NULL,NULL,NULL,NULL,NULL,NULL,NULL,NULL,NULL,NULL,NULL,NULL,NULL,NULL,NULL,1,91),(252,1,'Ana',5,NULL,'Georgia Iseult ','Gomes Malhado','2022-07-25 18:19:00','03161476565','71987261595','georgiamalhado@yahoo.com.br','TEX','A',14,'1208516957','1987-09-19',0,'41750166',367,'Armacao','Salvador ','BA','',NULL,'','','','','',1,0,0,'Brasil','','Feira de Santana ','Rua Rodolfo coelho ','90287F2F65',1,'','','',0,NULL),(253,1,'Ana',5,NULL,' Aline ','Costa','2022-07-25 19:24:00','80552358568','71988959816','line_mel@hotmail.com','TEX','A',14,'0736910204','1982-01-19',0,'41750000',260,'Armacao ','Salvador','BA','',NULL,'','','','','',1,0,0,'Brasileira','','Salvador','Rua General Bráulio ','13A2146A12',1,'','','',0,NULL),(254,1,'Ana',5,NULL,'Jeanne Carolina ','Eitor Cid Lima','2022-07-26 08:14:08','07758234739','71987875220','jeannecid@yahoo.com.br','TEX','A',14,'113172522','1979-06-05',0,'41680111',455,'Patamares','Salvador','BA','',NULL,'','','','','',1,0,0,'Brasileira','','Rio de Janeiro ','Rua Salgueiro ','A4D9745097',NULL,NULL,NULL,NULL,0,NULL),(255,1,'nerivan',NULL,NULL,'FABIANA','SOUZA','2022-07-26 00:00:00','93132808504','71999255250','psifabiana2014@gmail.com','TEX','A',NULL,'',NULL,0,'',0,'','','AC','','','','','','','',1,0,0,'','','','','3BBD828F3F',1,'','','',0,NULL),(256,1,'nerivan',NULL,NULL,'ELIANA','DA SILVA ALVES','2022-07-26 00:00:00','78193630530','71983361809','amor_tcheliu@hotmail.com','TEX','A',NULL,'',NULL,0,'',0,'','','AC','','','','','','','',1,0,0,'','','','','027CB282A0',1,'','','',0,NULL),(257,1,'lucas',NULL,NULL,'TALITA','VIEIRA DE CALDAS NASCIMENTO','2022-07-26 00:00:00','80369782534','7191513006','tali_lee@hotmail.com','TEX','A',NULL,'0635619644',NULL,1,'',0,'','','AC','','','','','','','',1,0,0,'','','','','0083461233',1,'','','',0,NULL),(258,1,'nerivan',NULL,NULL,'JOICEMARA',' CASTRO MASCARENHAS','2022-07-26 00:00:00','80589910582','71987297255','aramecioj@gmail.com','TEX','A',NULL,'',NULL,0,'',0,'','','AC','','','','','','','',1,0,0,'','','','','9E5A81C162',1,'','','',0,NULL),(259,1,'lucas',NULL,NULL,'LUCAS','RAMACCIOTTI','2022-07-26 00:00:00','01437736580','71999558778','robertacavalcante8@gmail.com','TEX','A',NULL,'0843153504',NULL,1,'',0,'','','AC','','','','','','','',1,0,0,'','','','','A445D4BEBB',1,'','','',0,NULL),(260,1,'Amanda',NULL,NULL,'PAULA','CRELIER','2022-07-27 00:00:00','11322944520','71987622536','','TEX','A',NULL,'',NULL,1,'',0,'','','AC','','','','','','','',1,0,0,'','','','','09A87BC3D2',1,'','','',0,NULL),(261,1,'Amanda',NULL,NULL,'Tais','Novaes','2022-07-29 00:00:00','10512570507','71987805146','','TEX','A',NULL,'',NULL,1,'',0,'','','AC','','','','','','','',1,0,0,'','','','','C77E81FD72',1,'','','',0,NULL),(262,1,'Amanda',NULL,NULL,'Michele','Soares','2022-07-29 00:00:00','10612400530','71996410714','','TEX','A',NULL,'',NULL,1,'',0,'','','AC','','','','','','','',1,0,0,'','','','','104EDD0DBF',1,'','','',0,NULL),(264,1,'nerivan',NULL,NULL,'CAMILA',' SILVA CASTRO','2022-07-29 00:00:00','02494789516','71988251697','milacastro21@hotmail.com','TEX','A',NULL,'',NULL,0,'',0,'','','AC','','','','','','','',1,0,0,'','','','','5CB0CC4531',1,'','','',0,NULL),(265,1,'nerivan',NULL,NULL,'LILIANE',' SANTANA','2022-07-29 00:00:00','04396720580','71997206333','lilianesantana27@hotmail.com','TEX','A',NULL,'',NULL,0,'',0,'','','AC','','','','','','','',1,0,0,'','','','','EF7E84A643',1,'','','',0,NULL),(266,1,'admin',5,NULL,'Teste ','Sistema ','2022-07-29 16:45:17','66150512061','71938484899','matheus.pimentel@sgnsistemas.com.br','TEX','A',14,'143429218','1994-07-18',1,'68907180',120,'Vila Rodrigues','Salvador','BA','',NULL,'','','','','',1,0,0,'Brasileiro','','Brasileiro','Rua Coronel Miranda ','209E77B59B',NULL,NULL,NULL,NULL,0,NULL),(267,1,'',NULL,NULL,'Teste agora 1',NULL,'2022-07-29 16:46:41','20847738060',NULL,'','TEX',NULL,NULL,'',NULL,NULL,NULL,NULL,NULL,NULL,NULL,NULL,NULL,NULL,NULL,NULL,NULL,NULL,NULL,NULL,NULL,NULL,NULL,NULL,NULL,NULL,NULL,NULL,NULL,NULL,0,NULL),(268,1,'',NULL,NULL,'Teste agora 2',NULL,'2022-07-29 16:48:48','14476823009',NULL,'','TEX',NULL,NULL,'',NULL,NULL,NULL,NULL,NULL,NULL,NULL,NULL,NULL,NULL,NULL,NULL,NULL,NULL,NULL,NULL,NULL,NULL,NULL,NULL,NULL,NULL,NULL,NULL,NULL,NULL,0,NULL),(269,1,'nerivan',NULL,NULL,'LARISSA','A C RESENDE PERES','2022-08-01 00:00:00','02521553514','7188301313','larissa@dacultura.com.br','TEX','A',NULL,'',NULL,0,'',0,'','','AC','','','','','','','',1,0,0,'','','','','B82EFF0D2E',1,'','','',0,NULL),(270,1,'lucas',NULL,NULL,'LUCELIA','COUTINHO','2022-08-01 00:00:00','00108658538','68984254244','luceliadfm@hotmail.com','TEX','A',NULL,'0733863833',NULL,1,'',0,'','','AC','','','','','','','',1,0,0,'','','','','77AE1B3404',1,'','','',0,NULL),(271,1,'lucas',NULL,NULL,'FELIPE DIAS FELIX MARTINS COUTINHO',NULL,'2022-08-01 17:15:43','10285664506',NULL,'','TEX',NULL,NULL,'',NULL,NULL,NULL,NULL,NULL,NULL,NULL,NULL,NULL,NULL,NULL,NULL,NULL,NULL,NULL,NULL,NULL,NULL,NULL,NULL,NULL,NULL,NULL,NULL,NULL,NULL,1,95),(272,1,'nerivan',5,NULL,'Joane','Soares Dionísio ','2022-08-01 17:16:00','04768897584','75999746691','joanempaulista@icloud.com','TEX','A',14,'1157336205','1991-02-04',0,'48500000',478,'Centro','Euclides da cunha ','BA','',NULL,'','','','','',1,0,0,'Brasileira','','Euclides da cunha ','Rua Joaquim Santana ','269E83C91B',1,'','','',0,NULL),(273,1,'lucas',NULL,NULL,'PALOMA','FARIAS','2022-08-01 00:00:00','83482059500','71991098273','palomafarias@yahoo.com.br','TEX','A',NULL,'0701888580',NULL,1,'',0,'','','AC','','','','','','','',1,0,0,'','','','','BCB9E87035',1,'','','',0,NULL),(274,1,'',NULL,NULL,'Heloísa ',NULL,'2022-08-01 17:37:52','09818701550',NULL,'','TEX',NULL,NULL,'',NULL,NULL,NULL,NULL,NULL,NULL,NULL,NULL,NULL,NULL,NULL,NULL,NULL,NULL,NULL,NULL,NULL,NULL,NULL,NULL,NULL,NULL,NULL,NULL,NULL,NULL,0,NULL),(275,1,'nerivan',NULL,NULL,'MARTA',' DE OLIVEIRA CASTRO COELHO','2022-08-03 00:00:00','99023695534','71982932127','MARTACASTRO@MMCZ.ADV.BR','TEX','A',NULL,'',NULL,0,'',0,'','','AC','','','','','','','',1,0,0,'','','','','52FBF3CEA1',1,'','','',0,NULL),(276,1,'nerivan',NULL,NULL,'PAULA',' TUDE CASTANHEIRA','2022-08-04 00:00:00','90987950568','71996635007','tudepaula@gmail.com','TEX','A',NULL,'',NULL,0,'',0,'','','AC','','','','','','','',1,0,0,'','','','','96968C88FE',1,'','','',0,NULL),(277,1,'nerivan',NULL,NULL,'JAIZE',' SAMPAIO MACEDO','2022-08-05 00:00:00','04472450585','71999721842','jaizesampaio@icloud.com','TEX','A',NULL,'',NULL,0,'',0,'','','AC','','','','','','','',1,0,0,'','','','','1DC76D862D',1,'','','',0,NULL),(278,1,'lucas',NULL,NULL,'HEBER','LEITE','2022-08-05 00:00:00','01408791536','71987261595','georgiamalhado@yahoo.com.br','TEX','A',NULL,'0883919303',NULL,1,'',0,'','','AC','','','','','','','',1,0,0,'','','','','F8EB476A86',1,'','','',0,NULL),(279,1,'lucas',NULL,NULL,'CARLOS','ALMEIDA','2022-08-05 00:00:00','62231952734','71991998844','waleska.santos@vli-logistica.com.br','TEX','A',NULL,'0652710093',NULL,1,'',0,'','','AC','','','','','','','',1,0,0,'','','','','13CD60C0DD',1,'','','',0,NULL),(280,1,'lucas',NULL,NULL,'ANDREZA','BORGES','2022-08-05 00:00:00','01416369554','71996666938','toretto.performace@gmail.com','TEX','A',NULL,'0950038270',NULL,1,'',0,'','','AC','','','','','','','',1,0,0,'','','','','4467C46076',1,'','','',0,NULL),(281,1,'nerivan',NULL,NULL,'NARA',' PEREIRA DE OLIVEIRA REIS','2022-08-10 00:00:00','92623573549','71987488842','nauoliveira@yahoo.com.br','TEX','A',NULL,'',NULL,0,'',0,'','','AC','','','','','','','',1,0,0,'','','','','DC7AF9EC63',1,'','','',0,NULL),(282,1,'nerivan',5,NULL,'Inayara','Hora','2022-08-10 21:02:00','00379073528','71991975544','inayara.hora@gmail.com','TEX','A',14,'0961485353','1981-10-13',0,'41830630',122,'Pituba','Salvador ','BA','',NULL,'','','','','',1,0,0,'Brasileira','','Jaguaquara','Rua Hilton Rodrigues','D5BEE7BBB5',1,'','','',0,NULL),(283,1,'nerivan',NULL,NULL,'JAMILE','SILVA COSTA','2022-08-11 00:00:00','01916988571','71999459081','jamilefono@gmail.com','TEX','A',NULL,'',NULL,0,'',0,'','','AC','','','','','','','',1,0,0,'','','','','FFA505A3EA',1,'','','',0,NULL),(284,1,'Amanda',NULL,NULL,'Raquel','Dumont','2022-08-12 00:00:00','08200020541','71999726101','raqueldumontrr@gmail.com','TEX','A',NULL,'',NULL,1,'',0,'','','AC','','','','','','','',1,0,0,'','','','','6AD74A51CA',1,'','','',0,NULL),(285,1,'nerivan',5,NULL,'Rafaela','Matias','2022-08-15 08:02:00','01669665500','71988046162','rafamatias@hotmail.com','TEX','A',14,'1114813095','1985-09-01',0,'41810105',388,'Pituba','Salvador ','BA','',NULL,'','','','','',1,0,0,'Brasil','','Salvador','Rua Marechal Andrea','C8C8718D01',1,'','','',0,NULL),(286,1,'Amanda',NULL,NULL,'Filipe','Moitinho','2022-08-15 00:00:00','08475178537','71999445920','psi.moitinho@gmail.com','TEX','A',NULL,'',NULL,1,'',0,'','','AC','','','','','','','',1,0,0,'','','','','CBA5F390AA',1,'','','',0,NULL),(287,1,'lucas',NULL,NULL,'FILIPE','FREIRE','2022-08-15 00:00:00','01365831566','71999445920','psi.moitinho@gmail.com','TEX','A',NULL,'1166469859',NULL,1,'',0,'','','AC','','','','','','','',1,0,0,'','','','','29CB743994',0,'','','',0,NULL),(288,1,'caroline',NULL,NULL,'DAVI FONTES DA HORA OLIVEIRA',NULL,'2022-08-17 16:38:09','10659774500',NULL,'','TEX',NULL,NULL,'',NULL,NULL,NULL,NULL,NULL,NULL,NULL,NULL,NULL,NULL,NULL,NULL,NULL,NULL,NULL,NULL,NULL,NULL,NULL,NULL,NULL,NULL,NULL,NULL,NULL,NULL,1,97),(289,1,'Amanda',NULL,NULL,'Claudia','Santana','2022-08-19 00:00:00','12274016550','71981148127','claudia_faco@hotmail.com','TEX','A',NULL,'',NULL,1,'',0,'','','AC','','','','','','','',1,0,0,'','','','','00FB440167',1,'','','',0,NULL),(290,1,'nerivan',NULL,NULL,'DEISE','DEISE DE SOUZA','2022-08-24 00:00:00','01502560518','71993108372','castelloneto@gmail.com','TEX','A',NULL,'',NULL,0,'',0,'','','AC','','','','','','','',1,0,0,'','','','','94B505508F',1,'','','',0,NULL),(291,1,'Amanda',NULL,NULL,'Gabriel','Natividade','2022-08-24 00:00:00','11461409594','71988837149','deisemagalisouza@hotmail.com','TEX','A',NULL,'',NULL,1,'',0,'','','AC','','','','','','','',1,0,0,'','','','','EC17959DD2',1,'','','',0,NULL),(292,1,'nerivan',NULL,NULL,'ROSEMARY','SILVEIRA FILGUEIRAS','2022-08-26 00:00:00','71459553420','71991693303','rosesfmelo@hotmail.com','TEX','A',NULL,'',NULL,0,'',0,'','','AC','','','','','','','',1,0,0,'','','','','0228281EED',1,'','','',0,NULL),(293,1,'Amanda',NULL,NULL,'Marianna','Batista','2022-08-26 00:00:00','11331656567','71999646702','mariannabatista@uol.com.br','TEX','A',NULL,'',NULL,1,'',0,'','','AC','','','','','','','',1,0,0,'','','','','5C27915AF2',1,'','','',0,NULL),(294,1,'Amanda',NULL,NULL,'AnaViviane','','2022-08-29 00:00:00','12766587535','71984215448','viviannedecor@gmail.com','TEX','A',NULL,'',NULL,1,'',0,'','','AC','','','','','','','',1,0,0,'','','','','E9C8300EF9',1,'','','',0,NULL),(295,1,'Amanda',NULL,NULL,'Clesia','Miranda','2022-08-30 00:00:00','10904242560','71991534546','clesiasmiranda@gmail.com','TEX','A',NULL,'',NULL,1,'',0,'','','AC','','','','','','','',1,0,0,'','','','','85609C5BC1',1,'','','',0,NULL),(296,1,'Amanda',NULL,NULL,'Mariana','Machado','2022-08-30 00:00:00','12054986569','71999376575','rnmarineto@gmail.com','TEX','A',NULL,'',NULL,1,'',0,'','','AC','','','','','','','',1,0,0,'','','','','37ABD79148',1,'','','',0,NULL),(297,1,'nerivan',NULL,NULL,'JULIANA','MELO AZEVEDO','2022-09-20 00:00:00','79880240510','71992010402','juliana.az@gmail.com','TEX','A',NULL,'',NULL,0,'',0,'','','AC','','','','','','','',1,0,0,'','','','','4C60CD92BD',1,'','','',0,NULL),(298,1,'lucas',NULL,NULL,'JULIANE','CONRADO','2022-09-23 00:00:00','01666411540','71999264501','jpereiraconrado@gmail.com','TEX','A',NULL,'2108291687',NULL,1,'',0,'','','AC','','','','','','','',1,0,0,'','','','','D81CDAD162',1,'','','',0,NULL),(299,1,'nerivan',NULL,NULL,'NATALIA','WOLFOVITCH','2022-09-28 00:00:00','03338911556','71981683747','WNATALIAC@GMAIL.COM','TEX','A',NULL,'',NULL,0,'',0,'','','AC','','','','','','','',1,0,0,'','','','','7143612676',1,'','','',0,NULL),(300,1,'LUCAS',NULL,NULL,'ROBERTA','LIBORIO','2022-10-10 00:00:00','97655872520','86981282681','robertabw@gmail.com','TEX','A',NULL,'0635487470',NULL,1,'',0,'','','AC','','','','','','','',1,0,0,'','','','','3417B51171',1,'','','',0,NULL),(301,1,'LUCAS',NULL,NULL,'PAULO','DO OLIVEIRA','2022-11-08 00:00:00','28744900597','71988742824','','TEX','A',NULL,'',NULL,1,'',0,'','','AC','','','','','','','',1,0,0,'','','','','9096F505E7',1,'','','',0,NULL),(302,1,'LUCAS',NULL,NULL,'DANIEL','SCHITINI','2022-11-11 00:00:00','04063319520','71985070471','milenepereira@hotmail.com','TEX','A',NULL,'1211713296',NULL,1,'',0,'','','AC','','','','','','','',1,0,0,'','','','','7AA9598CAF',1,'','','',0,NULL),(303,1,'nerivan',NULL,NULL,'Fernanda ','Melo','2022-11-12 00:00:00','03241054527','','lbmelo@live.com','TEX','A',NULL,'1137024690','2020-05-18',0,'',0,'','','AC','','','','','','','',1,0,0,'','','','','627BC2368D',1,'','','',0,NULL),(304,1,'nerivan',NULL,NULL,'Ayron','dos Santos','2022-11-19 00:00:00','00418164550','71991078019','ayron_adm@hotmail.com','TEX','A',NULL,'1004984421',NULL,1,'',0,'','','AC','','','','','','','',1,0,0,'','','','','F670B3370C',1,'','','',0,NULL),(305,1,'nerivan',NULL,NULL,'Ana','Maria de Souza','2022-11-19 00:00:00','01230885501','71992440397','anamourasouza@hotmail.com','TEX','A',NULL,'0821176242',NULL,0,'',102,'CABULA','SALVADOR','BA','','','','','','','',1,0,0,'','','','','746DDD745A',1,'','','',0,NULL),(306,1,'nerivan',5,NULL,'Marcia','Fonseca','2022-11-23 11:41:00','03128495599','71992245592','marmarcia-fonseca2015@outlook.com','TEX','A',14,'1210635771','1989-01-29',0,'40455010',415,'Machado','Salvador ','AC','',NULL,'','','','','',1,0,0,'BRASILEIRA','','Salvador ','Rua','98B722599F',1,'','','',0,NULL),(307,1,'',NULL,NULL,'Maxwell Rosario da fonseca',NULL,'2022-11-23 11:46:43','11000779521',NULL,'','TEX',NULL,NULL,'',NULL,NULL,NULL,NULL,NULL,NULL,NULL,NULL,NULL,NULL,NULL,NULL,NULL,NULL,NULL,NULL,NULL,NULL,NULL,NULL,NULL,NULL,NULL,NULL,NULL,NULL,0,NULL),(308,1,'nerivan',5,NULL,'Jéssica caroline ','Dantas solva ','2022-11-23 16:10:00','05655635569','75992320191','Mel-carolyne@hotmail.com','TEX','A',14,'1375524240','1990-12-16',0,'48800000',73,'Centro ','Monte santo ','BA','',NULL,'','','','','',1,0,0,'BRASILEIRA','','Euclides da Cunha ','Rua Teixeira de Frei','9D49B6CFDC',1,'','','',0,NULL),(309,1,'',NULL,NULL,'Gabriel José Dantas de andrade ',NULL,'2022-11-23 16:15:03','11678876542',NULL,'','TEX',NULL,NULL,'',NULL,NULL,NULL,NULL,NULL,NULL,NULL,NULL,NULL,NULL,NULL,NULL,NULL,NULL,NULL,NULL,NULL,NULL,NULL,NULL,NULL,NULL,NULL,NULL,NULL,NULL,0,NULL),(310,1,'nerivan',NULL,NULL,'LUCIANA',' FERNANDES BARROS','2022-11-29 00:00:00','78928877504','71992265090','lufernandes28@hotmail.com','TEX','A',NULL,'',NULL,0,'',0,'','','AC','','','','','','','',1,0,0,'','','','','77F39DDFFA',1,'','','',0,NULL),(311,1,'amanda',NULL,NULL,'Flavia','Maria','2022-12-01 00:00:00','10288482506','71999440725','faumaria@gmail.com','TEX','A',NULL,'',NULL,1,'',0,'','','AC','','','','','','','',1,0,0,'','','','','B41A3F1A90',1,'','','',0,NULL),(312,1,'amanda',NULL,NULL,'Vanessa','Alencar','2022-12-06 00:00:00','12039877576','71991016974','','TEX','A',NULL,'',NULL,1,'',0,'','','AC','','','','','','','',1,0,0,'','','','','B68173009A',1,'','','',0,NULL),(313,1,'taina',NULL,NULL,'BENJAMIN','SOUZA','2022-12-15 00:00:00','10304536598','71991228199','vilasboasvivaldina@gmail.com','TEX','A',NULL,'','2018-04-03',1,'',0,'','','AC','','','','','','','',1,0,0,'','','','','BE04E86AEF',1,'','','',0,NULL),(314,1,'amanda',NULL,NULL,'ELAINE','BEZERRA','2022-12-16 00:00:00','09709698567','71993134584','elaine.bezerra@gmail.com','TEX','A',NULL,'',NULL,1,'',0,'','','AC','','','','','','','',1,0,0,'','','','','764FB55CFD',1,'','','',0,NULL),(315,1,'amanda',NULL,NULL,'Ana Claudia','Trigo','2023-01-10 00:00:00','08961973525','71991881439','ana.ctrigo@hotmail.com','TEX','A',NULL,'',NULL,1,'',0,'','','AC','','','','','','','',1,0,0,'','','','','DDC41A4999',1,'','','',0,NULL),(316,1,'nerivan',5,NULL,'Paula ','Regis do Carmo Oliveira ','2023-01-12 16:02:00','01959952528','71987010820','pregiscarmo@gmail.com','TEX','A',14,'920789749','2018-10-10',0,'40725360',3,'Periperi ','Salvador','BA','',NULL,'','','','','',1,0,0,'BRASILEIRO','','Salvador ','Conjunto Mirantes de Periperi, rua 3, bl 162, ap 304','EB3D810455',1,'','','',0,NULL),(317,1,'nerivan',5,NULL,'Fernanda ','Brito ','2023-01-18 08:13:00','03551297525','71992933680','fernandalcbrito@gmail.com','TEX','A',14,'0992703077','1987-06-03',0,'41720100',291,'IMBUI','Salvador ','BA','',NULL,'','','','','',1,0,0,'BRASILEIRA','','Salvador','Apt.1204/ Edf.Reserva do Imbuí ','10467F2952',1,'','','',0,NULL),(318,1,'',NULL,NULL,'Felipe Santos Brito',NULL,'2023-01-18 08:18:06','10636918505',NULL,'','TEX',NULL,NULL,'',NULL,NULL,NULL,NULL,NULL,NULL,NULL,NULL,NULL,NULL,NULL,NULL,NULL,NULL,NULL,NULL,NULL,NULL,NULL,NULL,NULL,NULL,NULL,NULL,NULL,NULL,1,100),(319,1,'nerivan',NULL,NULL,'MARCO','AURELIO','2023-01-18 00:00:00','95924370500','71991422597','marcoaureliomelo@hotmail.com','TEX','A',NULL,'',NULL,1,'',0,'','','AC','','','','','','','',1,0,0,'','','','','E218E465E7',1,'','','',0,NULL),(320,1,'nerivan',5,NULL,'Isabel','Brito','2023-01-19 13:21:00','78764300587','71991681238','isabel_cristina_@hotmail.com','TEX','A',14,'0574817336','1979-06-05',0,'41810620',75,'Pituba','Salvador ','BA','',NULL,'','','','','',1,0,0,'BRASILEIRA','','Bahia ','Rua Magno Valente ','4D45E41CA4',1,'','','',0,NULL),(321,1,'nerivan',NULL,NULL,'ANAMARIA',' DAMASCENO FERREIRA DA SILVA','2023-02-06 00:00:00','96492414500','71999391936','','TEX','A',NULL,'',NULL,0,'',0,'','','AC','','','','','','','',1,0,0,'','','','','FB1C449135',1,'','','',0,NULL),(322,1,'nerivan',NULL,NULL,'SARA VITORIA DAMASCENO FERREIRA DA SILVA','','2023-02-06 17:17:00','11260805514','','','TEX',NULL,NULL,'',NULL,1,'',0,'','','AC','',NULL,'','','','','',1,0,0,'','','','','1C59D3CCF3',1,'','','',1,101),(323,1,'LUCAS',NULL,NULL,'MARIANA','CARDOSO','2023-02-14 00:00:00','11952319706','71997303998','marianamlc@hotmail.com','TEX','A',NULL,'118913102',NULL,1,'',0,'','','AC','','','','','','','',1,0,0,'','','','','7E3C017FC0',1,'','','',0,NULL),(324,1,'Ana',NULL,NULL,'Aline','Franco','2023-02-23 00:00:00','03844422501','71987528104','linil.franco@gmail.com','TEX','A',NULL,'','2017-03-16',1,'',0,'','','AC','','','','','','','',1,0,0,'','','','','B700900F1F',1,'','','',0,NULL),(325,1,'nerivan',5,NULL,'Helene ','dos Santos','2023-03-01 17:27:09','93894996587','71986550420','helleneborges@hotmail.com','TEX','A',14,'0745856730',NULL,0,'41927040',43,'Santa Cruz','Salvador','BA','',NULL,'','','','','',1,0,0,'brasileira','','Salvador','Rua Presidente Kennedy','0B80DFA7C4',NULL,NULL,NULL,NULL,0,NULL),(326,1,'amanda',NULL,NULL,'Jeane','Vieira','2023-03-07 00:00:00','10059817526','71992010141','jeaneg.vieira@outlook.com','TEX','A',NULL,'',NULL,0,'',0,'','','AC','','','','','','','',1,0,0,'','','','','6D3445CA1E',1,'','','',0,NULL),(327,1,'nerivan',5,NULL,'LOUISE','SOLEDADE','2023-03-07 12:25:00','04801191550','71992545544','louisesoledade.adv@gmail.com','TEX','A',14,'1317051483',NULL,0,'40265040',242,'SANTA TEREZA','SALVADOR','BA','',NULL,'','','','','',1,0,0,'BRASILEIRA','','SALVADOR','R. LIVIA GIFFONE','4A18539337',1,'','','',0,NULL),(328,1,'',NULL,NULL,'PIETRO SÁ SOLEDADE MAGALHÃES',NULL,'2023-03-07 12:28:45','12667051556',NULL,'','TEX',NULL,NULL,'',NULL,NULL,NULL,NULL,NULL,NULL,NULL,NULL,NULL,NULL,NULL,NULL,NULL,NULL,NULL,NULL,NULL,NULL,NULL,NULL,NULL,NULL,NULL,NULL,NULL,NULL,1,102),(329,1,'amanda',NULL,NULL,'Sirleide','Reis','2023-03-09 00:00:00','10854138536','71992840643','','TEX','A',NULL,'',NULL,1,'',0,'','','AC','','','','','','','',1,0,0,'','','','','DF3819CA9E',1,'','','',0,NULL),(330,1,'amanda',NULL,NULL,'Tanisa','Rocha','2023-03-30 00:00:00','12116736501','71982280907','tanisa_rocha@hotmail.com','TEX','A',NULL,'',NULL,1,'',0,'','','AC','','','','','','','',1,0,0,'','','','','040895FBA1',1,'','','',0,NULL),(331,1,'admin',NULL,NULL,'Alexandre','Oliveira','2023-04-11 00:00:00','05101812528','','alexandre.oliveira@sgnsistemas.com.br','TEX','A',NULL,'',NULL,1,'',0,'','','AC','','','','','','','',1,0,0,'','','','','6ACA67C772',0,'','','',0,NULL);

--
-- Table structure for table `PESSOA_EMPRESA`
--

CREATE TABLE `PESSOA_EMPRESA` (
  `PEEM_PESS_COD` bigint(20) NOT NULL,
  `PEEM_EMPR_COD` int(11) NOT NULL,
  PRIMARY KEY (`PEEM_PESS_COD`,`PEEM_EMPR_COD`),
  KEY `PEEM_EMPR_COD` (`PEEM_EMPR_COD`),
  CONSTRAINT `PESSOA_EMPRESA_ibfk_1` FOREIGN KEY (`PEEM_PESS_COD`) REFERENCES `PESSOA` (`PESS_COD`),
  CONSTRAINT `PESSOA_EMPRESA_ibfk_2` FOREIGN KEY (`PEEM_EMPR_COD`) REFERENCES `EMPRESA` (`EMPR_COD`)
) ENGINE=InnoDB DEFAULT CHARSET=utf8mb4;

--
-- Dumping data for table `PESSOA_EMPRESA`
--

INSERT INTO `PESSOA_EMPRESA` VALUES (1,1),(5,1),(6,1),(7,1),(8,1),(9,1),(10,1),(13,1),(14,1),(17,1),(24,1),(25,1),(26,1),(27,1),(28,1),(29,1),(30,1),(45,1),(46,1),(47,1),(48,1),(49,1),(50,1),(51,1),(52,1),(53,1),(54,1),(55,1),(56,1),(57,1),(58,1),(59,1),(60,1),(61,1),(62,1),(63,1),(64,1),(65,1),(66,1),(67,1),(68,1),(69,1),(70,1),(71,1),(72,1),(73,1),(74,1),(75,1),(76,1),(77,1),(78,1),(79,1),(80,1),(81,1),(82,1),(83,1),(84,1),(85,1),(88,1),(89,1),(90,1),(91,1),(92,1),(93,1),(94,1),(95,1),(96,1),(97,1),(98,1),(99,1),(100,1),(104,1),(105,1),(108,1),(109,1),(110,1),(111,1),(112,1),(113,1),(114,1),(115,1),(116,1),(117,1),(120,1),(121,1),(122,1),(123,1),(124,1),(125,1),(126,1),(127,1),(128,1),(129,1),(130,1),(131,1),(132,1),(133,1),(134,1),(135,1),(136,1),(137,1),(138,1),(139,1),(140,1),(141,1),(142,1),(143,1),(144,1),(145,1),(146,1),(147,1),(148,1),(149,1),(150,1),(151,1),(152,1),(153,1),(154,1),(155,1),(156,1),(157,1),(158,1),(159,1),(160,1),(161,1),(162,1),(163,1),(164,1),(165,1),(166,1),(167,1),(168,1),(169,1),(170,1),(171,1),(172,1),(173,1),(174,1),(175,1),(176,1),(177,1),(178,1),(179,1),(180,1),(181,1),(182,1),(183,1),(184,1),(185,1),(186,1),(187,1),(188,1),(189,1),(190,1),(191,1),(192,1),(193,1),(194,1),(195,1),(196,1),(197,1),(198,1),(199,1),(200,1),(201,1),(202,1),(203,1),(204,1),(205,1),(206,1),(207,1),(208,1),(209,1),(210,1),(211,1),(212,1),(213,1),(214,1),(215,1),(218,1),(219,1),(220,1),(221,1),(222,1),(223,1),(224,1),(225,1),(226,1),(227,1),(228,1),(229,1),(230,1),(231,1),(232,1),(233,1),(234,1),(235,1),(236,1),(237,1),(238,1),(239,1),(240,1),(241,1),(242,1),(243,1),(244,1),(245,1),(246,1),(247,1),(248,1),(249,1),(250,1),(252,1),(253,1),(254,1),(255,1),(256,1),(257,1),(258,1),(259,1),(260,1),(261,1),(262,1),(264,1),(265,1),(267,1),(268,1),(269,1),(270,1),(271,1),(272,1),(273,1),(274,1),(275,1),(276,1),(277,1),(278,1),(279,1),(280,1),(281,1),(282,1),(283,1),(284,1),(285,1),(286,1),(287,1),(288,1),(289,1),(290,1),(291,1),(292,1),(293,1),(294,1),(295,1),(296,1),(297,1),(298,1),(299,1),(300,1),(301,1),(302,1),(303,1),(304,1),(305,1),(306,1),(307,1),(308,1),(309,1),(310,1),(311,1),(312,1),(313,1),(314,1),(315,1),(316,1),(317,1),(318,1),(319,1),(320,1),(321,1),(322,1),(323,1),(324,1),(325,1),(326,1),(327,1),(328,1),(329,1),(330,1),(331,1),(1,2),(5,2),(13,2);

--
-- Table structure for table `PROTOCOLO`
--

CREATE TABLE `PROTOCOLO` (
  `PROT_COD` bigint(20) NOT NULL AUTO_INCREMENT,
  `PROT_EMPR_COD` int(11) NOT NULL,
  `PROT_LOGIN` varchar(255) CHARACTER SET latin1 NOT NULL,
  `PROT_DATA_CADASTRO` datetime NOT NULL,
  `PROT_OBSERVACAO` varchar(255) CHARACTER SET latin1 DEFAULT NULL,
  `PROT_DATA_ENCERRAMENTO` datetime DEFAULT NULL,
  `PROT_STATUS` char(1) CHARACTER SET latin1 NOT NULL,
  `PROT_RESP_COD` bigint(20) DEFAULT NULL,
  `PROT_TOKEN` varchar(200) CHARACTER SET latin1 DEFAULT NULL,
  `PROT_NOME_BANCO_DADOS` varchar(100) DEFAULT NULL,
  PRIMARY KEY (`PROT_COD`),
  KEY `PROT_EMPR_COD` (`PROT_EMPR_COD`),
  CONSTRAINT `PROTOCOLO_ibfk_1` FOREIGN KEY (`PROT_EMPR_COD`) REFERENCES `EMPRESA` (`EMPR_COD`)
) ENGINE=InnoDB AUTO_INCREMENT=1106 DEFAULT CHARSET=utf8mb4;

--
-- Dumping data for table `PROTOCOLO`
--

INSERT INTO `PROTOCOLO` VALUES (361,1,'admin','2021-10-08 18:40:57','PROTOCOLO CRIADO',NULL,'A',NULL,'e1ea8b5d33b203ead2d173a867cdfdddbad2f28b5efe189e',NULL),(362,1,'admin','2021-11-24 10:16:35','PROTOCOLO CRIADO',NULL,'A',NULL,'f25acfb1ce874aa534905246ca4f4609d401bca7b4845466',NULL),(363,1,'admin','2021-12-06 17:43:38','PROTOCOLO CRIADO',NULL,'A',NULL,'64b89b1ade7f000c6b7c251a3eeebed47e16cb5a9954a180',NULL),(364,1,'CAMILA','2022-02-01 16:18:47','Protocolo de Termo!',NULL,'A',NULL,'57c69a2324abf6059d57dc41fc90b25a9ab78f2b590ff184',NULL),(365,1,'CAMILA','2022-02-01 16:19:30','Protocolo de Termo!',NULL,'A',NULL,'7379b3b816508126dd4ed2e20403e7bac11b36510a0afe4e',NULL),(366,1,'CAMILA','2022-02-01 16:19:42','Protocolo de Termo!',NULL,'A',NULL,'4a0894566e104be2840cb075542c7e8340bf510c78f4e5be',NULL),(367,1,'CAMILA','2022-02-01 16:20:07','Protocolo de Termo!',NULL,'A',NULL,'ceb4dd7e08b1c7cbcfb79c9231638e736133d1950df2dd4e',NULL),(368,1,'CAMILA','2022-02-01 16:20:13','Protocolo de Termo!',NULL,'A',NULL,'00824420a13d91ca87763e93f52beeb1b65c2013fdbfcd0e',NULL),(369,1,'CAMILA','2022-02-01 16:20:24','Protocolo de Termo!',NULL,'A',NULL,'d5a2bc10f80958fd317e39bb38962da4d9da4d4afcf5fbc5',NULL),(370,1,'CAMILA','2022-02-01 16:20:40','Protocolo de Termo!',NULL,'A',NULL,'6b4437a282c3119901e7f7414c3a1b6dc513106fdcfdd7ff',NULL),(371,1,'CAMILA','2022-02-01 16:22:47','Protocolo de Termo!',NULL,'A',NULL,'c64eec90ec1e487796e4371f5ef2bbfe4e51a68b038d849d',NULL),(372,1,'CAMILA','2022-02-01 16:23:49','Protocolo de Termo!',NULL,'A',NULL,'6fbcda8964fbbc61089494eda848fa39c316f844bd12e88c',NULL),(373,1,'admin','2022-02-16 14:35:20','Protocolo de Termo!',NULL,'A',NULL,'d7b3c336605af2716ec05dc7269e7ed0b2de88ecb504fc91',NULL),(374,1,'admin','2022-02-17 14:50:50','Protocolo de Termo!',NULL,'A',NULL,'21bb9403bbeecf26962be425d21cec0a17698632b76355b1',NULL),(375,1,'admin','2022-02-17 14:51:47','Protocolo de Termo!',NULL,'A',NULL,'ec9c1557d6e522e531d1dd6c5b32321d29e4a118f7e0580b',NULL),(376,1,'admin','2022-02-17 14:52:11','Protocolo de Termo!',NULL,'A',NULL,'b251460beb2a7de74304ab571008c553de4f6221c88f865d',NULL),(377,1,'admin','2022-02-17 14:52:34','Protocolo de Termo!',NULL,'A',NULL,'74656daf6da7b62f613da4f008e0cff90eb173ef96091e02',NULL),(378,1,'admin','2022-02-17 14:53:25','Protocolo de Termo!',NULL,'A',NULL,'9ae8526f7087cd9a03d86c6e8a17f6d90d7983ef16af678f',NULL),(379,1,'admin','2022-02-17 14:55:01','Protocolo de Termo!',NULL,'A',NULL,'38f40c627a71bf6911dce46bb7e609a033907831e7c3d91f',NULL),(380,1,'admin','2022-02-17 14:56:11','Protocolo para Pessoa!',NULL,'A',NULL,'2fe09ee1d109ab779f2ad5a02a7ec59dbb32684ff1837a88',NULL),(381,1,'admin','2022-02-17 15:24:10','Protocolo de Termo!',NULL,'A',NULL,'fcb510b1806ce4aaa923c0f4a65a9372767a44e794b4a4fa',NULL),(382,1,'admin','2022-02-17 15:52:18','Protocolo de Termo!',NULL,'A',NULL,'bb1567f051d8faf8f3a3e1f140600ee22974b8219db2ee76',NULL),(383,1,'caroline','2022-02-17 16:37:31','Protocolo de Termo!',NULL,'A',NULL,'a7d4f32a3e3085972e45a35ab9ec46ffe763d15b7c041fd5',NULL),(384,1,'luciana','2022-02-17 16:37:44','Protocolo de Termo!',NULL,'A',NULL,'e94636a9a85f4639e0044dd3a32d040414540758a608f686',NULL),(385,1,'admin','2022-02-17 16:44:44','Protocolo de Termo!',NULL,'A',NULL,'21e0181e4fbb3f2e6f2bfba5833eeb5b68a81414c3a2ed7a',NULL),(386,1,'admin','2022-02-17 16:47:44','Protocolo de Termo!',NULL,'A',NULL,'475b65b6339d5b98975d23de1cba485d72277c9dcbf5c312',NULL),(389,1,'caroline','2022-02-18 09:33:43','Protocolo de Termo!',NULL,'A',NULL,'37d53a3b814d0653d5f6f213fbffe0a12672f6012cde0e8e',NULL),(395,1,'caroline','2022-02-24 09:18:17','Protocolo de Termo!',NULL,'A',NULL,'b54220b6128c96929a7fe4240f3c4c7f3c121da447dbfc02',NULL),(397,1,'luciana','2022-02-24 10:35:02','Protocolo para Pessoa!',NULL,'A',NULL,'035334e7516e6ec86bd55b165d1142a2074e71dc9a027a5b',NULL),(398,1,'caroline','2022-02-24 14:49:15','Protocolo de Termo!',NULL,'A',NULL,'63a77ad764cfc53a4390864ecba722f7784b82c28a51f9cb',NULL),(399,1,'caroline','2022-02-24 14:49:36','Protocolo de Termo!',NULL,'A',NULL,'288fa21e1fa1a21d42d62a3f570717a6f73be2276a093128',NULL),(400,1,'caroline','2022-02-24 14:50:56','Protocolo de Termo!',NULL,'A',NULL,'456f55d5cd0f55f426280b47b4f4e683faaf7653bcf9a9c7',NULL),(401,1,'caroline','2022-02-24 14:51:35','Protocolo de Termo!',NULL,'A',NULL,'c336c5ec793f3fc8969badbc0fa9fb663c0e8e570963610a',NULL),(402,1,'caroline','2022-02-24 14:52:48','Protocolo de Termo!',NULL,'A',NULL,'ab64028e27ef42466c729fd75792a9e5b50569ae664034ae',NULL),(403,1,'caroline','2022-02-24 14:54:09','Protocolo de Termo!',NULL,'A',NULL,'20cae9d5864590cac60f0b1e26faa89d0c301affd9df07ae',NULL),(404,1,'caroline','2022-02-24 15:23:03','Protocolo de Termo!',NULL,'A',NULL,'7da86927dd039c81a167182379bc7e957353acbc86007f97',NULL),(405,1,'TARCIA','2022-03-02 09:47:59','Protocolo de Termo!',NULL,'A',NULL,'bdca2eccb70b5e64c10d1f1fc130b6648f492ef968f3272f',NULL),(406,1,'TARCIA','2022-03-02 09:48:40','Protocolo de Termo!',NULL,'A',NULL,'c756d4c062f996a9d95bce2d7fd9ea5e3a49a951e8fad2b1',NULL),(407,1,'TARCIA','2022-03-02 09:49:21','Protocolo de Termo!',NULL,'A',NULL,'3eaf488cc042d9e7b88d031d63b8a1128aafc8510b9bfd5a',NULL),(408,1,'TARCIA','2022-03-02 09:49:53','Protocolo de Termo!',NULL,'A',NULL,'4772d94495979d9bee305fdad0ad6c840c97fb4663700d8f',NULL),(409,1,'nerivan','2022-03-02 09:49:55','Protocolo de Termo!',NULL,'A',NULL,'65093839f6ae0f30294ae210cb2eb77db05167428a09d6b0',NULL),(410,1,'TARCIA','2022-03-02 09:50:27','Protocolo de Termo!',NULL,'A',NULL,'7dd5e12116a28f6c11215b787d632d8a6da803f951c6d5e8',NULL),(411,1,'nerivan','2022-03-02 09:50:45','Protocolo de Termo!',NULL,'A',NULL,'1fd3ba3c78ea830525e419b2a4ea9315b4acffbf06514373',NULL),(412,1,'TARCIA','2022-03-02 09:50:53','Protocolo de Termo!',NULL,'A',NULL,'87a43d4827d304da7c51d455f1738d90a349d7ba92219c40',NULL),(413,1,'nerivan','2022-03-02 09:51:08','Protocolo de Termo!',NULL,'A',NULL,'73fce1e5c3aa24217ae15383703da020b3893ad5633f5b77',NULL),(414,1,'nerivan','2022-03-02 09:51:48','Protocolo de Termo!',NULL,'A',NULL,'6efee24cda0896882ff830efed0a82df20d47473dea611a5',NULL),(415,1,'nerivan','2022-03-02 09:52:43','Protocolo de Termo!',NULL,'A',NULL,'d56132c270826b51fc984dbfb940f6f559c1d7f5ea3b6b88',NULL),(416,1,'TARCIA','2022-03-02 09:54:01','Protocolo de Termo!',NULL,'A',NULL,'b7cc6816c5d9b924af3fc1881349bb568b3a53dc7093440f',NULL),(417,1,'nerivan','2022-03-02 09:54:25','Protocolo de Termo!',NULL,'A',NULL,'f2d8ed0c5d99ae33529d999e98e7e38f6bc449c9d44d2133',NULL),(418,1,'TARCIA','2022-03-02 09:54:52','Protocolo de Termo!',NULL,'A',NULL,'2200fffbb919dfec34fe9e919ae656036d3bbc51cfcf69a5',NULL),(419,1,'nerivan','2022-03-02 09:56:02','Protocolo de Termo!',NULL,'A',NULL,'931d691bb121759207384e258db9619e8ab43bf3ec24b4d0',NULL),(420,1,'nerivan','2022-03-02 09:56:58','Protocolo de Termo!',NULL,'A',NULL,'9f37391bf6a128731192fc70c8ed178a1c5fc5a876289d13',NULL),(421,1,'nerivan','2022-03-02 09:57:36','Protocolo de Termo!',NULL,'A',NULL,'c1847967812c2f1ae12d1d84b4056f19776ad651173cfac8',NULL),(422,1,'TARCIA','2022-03-02 09:57:47','Protocolo de Termo!',NULL,'A',NULL,'f83f0aec911893b145f2db1d070d5244881b4f70fcddc859',NULL),(423,1,'TARCIA','2022-03-02 09:58:22','Protocolo de Termo!',NULL,'A',NULL,'3e2e8b853b7d12536f41bf1a232012b117ca20bfda92a019',NULL),(424,1,'TARCIA','2022-03-02 09:58:44','Protocolo de Termo!',NULL,'A',NULL,'f82f98082c36761b20c23000f7c409de9020cdbf3e4e6a25',NULL),(425,1,'nerivan','2022-03-02 09:58:53','Protocolo de Termo!',NULL,'A',NULL,'542143cdfb473c12c8b75b882f58d813c42e238cf08e5969',NULL),(426,1,'TARCIA','2022-03-02 09:59:14','Protocolo de Termo!',NULL,'A',NULL,'78ec464dde81d5434d9520704c0c50ce034c59a9974d3828',NULL),(427,1,'nerivan','2022-03-02 09:59:34','Protocolo de Termo!',NULL,'A',NULL,'b9c816f5cd48f3a31c0c8a8e29dbe62056d6955433271938',NULL),(428,1,'TARCIA','2022-03-02 09:59:36','Protocolo de Termo!',NULL,'A',NULL,'a531187ad63474d173785def7925d2fbe5b8cd3b4a530f5f',NULL),(429,1,'TARCIA','2022-03-02 10:00:04','Protocolo de Termo!',NULL,'A',NULL,'5f16c8d17c3e62a65cd85d37acbb0c371013e5b4519a1f00',NULL),(430,1,'TARCIA','2022-03-02 10:00:21','Protocolo de Termo!',NULL,'A',NULL,'912f41330442aa901b75e0aef6793543783038656a96b21b',NULL),(431,1,'nerivan','2022-03-02 10:00:28','Protocolo de Termo!',NULL,'A',NULL,'85371bb863fde96b5605b99e3873cc05e948662c04c300b8',NULL),(432,1,'TARCIA','2022-03-02 10:00:48','Protocolo de Termo!',NULL,'A',NULL,'ad9fb71de79944d0d4d8676b7ef2ad3a8e24dc18bf5358a4',NULL),(433,1,'nerivan','2022-03-02 10:01:03','Protocolo de Termo!',NULL,'A',NULL,'65fe9d62ae7fa386292ddd9374faf74c087f1ae19e36a69b',NULL),(434,1,'TARCIA','2022-03-02 10:01:10','Protocolo de Termo!',NULL,'A',NULL,'6961aa348340a2ed08835b14f0cf3c9b7260443ca47b973e',NULL),(435,1,'TARCIA','2022-03-02 10:01:17','Protocolo de Termo!',NULL,'A',NULL,'f35784be5da46923acc069dc2b9e2ec1c8b1f5da0b0d9a8b',NULL),(436,1,'nerivan','2022-03-02 10:01:48','Protocolo de Termo!',NULL,'A',NULL,'52371c24447cee013a9a1e2a975b16c72169f6d684281cde',NULL),(437,1,'TARCIA','2022-03-02 10:01:53','Protocolo de Termo!',NULL,'A',NULL,'0198a67cfade39494deaf4b596321e05ae5ad29233b8330a',NULL),(438,1,'TARCIA','2022-03-02 10:02:32','Protocolo de Termo!',NULL,'A',NULL,'16b926d3df831946ff5b2340786bc547a1e9005152106f23',NULL),(439,1,'nerivan','2022-03-02 10:03:21','Protocolo de Termo!',NULL,'A',NULL,'3803262f0d38a5edf0d1a7558ea109c4e5f18e31c4989000',NULL),(440,1,'nerivan','2022-03-02 10:04:10','Protocolo de Termo!',NULL,'A',NULL,'ac672e6707a93f7b5c74ba82f4d1ec16427d5b39c30c822f',NULL),(441,1,'nerivan','2022-03-02 10:04:50','Protocolo de Termo!',NULL,'A',NULL,'020ba79707c6bfec2e5b0d1bfbb01c0742d9b710fee58e76',NULL),(442,1,'nerivan','2022-03-02 10:06:20','Protocolo de Termo!',NULL,'A',NULL,'9c0e32990ece947462f82eeef4d4c197b70b2a837e01ff27',NULL),(443,1,'TARCIA','2022-03-02 10:06:24','Protocolo de Termo!',NULL,'A',NULL,'2763e323f7f1498b355b4c14bcee23b8ce41280bad3b2ea2',NULL),(444,1,'nerivan','2022-03-02 10:07:34','Protocolo de Termo!',NULL,'A',NULL,'9d14c448df49bfdf3e1c6e0eab90b10ac97a017d3e580910',NULL),(445,1,'TARCIA','2022-03-02 10:07:59','Protocolo de Termo!',NULL,'A',NULL,'fa85a2548607397320543d912eadb7e84c5eedb5d73959a4',NULL),(446,1,'nerivan','2022-03-02 10:08:35','Protocolo de Termo!',NULL,'A',NULL,'8fc23ef2bc426326e2b5001738d6b9e256fdaaae4720f87f',NULL),(447,1,'STEFFANY','2022-03-02 10:11:45','Protocolo de Termo!',NULL,'A',NULL,'feedf5a820cfcb7dee485b33c5f2bd764169ddcb489e2d0a',NULL),(448,1,'STEFFANY','2022-03-02 10:12:29','Protocolo de Termo!',NULL,'A',NULL,'34ef755e37d912a2f662903bb6c246d4124de65758fd63ed',NULL),(449,1,'STEFFANY','2022-03-02 10:12:55','Protocolo de Termo!',NULL,'A',NULL,'b4c8c9c7391839545a7e01db899e7e5339fe01ffd7c79659',NULL),(450,1,'STEFFANY','2022-03-02 10:13:05','Protocolo de Termo!',NULL,'A',NULL,'f1c4e6e81fb2303e096d24f464691fa17653c9fa5733c436',NULL),(451,1,'STEFFANY','2022-03-02 10:14:15','Protocolo de Termo!',NULL,'A',NULL,'8116aa430d87094830d4a2b1084a09d48267a1c7ee8efa80',NULL),(452,1,'STEFFANY','2022-03-02 10:14:53','Protocolo de Termo!',NULL,'A',NULL,'798c81efce23880b6d790d5c182c28576909e0bd86e9fef0',NULL),(453,1,'STEFFANY','2022-03-02 10:15:21','Protocolo de Termo!',NULL,'A',NULL,'da6fed46146ad5e3f6997136871984f1841cdfaeef8b08c4',NULL),(454,1,'STEFFANY','2022-03-02 10:15:56','Protocolo de Termo!',NULL,'A',NULL,'26e2ec8aa4149a0f74d4d5f1e170e8ca0a251e4bb3538737',NULL),(455,1,'STEFFANY','2022-03-02 10:16:24','Protocolo de Termo!',NULL,'A',NULL,'8153045edd7f4b696463c6ce2b78a39186904a5e944c28d5',NULL),(456,1,'STEFFANY','2022-03-02 10:16:50','Protocolo de Termo!',NULL,'A',NULL,'e0ecb3d000520778e8ef5f5550a4b7b12ca0dac7c540393c',NULL),(457,1,'STEFFANY','2022-03-02 10:17:14','Protocolo de Termo!',NULL,'A',NULL,'8c893db50fa46fc8644a8e6190df2b7c63269f581d9759a4',NULL),(458,1,'STEFFANY','2022-03-02 10:17:41','Protocolo de Termo!',NULL,'A',NULL,'894f8aa0fbb5696f4fdb7b36ef1f3e46157898c857c0f522',NULL),(459,1,'STEFFANY','2022-03-02 10:18:54','Protocolo de Termo!',NULL,'A',NULL,'0af312fb4b7af592eb15e413a5b10c7b6d3825eb5bcb5aff',NULL),(460,1,'STEFFANY','2022-03-02 10:19:21','Protocolo de Termo!',NULL,'A',NULL,'83ec2a8fd11679ac9c68189e73a73259bd5d159a9ec5be8e',NULL),(461,1,'nerivan','2022-03-02 10:19:32','Protocolo de Termo!',NULL,'A',NULL,'aa34eab591a95127f899cd629ce8074c5509c04a35f48328',NULL),(462,1,'STEFFANY','2022-03-02 10:19:48','Protocolo de Termo!',NULL,'A',NULL,'eed98ea303ff4419a4df54e69f72654110b5cfcfd1683553',NULL),(463,1,'Ana','2022-03-02 10:20:07','Protocolo de Termo!',NULL,'A',NULL,'77db7704e570392e16310aa33f6273fd87e78d2147bb3bbe',NULL),(464,1,'STEFFANY','2022-03-02 10:20:27','Protocolo de Termo!',NULL,'A',NULL,'1696780c187e09ee3da5e7211d5d224ba1d37f2ab08bdedc',NULL),(465,1,'STEFFANY','2022-03-02 10:20:54','Protocolo de Termo!',NULL,'A',NULL,'390e8470c5f1e253fcf7de14e05675ab3f780934af1c3866',NULL),(466,1,'Ana','2022-03-02 10:21:03','Protocolo de Termo!',NULL,'A',NULL,'1a37770f08993560f3f87a527ee81efd6f72eac57703a657',NULL),(467,1,'STEFFANY','2022-03-02 10:21:26','Protocolo de Termo!',NULL,'A',NULL,'fa1cd13dd1a3e18960b027fd6ff546963a4ef5a8a42d4b45',NULL),(468,1,'STEFFANY','2022-03-02 10:21:57','Protocolo de Termo!',NULL,'A',NULL,'4965f7b038861ecee7ba48625cb0c45e6075933e55976c50',NULL),(469,1,'Ana','2022-03-02 10:22:16','Protocolo de Termo!',NULL,'A',NULL,'23c434f89573c9cd46f96ed9a31c7938a7b274a9142af4b3',NULL),(470,1,'STEFFANY','2022-03-02 10:22:35','Protocolo de Termo!',NULL,'A',NULL,'b255febd3d844eefbc8355c5446743a2eae8a52833a6ff0d',NULL),(471,1,'Ana','2022-03-02 10:22:54','Protocolo de Termo!',NULL,'A',NULL,'9da711b10630ce888a99f979457320ecc5576930422764f1',NULL),(472,1,'STEFFANY','2022-03-02 10:23:02','Protocolo de Termo!',NULL,'A',NULL,'d9bccc1c8d040f211369c0c9fab5666bc59bab150bb3207a',NULL),(473,1,'Ana','2022-03-02 10:25:07','Protocolo de Termo!',NULL,'A',NULL,'26a0af762f3ccbf71a22811d921803828629772b41f413bf',NULL),(474,1,'STEFFANY','2022-03-02 10:30:48','Protocolo de Termo!',NULL,'A',NULL,'4467b2bb36ecdeb31346472104375c4edd563929c1910561',NULL),(475,1,'STEFFANY','2022-03-02 10:31:17','Protocolo de Termo!',NULL,'A',NULL,'3aea88913c655797d1a4e2a5bb08f69bc5744d5edfc4f952',NULL),(476,1,'Ana','2022-03-02 10:33:11','Protocolo de Termo!',NULL,'A',NULL,'d6e2db40dcee3c9bf6c6638d2284ca920a44b03fb377b766',NULL),(477,1,'Ana','2022-03-02 10:34:20','Protocolo de Termo!',NULL,'A',NULL,'db2cd61c71bb211bd296e6d4e5f17d628b4e506dc51e4623',NULL),(478,1,'Ana','2022-03-02 10:34:52','Protocolo de Termo!',NULL,'A',NULL,'c808e69ee73cb3151a916cea5f3d2b5f6a7ddc778184a280',NULL),(479,1,'Ana','2022-03-02 10:35:42','Protocolo de Termo!',NULL,'A',NULL,'f9197c6122901829e8c28e41706a1e345d8566af92346302',NULL),(480,1,'amanda','2022-03-02 10:36:22','Protocolo de Termo!',NULL,'A',NULL,'964eb2af050d14e69668b531af1a3fe8b4d5cbef0e82cc5a',NULL),(481,1,'Ana','2022-03-02 10:36:25','Protocolo de Termo!',NULL,'A',NULL,'0ffa50370666db9a41902a95262042567ce061aaccc8d211',NULL),(482,1,'Ana','2022-03-02 10:36:53','Protocolo de Termo!',NULL,'A',NULL,'a16d1a65ffd40d914e6623680f1de2ec4ebc3e0de2ad17ce',NULL),(483,1,'Ana','2022-03-02 10:37:20','Protocolo de Termo!',NULL,'A',NULL,'26a9007faa5d943a444ab07426bfd4383d5eba52ad939220',NULL),(484,1,'amanda','2022-03-02 10:37:34','Protocolo de Termo!',NULL,'A',NULL,'66d13ae1f20555f6d9d52066f43e1b0a509f30518aaa1546',NULL),(485,1,'amanda','2022-03-02 10:38:14','Protocolo de Termo!',NULL,'A',NULL,'1ce14d66902445db3057c6fa5f1050f12d04cc918f75ad34',NULL),(486,1,'Ana','2022-03-02 10:38:19','Protocolo de Termo!',NULL,'A',NULL,'9f969bbf62a37669e538f5269b21ea87fe919743a3794761',NULL),(487,1,'amanda','2022-03-02 10:38:20','Protocolo de Termo!',NULL,'A',NULL,'261a179f122f9bd3273d095ab28652ac070a243b39e42f11',NULL),(488,1,'Ana','2022-03-02 10:38:57','Protocolo de Termo!',NULL,'A',NULL,'c770133deb7886b8645719d22935a793caeef9f8e40e0aab',NULL),(489,1,'amanda','2022-03-02 10:39:15','Protocolo de Termo!',NULL,'A',NULL,'f14dfd6e73718ad996669fb44ce82ba5d6e3307d468f764e',NULL),(490,1,'Ana','2022-03-02 10:39:29','Protocolo de Termo!',NULL,'A',NULL,'e7843ac79e93b5f4220759565611346c5276ff6eca7dd842',NULL),(491,1,'Ana','2022-03-02 10:40:07','Protocolo de Termo!',NULL,'A',NULL,'c775a82b4fabf228ea5553aa53457576900625046407e173',NULL),(492,1,'Ana','2022-03-02 10:40:42','Protocolo de Termo!',NULL,'A',NULL,'2213ae0d787885337f2a859c642ef97eab576d00bf95402a',NULL),(493,1,'amanda','2022-03-02 10:41:15','Protocolo de Termo!',NULL,'A',NULL,'d3147d21ff89d206ab01cd8cdf7b6dd29360e79cdd84ddde',NULL),(494,1,'Ana','2022-03-02 10:41:18','Protocolo de Termo!',NULL,'A',NULL,'7ad00a55467c562d1bcfd3a8071e35fe1b048de0df092676',NULL),(495,1,'amanda','2022-03-02 10:42:54','Protocolo de Termo!',NULL,'A',NULL,'3ed60dfe58f602b78ab6cee43aae9720e1bb0a6361f2a265',NULL),(496,1,'amanda','2022-03-02 10:44:07','Protocolo de Termo!',NULL,'A',NULL,'bae271df93daca8002fb90f270b54afef42d6a997f3b6fc2',NULL),(497,1,'amanda','2022-03-02 10:45:20','Protocolo de Termo!',NULL,'A',NULL,'6ea8f066cdedca3c2c744050460380ade1dbb67da880d065',NULL),(498,1,'amanda','2022-03-02 10:46:04','Protocolo de Termo!',NULL,'A',NULL,'ef8ed850f226548dabcaa6d1ac9ed455fabce998a2e219a1',NULL),(499,1,'amanda','2022-03-02 10:46:37','Protocolo de Termo!',NULL,'A',NULL,'7afaa49ee2a2214318781cb442f368a78a3bc5f6c5d7bac4',NULL),(500,1,'taina','2022-03-02 10:46:52','Protocolo de Termo!',NULL,'A',NULL,'b21b5be4dceaab7b39b136ee383b7df382d50fade7dbde4f',NULL),(501,1,'Ana','2022-03-02 10:47:08','Protocolo de Termo!',NULL,'A',NULL,'d88b53624e9598c32427756f0c2c9dfe5d2a958f3cf99e14',NULL),(502,1,'amanda','2022-03-02 10:47:34','Protocolo de Termo!',NULL,'A',NULL,'e58efe339ca8f6fb1fd6ae9427c70310a0fd40aeebb15231',NULL),(503,1,'taina','2022-03-02 10:47:36','Protocolo de Termo!',NULL,'A',NULL,'ba3b004012600bfe5f63834b04bd3abfc33a179f00d0f4f7',NULL),(504,1,'Ana','2022-03-02 10:47:54','Protocolo de Termo!',NULL,'A',NULL,'a6c72c4f6c4df0f0f3c62269d57a53778b72dd52ff992ad1',NULL),(505,1,'taina','2022-03-02 10:48:07','Protocolo de Termo!',NULL,'A',NULL,'eaf23c5769a3cbdb4da8d8131c1179a917251355cafbc539',NULL),(506,1,'Ana','2022-03-02 10:48:19','Protocolo de Termo!',NULL,'A',NULL,'71f20a3e34ef785c1390b6bc84ea98cd90a40eefee55ba78',NULL),(507,1,'amanda','2022-03-02 10:48:50','Protocolo de Termo!',NULL,'A',NULL,'1881333e528eb3ec1f78f2f07760c5d549c6e2443191c811',NULL),(508,1,'Ana','2022-03-02 10:49:19','Protocolo de Termo!',NULL,'A',NULL,'45c362e60358bcdaeb545d64a7414f9ba5bd92d5f9b694cf',NULL),(509,1,'amanda','2022-03-02 10:49:21','Protocolo de Termo!',NULL,'A',NULL,'66837e192bf3f37045b8965f37fe2a33c4d4a1e2caba0557',NULL),(510,1,'taina','2022-03-02 10:49:42','Protocolo de Termo!',NULL,'A',NULL,'62a87a0820a22e56eca886ff847ac04ab50167770d9ad17b',NULL),(511,1,'amanda','2022-03-02 10:49:50','Protocolo de Termo!',NULL,'A',NULL,'2a06c7179a02cca727cac96efede4947d049226431b7ff8d',NULL),(512,1,'Ana','2022-03-02 10:49:50','Protocolo de Termo!',NULL,'A',NULL,'e51d02718e06b28760dca6e225fba33302c8cd265965506b',NULL),(513,1,'taina','2022-03-02 10:50:17','Protocolo de Termo!',NULL,'A',NULL,'267e0ca378dfe7b3158e5d576a5850e92a1dc4b78af2de94',NULL),(514,1,'amanda','2022-03-02 10:50:36','Protocolo de Termo!',NULL,'A',NULL,'e65038cf859780634a5cdeee17612621300813f2562ac3c6',NULL),(515,1,'taina','2022-03-02 10:50:39','Protocolo de Termo!',NULL,'A',NULL,'4bc349695f6fc32822e85298169961c43560b40c4c1ef87f',NULL),(516,1,'taina','2022-03-02 10:51:03','Protocolo de Termo!',NULL,'A',NULL,'2599ef1479a1c81ec5de58efb667ee0190f8745cabad89f3',NULL),(517,1,'Ana','2022-03-02 10:51:04','Protocolo de Termo!',NULL,'A',NULL,'90a6fe24ae441b7cdb3dcd5629aa84815c3c6644e24f908b',NULL),(518,1,'amanda','2022-03-02 10:51:14','Protocolo de Termo!',NULL,'A',NULL,'4e65bb3dfb4aca065b8432ac6fe3cb2f0d93af3fe2015e67',NULL),(519,1,'taina','2022-03-02 10:51:28','Protocolo de Termo!',NULL,'A',NULL,'e75f130247ea9c85b9728af48e57803c1ec7d77a84eacc68',NULL),(520,1,'taina','2022-03-02 10:51:51','Protocolo de Termo!',NULL,'A',NULL,'2140a9053d213c109b087eda3c006d7e4a3d07a27b380d2e',NULL),(521,1,'taina','2022-03-02 10:52:16','Protocolo de Termo!',NULL,'A',NULL,'b5ba3e4418b66642ff04b29ad8ee4494217e0b94b9f4df11',NULL),(522,1,'taina','2022-03-02 10:52:40','Protocolo de Termo!',NULL,'A',NULL,'010cb4515ab65fd7a209c4e240b14ba16c1989dce99be755',NULL),(523,1,'amanda','2022-03-02 10:55:00','Protocolo de Termo!',NULL,'A',NULL,'79a17c61e63be14b155284e5a97fe8ecc393f2327e7ce1ae',NULL),(524,1,'amanda','2022-03-02 10:56:01','Protocolo de Termo!',NULL,'A',NULL,'4f5231e60cf77625d4dd165e6a7e9a030ff57dacb1cd12ba',NULL),(525,1,'amanda','2022-03-02 10:56:32','Protocolo de Termo!',NULL,'A',NULL,'739eb16c05a93531858bc44b2ecfd7e308d81b721d4ef8be',NULL),(526,1,'taina','2022-03-02 10:57:10','Protocolo de Termo!',NULL,'A',NULL,'b1259f4b85b1aa7da67b6efb4873e4442b8c0404b2107f05',NULL),(527,1,'amanda','2022-03-02 10:57:17','Protocolo de Termo!',NULL,'A',NULL,'7e9e1f41c81447c030747396f30143b7bf5f8fe987f24b5f',NULL),(528,1,'taina','2022-03-02 10:57:28','Protocolo de Termo!',NULL,'A',NULL,'d840182e62abeb5aa299977ff2482e4aabb54a6a8973570e',NULL),(529,1,'amanda','2022-03-02 10:57:40','Protocolo de Termo!',NULL,'A',NULL,'1777b94b8b42271f8f5356d0fb07f0c35d33a7aa4804837a',NULL),(530,1,'taina','2022-03-02 11:02:59','Protocolo de Termo!',NULL,'A',NULL,'f5990c412e78aa0a008927a58ec4f464a917435d2d05a48d',NULL),(531,1,'taina','2022-03-02 11:05:31','Protocolo de Termo!',NULL,'A',NULL,'b00b14f6870dc3c733789c665630c9eca2357d872e10c2ea',NULL),(532,1,'taina','2022-03-02 11:05:50','Protocolo de Termo!',NULL,'A',NULL,'860838ffb2457bb66414630508d5f00f01074960f297759f',NULL),(533,1,'taina','2022-03-02 11:06:19','Protocolo de Termo!',NULL,'A',NULL,'e7cbf0c2a6412724afcea14deae260dc60e18330178b80fe',NULL),(534,1,'taina','2022-03-02 11:06:48','Protocolo de Termo!',NULL,'A',NULL,'d8fc07789667fa404b76a2adee8b391191c6fed063cc9043',NULL),(535,1,'taina','2022-03-02 11:07:02','Protocolo de Termo!',NULL,'A',NULL,'74b14de1db425a29c1aa622a848a91deea24db5e0262ea4e',NULL),(536,1,'taina','2022-03-02 11:07:20','Protocolo de Termo!',NULL,'A',NULL,'f5870b16ebf5ee70bbd829f57cc5b155155413a1f02a6c80',NULL),(537,1,'STEFFANY','2022-03-02 11:08:47','Protocolo de Termo!',NULL,'A',NULL,'65abc12f2fadfa5720f84f7e5b8196d428eaaa534cfba47d',NULL),(538,1,'taina','2022-03-02 11:11:24','Protocolo de Termo!',NULL,'A',NULL,'8f1c99659cd6e693cfa6d455083a7232e128ef303d29052a',NULL),(539,1,'taina','2022-03-02 11:11:43','Protocolo de Termo!',NULL,'A',NULL,'ceebc73dbd97832f8a079c188872167f79373a156c71c52f',NULL),(540,1,'taina','2022-03-02 11:11:50','Protocolo de Termo!',NULL,'A',NULL,'5671e3755c5130defcbd6fbce428f32a9da779ced15106aa',NULL),(541,1,'taina','2022-03-02 11:12:17','Protocolo de Termo!',NULL,'A',NULL,'be0d0f8e09e24e9e0433a79ba3109900cc512d4080eb6c1a',NULL),(542,1,'taina','2022-03-02 11:12:39','Protocolo de Termo!',NULL,'A',NULL,'1545affb14d52fd5de9b55ccccb0a0b50190275868b3d0e6',NULL),(543,1,'taina','2022-03-02 11:12:57','Protocolo de Termo!',NULL,'A',NULL,'ec0d5c54279a8e68d4661c1771179e4ea72a9f9308e8461d',NULL),(544,1,'TARCIA','2022-03-02 12:57:07','Protocolo de Termo!',NULL,'A',NULL,'7dc47f07ce8f140c16befc1d33902373ad160a2a4ad8167e',NULL),(545,1,'andreza','2022-03-02 13:17:58','Protocolo de Termo!',NULL,'A',NULL,'3471f5eac702f168850e7c9fe5d1a4c0db1ab3587759479e',NULL),(546,1,'andreza','2022-03-02 13:18:16','Protocolo de Termo!',NULL,'A',NULL,'33ba8e84811fcbce3033d69bac3a31ecbd72eeb608d85585',NULL),(547,1,'andreza','2022-03-02 13:18:52','Protocolo de Termo!',NULL,'A',NULL,'8a9894f360ca830563f961d017ca07fbf626cb690df2cf4c',NULL),(548,1,'andreza','2022-03-02 13:19:02','Protocolo de Termo!',NULL,'A',NULL,'455d571d118c557aa97e869e68fcec7af1c36cbe6c014932',NULL),(549,1,'andreza','2022-03-02 13:19:21','Protocolo de Termo!',NULL,'A',NULL,'6cec9d74c152b4ae025ea714f4b392553db40f583194b5ec',NULL),(550,1,'andreza','2022-03-02 13:19:33','Protocolo de Termo!',NULL,'A',NULL,'d1962a53e24ef776aac0818ebf0630cea8643e600462f019',NULL),(551,1,'andreza','2022-03-02 13:19:45','Protocolo de Termo!',NULL,'A',NULL,'806c7d80e7145f3e26a78efc537ef621a52f02dd33d98c5e',NULL),(552,1,'andreza','2022-03-02 13:19:55','Protocolo de Termo!',NULL,'A',NULL,'df82a26be813359e8ac6daa5498e73d8548e4811b69ccb8a',NULL),(553,1,'andreza','2022-03-02 13:20:07','Protocolo de Termo!',NULL,'A',NULL,'7ca455490a2ecc67d44b3b8658c2ea60b051c8028cc00bdb',NULL),(554,1,'andreza','2022-03-02 13:20:16','Protocolo de Termo!',NULL,'A',NULL,'392c753104e6d5aacc66b8e3d5d1947bdd5186340fe74753',NULL),(555,1,'andreza','2022-03-02 13:20:29','Protocolo de Termo!',NULL,'A',NULL,'b470048d7b5f8a53e13c36d8704552a6898de904830fb5ac',NULL),(556,1,'andreza','2022-03-02 13:20:41','Protocolo de Termo!',NULL,'A',NULL,'0de4fdcffc9bb5274ed6a4dcf18bc4fefa3c18fbbea48211',NULL),(557,1,'andreza','2022-03-02 13:20:51','Protocolo de Termo!',NULL,'A',NULL,'66d800c703dbf5ae9b7fa07fba54ffacac1c8fd40eaf69c2',NULL),(558,1,'andreza','2022-03-02 13:21:03','Protocolo de Termo!',NULL,'A',NULL,'d30be2bfae23898a827e68eb96e364a854af071fce0b0bd7',NULL),(559,1,'andreza','2022-03-02 13:21:15','Protocolo de Termo!',NULL,'A',NULL,'17d98bbe5a75ea7aac7598e5470cd795ab058bfb9ab19d86',NULL),(560,1,'andreza','2022-03-02 13:21:26','Protocolo de Termo!',NULL,'A',NULL,'f13cf5eae4321ba8679539f06cd2f0fb0cf6584f77d88db8',NULL),(561,1,'andreza','2022-03-02 13:21:37','Protocolo de Termo!',NULL,'A',NULL,'8dc2c0c465ba764597f6dad20f6cb9abe868d7b8ac7f5bfa',NULL),(562,1,'STEFFANY','2022-03-02 13:21:43','Protocolo de Termo!',NULL,'A',NULL,'e814ca00428a8da4ec8ac889dd69bcc87d66e1256aaa461f',NULL),(563,1,'andreza','2022-03-02 13:21:49','Protocolo de Termo!',NULL,'A',NULL,'aa3eaecd82086a0797b0e28bd6cc793b4c3aebe014a8ef23',NULL),(564,1,'andreza','2022-03-02 13:22:02','Protocolo de Termo!',NULL,'A',NULL,'04689cbeda816bc07dba3f4f3a79b948b8dc6d1b0171d7fb',NULL),(565,1,'andreza','2022-03-02 13:22:13','Protocolo de Termo!',NULL,'A',NULL,'22a95bd0bc0761349ade6b9ac2c6532c88ba772dd2747890',NULL),(566,1,'andreza','2022-03-02 13:22:23','Protocolo de Termo!',NULL,'A',NULL,'c6aa258465d4a22febb536ae9cca2dc943d1b7766e5db2d6',NULL),(567,1,'andreza','2022-03-02 13:22:46','Protocolo de Termo!',NULL,'A',NULL,'e227df246af39dea38946448799922802562dbc9f13c4e25',NULL),(568,1,'andreza','2022-03-02 13:22:58','Protocolo de Termo!',NULL,'A',NULL,'1d43fca090543b59d9b80580b7a0928e1361bbac4d00664f',NULL),(569,1,'andreza','2022-03-02 13:23:36','Protocolo de Termo!',NULL,'A',NULL,'fcd42748d1c657ca72ec2ef57fb5e69c8077878291810db9',NULL),(570,1,'andreza','2022-03-02 13:23:51','Protocolo de Termo!',NULL,'A',NULL,'12af2907fe2a1fa2a705f04403b3ea634709195cd556b773',NULL),(571,1,'andreza','2022-03-02 13:24:50','Protocolo de Termo!',NULL,'A',NULL,'d7b35f98215a1050bbca2b0076baf4c666c2ba4e147cbdda',NULL),(572,1,'ANDREZA','2022-03-02 14:36:56','Protocolo de Termo!',NULL,'A',NULL,'91ee34fb421bfa584d51cd6e0755a4c0e5909462a3b1da2e',NULL),(573,1,'ANDREZA','2022-03-02 14:56:42','Protocolo de Termo!',NULL,'A',NULL,'9e59e673ef2ebb5a41155d0048c0c73662a8919f57c9ddd2',NULL),(574,1,'ANDREZA','2022-03-02 14:57:07','Protocolo de Termo!',NULL,'A',NULL,'4ad9d331b151033cde8e1299c907afe48994e5a9bbba93d9',NULL),(575,1,'ANDREZA','2022-03-02 14:59:15','Protocolo de Termo!',NULL,'A',NULL,'51222344ebd7de430bb52ae252a4e6ca138745ff27b58c0b',NULL),(576,1,'ANDREZA','2022-03-02 16:06:31','Protocolo de Termo!',NULL,'A',NULL,'e5a1c05729eae4029f92282ecc9b9854b1e1943090109e9f',NULL),(577,1,'ANDREZA','2022-03-02 16:10:37','Protocolo de Termo!',NULL,'A',NULL,'de68abd08345d7986a7f3d40f315cfa3e59153fc332d9e60',NULL),(578,1,'ANDREZA','2022-03-02 16:12:37','Protocolo de Termo!',NULL,'A',NULL,'8c400b99e1fa53db3ff72897bce52d07565d0ca67b7abdfb',NULL),(579,1,'ANDREZA','2022-03-02 17:01:54','Protocolo de Termo!',NULL,'A',NULL,'fb280ed13bbd82e22b33592fddbc8cae73b08fc592892c1e',NULL),(580,1,'ANDREZA','2022-03-02 17:43:59','Protocolo de Termo!',NULL,'A',NULL,'0814775ed09b6e2a57d323f9951b3befebd9bf8b46c61c4b',NULL),(581,1,'ANDREZA','2022-03-02 17:44:27','Protocolo de Termo!',NULL,'A',NULL,'a60a42e1b3ecc01bbfa7301383af85d0b665550932738abf',NULL),(582,1,'ANDREZA','2022-03-02 17:44:46','Protocolo de Termo!',NULL,'A',NULL,'fa39874693c071dcaa9efc8d21a6330dfa8b96e33b21984a',NULL),(583,1,'ANDREZA','2022-03-02 17:45:06','Protocolo de Termo!',NULL,'A',NULL,'a5ef40e8f1185321c99122584dc4c17a7c6adbea69b6592e',NULL),(584,1,'ANDREZA','2022-03-02 17:45:58','Protocolo de Termo!',NULL,'A',NULL,'67b58cc9ad7db27ccf7b317105b73d993dd5a53de5c20817',NULL),(585,1,'ANDREZA','2022-03-02 17:54:15','Protocolo de Termo!',NULL,'A',NULL,'d8525964972bc6a9f460f403dbc0f5e00f6ce789fe3f235b',NULL),(586,1,'ANDREZA','2022-03-02 17:55:03','Protocolo de Termo!',NULL,'A',NULL,'a3eec891caefac3dddd8e6f277f4c94a1e59eff4680c127f',NULL),(587,1,'ANDREZA','2022-03-02 18:00:31','Protocolo de Termo!',NULL,'A',NULL,'57d73c87691423f4c6ef0dc9918602d3ba404bf62c5b6e29',NULL),(588,1,'STEFFANY','2022-03-03 08:48:28','Protocolo de Termo!',NULL,'A',NULL,'ca47717e5260119d6689bd03be60f6545045b3103102f397',NULL),(589,1,'STEFFANY','2022-03-03 09:03:53','Protocolo de Termo!',NULL,'A',NULL,'bf7eabf3c55cdaf662091b6a6a5419cbbf44a88180a9d422',NULL),(590,1,'STEFFANY','2022-03-03 09:08:38','Protocolo de Termo!',NULL,'A',NULL,'990c34a03234f3f1a9165d86c065314ca5b07e8123c07f67',NULL),(591,1,'ANDREZA','2022-03-03 10:53:35','Protocolo de Termo!',NULL,'A',NULL,'10ef36350ff51543cdd2109886371485c06921d7adfc9391',NULL),(592,1,'ANDREZA','2022-03-03 10:53:46','Protocolo de Termo!',NULL,'A',NULL,'439dab134764e7c0e3e807471ee648ecd3274a1cf9ea19cd',NULL),(593,1,'ANDREZA','2022-03-03 10:53:56','Protocolo de Termo!',NULL,'A',NULL,'a05141154f299cd5c0db6a1f447442a9c43e7d76decbd6a6',NULL),(594,1,'ANDREZA','2022-03-03 10:54:05','Protocolo de Termo!',NULL,'A',NULL,'26bcfdbf3ecf6587ee1355f17a1f4b9954cad9d3e0fed94b',NULL),(595,1,'ANDREZA','2022-03-03 10:54:15','Protocolo de Termo!',NULL,'A',NULL,'39b5f7958a5a6b629f00dcfe0d23bf4783998ca3836fb4e2',NULL),(596,1,'taina','2022-03-03 14:59:08','Protocolo de Termo!',NULL,'A',NULL,'e7e06658c015849d2c1186b589b6a5cb7b969b167898d264',NULL),(597,1,'taina','2022-03-03 14:59:23','Protocolo de Termo!',NULL,'A',NULL,'c6d430301a40ef84d74a30c1f50754f66e281f0b9d535d27',NULL),(598,1,'nerivan','2022-03-03 14:59:34','Protocolo de Termo!',NULL,'A',NULL,'c6f7b3ca4bd993c20a99e598171c5e000b4ec0bb1a202d24',NULL),(599,1,'taina','2022-03-03 14:59:41','Protocolo de Termo!',NULL,'A',NULL,'b4d924de3425790f4562b24f92d8d9a5049c89ed450cea5f',NULL),(600,1,'nerivan','2022-03-03 14:59:56','Protocolo de Termo!',NULL,'A',NULL,'82b4776ef106222b1faaa55a40e02cf1021e8bd63423c17c',NULL),(601,1,'taina','2022-03-03 14:59:56','Protocolo de Termo!',NULL,'A',NULL,'7f4875f0d21a50a1f46fd91ad7241b7a68b7e12cc7b538e0',NULL),(602,1,'taina','2022-03-03 15:00:13','Protocolo de Termo!',NULL,'A',NULL,'a69dceb12a962dedd3e929ad3ba49482d00e132e583bee8f',NULL),(603,1,'nerivan','2022-03-03 15:00:21','Protocolo de Termo!',NULL,'A',NULL,'14d60f9525d178a9956a4d61a07942e9e007ed3ce7de6e6b',NULL),(604,1,'nerivan','2022-03-03 15:00:44','Protocolo de Termo!',NULL,'A',NULL,'5c449158031f2c73763a9fa6939b32a442374d74b977eb16',NULL),(605,1,'nerivan','2022-03-03 15:01:03','Protocolo de Termo!',NULL,'A',NULL,'4a31f30f62b0862ede01c25de82465e8b8353704f359e793',NULL),(606,1,'taina','2022-03-03 15:01:13','Protocolo de Termo!',NULL,'A',NULL,'17ac57a50af2479cffe47bde924cafe1e7049b74f9a4ee6a',NULL),(607,1,'nerivan','2022-03-03 15:01:24','Protocolo de Termo!',NULL,'A',NULL,'2790c050acb3420abd1913f8f4c714f694492aa86bb395f2',NULL),(608,1,'TARCIA','2022-03-03 15:01:29','Protocolo de Termo!',NULL,'A',NULL,'66e833d57e08562eb6d08c3033df24a95eb7cba94839a02d',NULL),(609,1,'nerivan','2022-03-03 15:01:43','Protocolo de Termo!',NULL,'A',NULL,'5165549cff5cd3ce56a391fd91eadfb1b4f931ad6685f0eb',NULL),(610,1,'taina','2022-03-03 15:01:54','Protocolo de Termo!',NULL,'A',NULL,'9dd17c83f8f1b2a8aa4d285a6a4f5d63400f74b93fbf6b0e',NULL),(611,1,'nerivan','2022-03-03 15:02:01','Protocolo de Termo!',NULL,'A',NULL,'01006fe6e53ff715fe549b44409ed1c72ec743ff3fe2883d',NULL),(612,1,'taina','2022-03-03 15:02:06','Protocolo de Termo!',NULL,'A',NULL,'f72a7ee42bc04a44a756648fbcc5fe149468f396ce5b3b07',NULL),(613,1,'taina','2022-03-03 15:02:17','Protocolo de Termo!',NULL,'A',NULL,'40996a754e8b1e21835f896323d8f8e6b6a13a3f84bbffbc',NULL),(614,1,'TARCIA','2022-03-03 15:02:19','Protocolo de Termo!',NULL,'A',NULL,'5bd71abcab4ee2d37b034956341d4ca0fc91c41264be8fac',NULL),(615,1,'nerivan','2022-03-03 15:02:23','Protocolo de Termo!',NULL,'A',NULL,'b19e70e4b4e09ae23eaac2be6661ac20bcca8d6da3879186',NULL),(616,1,'taina','2022-03-03 15:02:28','Protocolo de Termo!',NULL,'A',NULL,'c857b8e72d99a2066a5171d53649cab5666fa04135a4f100',NULL),(617,1,'taina','2022-03-03 15:02:46','Protocolo de Termo!',NULL,'A',NULL,'e52771ad405542db6c5542c86779fc23b8fdf8b0b5f4f03d',NULL),(618,1,'nerivan','2022-03-03 15:02:51','Protocolo de Termo!',NULL,'A',NULL,'74a59bb394470c1f3d0566061d067a7caa4849cb66a409ba',NULL),(619,1,'taina','2022-03-03 15:02:58','Protocolo de Termo!',NULL,'A',NULL,'e5876d2e4540e2ffa030b4305dcdd27c84e75e9e01b630cf',NULL),(620,1,'taina','2022-03-03 15:03:07','Protocolo de Termo!',NULL,'A',NULL,'66aaf83421592d668cef183cb53f1a62170f1cac78e66e9d',NULL),(621,1,'nerivan','2022-03-03 15:03:11','Protocolo de Termo!',NULL,'A',NULL,'90731b1d355d5313f8e4a7c413865fd94774641f3330bb90',NULL),(622,1,'TARCIA','2022-03-03 15:03:15','Protocolo de Termo!',NULL,'A',NULL,'edd2461f06f890c21f74e9188a47b76f45a96c5346df8658',NULL),(623,1,'taina','2022-03-03 15:03:24','Protocolo de Termo!',NULL,'A',NULL,'71a1667e7c9b9b824848949f783acd498c40e7679c7c790c',NULL),(624,1,'nerivan','2022-03-03 15:03:29','Protocolo de Termo!',NULL,'A',NULL,'42824d002137f946d13334b3f6a6932049b9f9d15ae9aea1',NULL),(625,1,'taina','2022-03-03 15:03:38','Protocolo de Termo!',NULL,'A',NULL,'a9a302ca401ae730e0abf72b4ae5bfcbf4384aaa384a380c',NULL),(626,1,'nerivan','2022-03-03 15:03:45','Protocolo de Termo!',NULL,'A',NULL,'f04596bac6c4664576da8116110a18eebef0684cf09047b2',NULL),(627,1,'taina','2022-03-03 15:03:51','Protocolo de Termo!',NULL,'A',NULL,'fa2e180c07cd3783f78978891afaa35b5a11d604abb769b7',NULL),(628,1,'taina','2022-03-03 15:04:03','Protocolo de Termo!',NULL,'A',NULL,'e9ad6ad37a1a383dbcce3eed0d3af38ed94682d946de90bb',NULL),(629,1,'nerivan','2022-03-03 15:04:05','Protocolo de Termo!',NULL,'A',NULL,'37979f852d9136a1e7bbd049ffaf9e22e9ccb0f4eba4f610',NULL),(630,1,'taina','2022-03-03 15:04:14','Protocolo de Termo!',NULL,'A',NULL,'6c80efe09fc81578c82031f483131fe8b51e03c8744f83ce',NULL),(631,1,'taina','2022-03-03 15:04:28','Protocolo de Termo!',NULL,'A',NULL,'a22d52adcf7457607495b52977c06bd101977d0ef529f3d8',NULL),(632,1,'taina','2022-03-03 15:04:38','Protocolo de Termo!',NULL,'A',NULL,'d4e8f1943945d3d2ec25f0529364acf589dcfcf0e35d4000',NULL),(633,1,'nerivan','2022-03-03 15:04:41','Protocolo de Termo!',NULL,'A',NULL,'2813ab2664d1393f85ccef6d436ac35a0d246f4781f5c1d6',NULL),(634,1,'taina','2022-03-03 15:05:29','Protocolo de Termo!',NULL,'A',NULL,'26a6568b2297dc9fb728f84a98f07985f0dc33822f71efa6',NULL),(635,1,'taina','2022-03-03 15:05:41','Protocolo de Termo!',NULL,'A',NULL,'275bcfc7cb041630caf75f3ea72efa2c1260ed15c8ea098f',NULL),(636,1,'taina','2022-03-03 15:05:51','Protocolo de Termo!',NULL,'A',NULL,'57651078a1bed05864b616e57a7777e396ca92cfd2591bf6',NULL),(637,1,'nerivan','2022-03-03 15:05:55','Protocolo de Termo!',NULL,'A',NULL,'64339f263c91b00cbba1533c52480981aac0d0ef310029c0',NULL),(638,1,'taina','2022-03-03 15:06:03','Protocolo de Termo!',NULL,'A',NULL,'8fb0ff571ba2b1f84fd69d573bac98a33a84dd2bcaecf797',NULL),(639,1,'nerivan','2022-03-03 15:06:09','Protocolo de Termo!',NULL,'A',NULL,'7357fb02e76d91c54e398993a3041a6e902c559503dca2a3',NULL),(640,1,'taina','2022-03-03 15:06:13','Protocolo de Termo!',NULL,'A',NULL,'05203290a36f2a284a8365361e9bcc90d5d75f8b9f2ba1a6',NULL),(641,1,'taina','2022-03-03 15:06:22','Protocolo de Termo!',NULL,'A',NULL,'645ef44760629939b7b3f9bb6964584a7df19f30756b1d46',NULL),(642,1,'nerivan','2022-03-03 15:06:26','Protocolo de Termo!',NULL,'A',NULL,'1988a3f45a6d2c9c9ce61af66b5b14ebc56201347ac036a2',NULL),(643,1,'nerivan','2022-03-03 15:06:42','Protocolo de Termo!',NULL,'A',NULL,'6f4c4f566a6441c03311032bbd22a197575a277984ddbaab',NULL),(644,1,'nerivan','2022-03-03 15:06:57','Protocolo de Termo!',NULL,'A',NULL,'de74292579237b74ad96d25216d76079e761e86b4f6f6a09',NULL),(645,1,'nerivan','2022-03-03 15:07:14','Protocolo de Termo!',NULL,'A',NULL,'1785b15a81fd6b5be7486c95672004b82ceba6fa5fa20a94',NULL),(646,1,'TARCIA','2022-03-03 15:07:41','Protocolo de Termo!',NULL,'A',NULL,'4478abc00579c237eebf85cdb520d15b568ffc77ba44350e',NULL),(647,1,'TARCIA','2022-03-03 15:09:50','Protocolo de Termo!',NULL,'A',NULL,'229db338dbc081878512020341a940ef42774000ab420e68',NULL),(648,1,'TARCIA','2022-03-03 15:23:36','Protocolo de Termo!',NULL,'A',NULL,'0657dce9dcd804a7efdc3b2d9e2401383fb054c7b4959406',NULL),(649,1,'TARCIA','2022-03-03 15:23:58','Protocolo de Termo!',NULL,'A',NULL,'7f74ac54dd40a9219838268294b6e145f2d7c281209ae8b7',NULL),(650,1,'TARCIA','2022-03-03 15:24:39','Protocolo de Termo!',NULL,'A',NULL,'bdbea70b96c1bd14abfefcb06c772c22ae1f88fa743e618f',NULL),(651,1,'TARCIA','2022-03-03 15:25:09','Protocolo de Termo!',NULL,'A',NULL,'d0a93691266de89abcc2364742291a79df4931c0f01ce401',NULL),(652,1,'TARCIA','2022-03-03 15:25:30','Protocolo de Termo!',NULL,'A',NULL,'96c7b19d18b5b5e9e8d805e8a488255f9c1e53456176e996',NULL),(653,1,'TARCIA','2022-03-03 15:26:27','Protocolo de Termo!',NULL,'A',NULL,'31305587644eb1241da0db734d6481d2f9a04027af72c1ce',NULL),(654,1,'TARCIA','2022-03-03 15:26:39','Protocolo de Termo!',NULL,'A',NULL,'f20f16fd94378b3d59f281c5c543c7e489730366f3c33015',NULL),(655,1,'TARCIA','2022-03-03 15:26:49','Protocolo de Termo!',NULL,'A',NULL,'d965bc30dc7a55672d05d8dfc0a91de423434bc1d012622b',NULL),(656,1,'TARCIA','2022-03-03 15:27:07','Protocolo de Termo!',NULL,'A',NULL,'e06daf6099e1fdcb3624fc055c6626c39608bad0e8200613',NULL),(657,1,'STEFFANY','2022-03-03 15:27:09','Protocolo de Termo!',NULL,'A',NULL,'2ff053b139c5e54bc46ddee49d64b3fcb9c7fd6b6aa07797',NULL),(658,1,'TARCIA','2022-03-03 15:27:18','Protocolo de Termo!',NULL,'A',NULL,'37d14cc67959b24d85b0c424f3289d6a436cb4ff558882d3',NULL),(659,1,'STEFFANY','2022-03-03 15:27:25','Protocolo de Termo!',NULL,'A',NULL,'54748a92d91e2867040d67cf8c658c5f7ce7b4d5b3d64795',NULL),(660,1,'TARCIA','2022-03-03 15:27:30','Protocolo de Termo!',NULL,'A',NULL,'273cac605bf14791a15dfaa87b51dd6f2bdc76943e6b688c',NULL),(661,1,'STEFFANY','2022-03-03 15:27:39','Protocolo de Termo!',NULL,'A',NULL,'0f3e54c43d10aeb4aba09e433d5afd289474809e5c11d760',NULL),(662,1,'TARCIA','2022-03-03 15:27:45','Protocolo de Termo!',NULL,'A',NULL,'3a4c7d6172bd8551d48b5518c728c10da7945eeeb5af7265',NULL),(663,1,'TARCIA','2022-03-03 15:27:56','Protocolo de Termo!',NULL,'A',NULL,'aede5d9afcbcabcc514e0953c0333fd88bbd9b305ee35719',NULL),(664,1,'TARCIA','2022-03-03 15:28:11','Protocolo de Termo!',NULL,'A',NULL,'e6c5aed293617b171a639dc9823e257bec4efe4ee9a1c7a7',NULL),(665,1,'STEFFANY','2022-03-03 15:28:11','Protocolo de Termo!',NULL,'A',NULL,'bfa246e1432757105676cd43461e1a9e00999c2db3f8e65a',NULL),(666,1,'STEFFANY','2022-03-03 15:28:25','Protocolo de Termo!',NULL,'A',NULL,'86ed155e4e3e5d7e808bfe75ed1671bbeb51a65b543fdba8',NULL),(667,1,'TARCIA','2022-03-03 15:28:33','Protocolo de Termo!',NULL,'A',NULL,'e57243bf7c3ae7e29feb12da8a45e2ba5101fa73125c15ae',NULL),(668,1,'TARCIA','2022-03-03 15:28:52','Protocolo de Termo!',NULL,'A',NULL,'8ab0f17cb7ee223789cff9683cb341bbc6da766ef717da28',NULL),(669,1,'STEFFANY','2022-03-03 15:28:55','Protocolo de Termo!',NULL,'A',NULL,'83bdb41256c22afe2042ef96d5ba980db575fe64fb593723',NULL),(670,1,'STEFFANY','2022-03-03 15:29:02','Protocolo de Termo!',NULL,'A',NULL,'4df4badeca2db1d79d35594aff89c910480f4dc8dd3f4baa',NULL),(671,1,'TARCIA','2022-03-03 15:29:11','Protocolo de Termo!',NULL,'A',NULL,'4c8c1c542b888f2ed165f58884b96a8f0636db7d9f19be34',NULL),(672,1,'STEFFANY','2022-03-03 15:29:13','Protocolo de Termo!',NULL,'A',NULL,'7dd27742038536b5a8cc54d88029291be7b672c3a05f3618',NULL),(673,1,'TARCIA','2022-03-03 15:29:21','Protocolo de Termo!',NULL,'A',NULL,'e9c4f9accfa6ed645bf0f9932f194af4b72394bc9af189f7',NULL),(674,1,'STEFFANY','2022-03-03 15:29:25','Protocolo de Termo!',NULL,'A',NULL,'4d8c7db407f1223a3d3be7ba1e08be615e3aae03de789344',NULL),(675,1,'TARCIA','2022-03-03 15:29:31','Protocolo de Termo!',NULL,'A',NULL,'76eac63e2efe9613a38f281ad60d20471fb08c903ff4e93e',NULL),(676,1,'STEFFANY','2022-03-03 15:29:34','Protocolo de Termo!',NULL,'A',NULL,'9596e552c17117b0524b474be3087838057a4d7dfee55fdd',NULL),(677,1,'TARCIA','2022-03-03 15:29:51','Protocolo de Termo!',NULL,'A',NULL,'1ee4f1eae74eafe28738dd4e3934588f6f8c447ad1f44b5d',NULL),(678,1,'STEFFANY','2022-03-03 15:29:55','Protocolo de Termo!',NULL,'A',NULL,'604f38146b9548f9c1c45f4110ab23b43a2c319531ecb71f',NULL),(679,1,'STEFFANY','2022-03-03 15:30:08','Protocolo de Termo!',NULL,'A',NULL,'0cf717d2d1f08b6a6080f49c202317282fe779d190501602',NULL),(680,1,'STEFFANY','2022-03-03 15:30:19','Protocolo de Termo!',NULL,'A',NULL,'b867a3e350dbd29ea765a3497c753a46982d973d91da6f4f',NULL),(681,1,'STEFFANY','2022-03-03 15:30:31','Protocolo de Termo!',NULL,'A',NULL,'79126f7014c1dc78ea72b61ee7550ede0a8f8989294232df',NULL),(682,1,'STEFFANY','2022-03-03 15:30:44','Protocolo de Termo!',NULL,'A',NULL,'cebbd6b7e779fde055e9b8ac6bbb7187b1c6db33f2da4df5',NULL),(683,1,'STEFFANY','2022-03-03 15:30:56','Protocolo de Termo!',NULL,'A',NULL,'3f3a44104343b6ce3a975c0f4bba6dc41751af53f280616d',NULL),(684,1,'STEFFANY','2022-03-03 15:31:10','Protocolo de Termo!',NULL,'A',NULL,'583608cd54885d24d3e64a24a6f5f46496530dfa2b16fe02',NULL),(685,1,'STEFFANY','2022-03-03 15:31:21','Protocolo de Termo!',NULL,'A',NULL,'e1cf82df6749aa0a9457ec9ce38c43b9756fe6824bb9a831',NULL),(686,1,'STEFFANY','2022-03-03 15:31:33','Protocolo de Termo!',NULL,'A',NULL,'f02cdec755d7fec3ff24e117b690a09070a0a22f5cfc2d3a',NULL),(687,1,'STEFFANY','2022-03-03 15:31:45','Protocolo de Termo!',NULL,'A',NULL,'fc2ade3e16cc7f415db01394dc363a0a0f20f38736dc6e73',NULL),(688,1,'STEFFANY','2022-03-03 15:31:57','Protocolo de Termo!',NULL,'A',NULL,'83fec4afa5f30d9a73308615c717a85f932368daec451293',NULL),(689,1,'STEFFANY','2022-03-03 15:32:10','Protocolo de Termo!',NULL,'A',NULL,'0e98a52d5180d4638da7691a8927e00a778f5e2a9401c7de',NULL),(690,1,'STEFFANY','2022-03-03 15:33:09','Protocolo de Termo!',NULL,'A',NULL,'aec7d5036952f5b713c9ec62c71b6459f0ca7e284026489e',NULL),(691,1,'STEFFANY','2022-03-03 15:33:24','Protocolo de Termo!',NULL,'A',NULL,'8d78397e43cf4726e4ec4b229338a3d74385e1b73bf49c9f',NULL),(692,1,'STEFFANY','2022-03-03 15:33:35','Protocolo de Termo!',NULL,'A',NULL,'e229d7eec82c70f70d041f29fa523bc3b3597952a4fb04d5',NULL),(693,1,'amanda','2022-03-03 15:36:28','Protocolo de Termo!',NULL,'A',NULL,'98e88a7ed05bd432032f6ed9070567b66c78d5d951dcca9e',NULL),(694,1,'amanda','2022-03-03 15:36:56','Protocolo de Termo!',NULL,'A',NULL,'51f6b49970d677f3c9747a8b2c9f3f1ef9402c072670a3ae',NULL),(695,1,'amanda','2022-03-03 15:37:23','Protocolo de Termo!',NULL,'A',NULL,'aa3f83f325337d4615b4879cc7f137e3cf28365e2b607d2a',NULL),(696,1,'amanda','2022-03-03 15:38:12','Protocolo de Termo!',NULL,'A',NULL,'a603ae0bc878944cc970fb659cf7dde67d512acf3157c0ee',NULL),(697,1,'amanda','2022-03-03 15:38:50','Protocolo de Termo!',NULL,'A',NULL,'ecee5297cbbf332f0188cfff424d9e173ce5f2a6b5bcd169',NULL),(698,1,'amanda','2022-03-03 15:39:26','Protocolo de Termo!',NULL,'A',NULL,'95e541543c662d5faa0797325bbadc5a549117fdf887056d',NULL),(699,1,'amanda','2022-03-03 15:39:50','Protocolo de Termo!',NULL,'A',NULL,'ad931f3874e7d8b8735ca250c819686b5e2fa6f4d5138767',NULL),(700,1,'amanda','2022-03-03 15:40:25','Protocolo de Termo!',NULL,'A',NULL,'f97e865d0c28a65c54ee4e4cbcdc482d2406abedeb7ac524',NULL),(701,1,'amanda','2022-03-03 15:41:07','Protocolo de Termo!',NULL,'A',NULL,'61ef28803090431c477b2943014698b24fc48d2fc75938c4',NULL),(702,1,'amanda','2022-03-03 15:41:37','Protocolo de Termo!',NULL,'A',NULL,'19efd7642bb947a874b3d96adf0e85442f42871eaa531521',NULL),(703,1,'amanda','2022-03-03 15:42:07','Protocolo de Termo!',NULL,'A',NULL,'a5254e49bdef01d5c59d1bd0a9413c656508fe949bd19014',NULL),(704,1,'amanda','2022-03-03 15:42:31','Protocolo de Termo!',NULL,'A',NULL,'92c00cd523665ddfa6823c0076863858ad721433762934ec',NULL),(705,1,'amanda','2022-03-03 15:42:57','Protocolo de Termo!',NULL,'A',NULL,'5dc42af2c06e3f36f878959abdab9a1ac54ae8da3f4296bb',NULL),(706,1,'amanda','2022-03-03 15:43:19','Protocolo de Termo!',NULL,'A',NULL,'e497f489f8339d65652db2ba89225a02519550a7b185a286',NULL),(707,1,'amanda','2022-03-03 15:43:51','Protocolo de Termo!',NULL,'A',NULL,'bcdebcc2c8c9881f6580ae7d9626220c179c8c6271297e5a',NULL),(708,1,'amanda','2022-03-03 15:44:21','Protocolo de Termo!',NULL,'A',NULL,'93180ae1d3e1ea400aee1a934716f2fbb13178be18b81b74',NULL),(709,1,'amanda','2022-03-03 15:44:53','Protocolo de Termo!',NULL,'A',NULL,'0dfbf09336143ab145bd07dcb5d441124ad74201e09c14a2',NULL),(710,1,'amanda','2022-03-03 15:45:29','Protocolo de Termo!',NULL,'A',NULL,'9ea2b90951db8fbc2f8f788ee7969bf82fb7169aefc602de',NULL),(711,1,'amanda','2022-03-03 15:45:55','Protocolo de Termo!',NULL,'A',NULL,'440450705a9160e3922914ffa2e47dd854558fbefa144308',NULL),(712,1,'amanda','2022-03-03 15:46:31','Protocolo de Termo!',NULL,'A',NULL,'af481854f8051bb5b422180ea484550503e22573cb0b93ca',NULL),(713,1,'amanda','2022-03-03 15:46:50','Protocolo de Termo!',NULL,'A',NULL,'aab7088912151bba908178058c3074a95416c25c28d6c52c',NULL),(714,1,'amanda','2022-03-03 15:47:56','Protocolo de Termo!',NULL,'A',NULL,'15533a5acf12e415a2274b758318ec812a1138d56e42203a',NULL),(715,1,'Ana','2022-03-03 15:59:29','Protocolo de Termo!',NULL,'A',NULL,'b4146e89588e12e67320ae7fa67ffc9a8212ebcc7f151622',NULL),(716,1,'Ana','2022-03-03 15:59:54','Protocolo de Termo!',NULL,'A',NULL,'4b80cc69486ee6cced453e54ff8b43e753bf0d9c93bb4824',NULL),(717,1,'Ana','2022-03-03 16:00:22','Protocolo de Termo!',NULL,'A',NULL,'05a2055e2c4df0a76f1a94cf0df8c002d243acf3d3036c3a',NULL),(718,1,'Ana','2022-03-03 16:00:36','Protocolo de Termo!',NULL,'A',NULL,'b0c103ded1b5621be731048b718beb8f0cf9037c82550400',NULL),(719,1,'Ana','2022-03-03 16:00:48','Protocolo de Termo!',NULL,'A',NULL,'0525b24dcb1ea9afb1c658f78e2fe6c0da1de5314ebc057a',NULL),(720,1,'Ana','2022-03-03 16:01:02','Protocolo de Termo!',NULL,'A',NULL,'6f52fad8b2b07d371fac5bba7a44fd5df1670170335c4548',NULL),(721,1,'Ana','2022-03-03 16:01:50','Protocolo de Termo!',NULL,'A',NULL,'b5602122c26a812c5d2e64799350d5092f9922da81f93f00',NULL),(722,1,'Ana','2022-03-03 16:02:02','Protocolo de Termo!',NULL,'A',NULL,'01bf692db9361a30279030c92043b2ebc16a4edbddcef536',NULL),(723,1,'Ana','2022-03-03 16:02:17','Protocolo de Termo!',NULL,'A',NULL,'78056fc67324fdde11dd0466816183fdbc9f3839bba6cf85',NULL),(724,1,'Ana','2022-03-03 16:02:31','Protocolo de Termo!',NULL,'A',NULL,'f518d1606b85cacb4873eaeac7b207f22cb8e1aebf33545d',NULL),(725,1,'Ana','2022-03-03 16:02:47','Protocolo de Termo!',NULL,'A',NULL,'9b37743bc27aa0b3244bc9ac637ed8721064a4373e9c3172',NULL),(726,1,'Ana','2022-03-03 16:03:05','Protocolo de Termo!',NULL,'A',NULL,'89ac56e15e9c972faac792721b70129e727b9c1bf74aecc7',NULL),(727,1,'Ana','2022-03-03 16:03:19','Protocolo de Termo!',NULL,'A',NULL,'3ddb1cf7ba5cf1a672cc25100627cf1998b00f87307a572d',NULL),(728,1,'Ana','2022-03-03 16:03:33','Protocolo de Termo!',NULL,'A',NULL,'62b54c9166f2efd1432cf8681fc63a75a5402ed3711d122e',NULL),(729,1,'Ana','2022-03-03 16:03:50','Protocolo de Termo!',NULL,'A',NULL,'b5a1956807d900798df6e0ee1fc6232b12d569ef4cff925e',NULL),(730,1,'Ana','2022-03-03 16:04:05','Protocolo de Termo!',NULL,'A',NULL,'373c5534e0b201c468444906cfe271061c23fa7d255f9b3b',NULL),(731,1,'Ana','2022-03-03 16:04:18','Protocolo de Termo!',NULL,'A',NULL,'0715db5a78cd51d81b4f598b2fe22659200357a59834e9c5',NULL),(732,1,'Ana','2022-03-03 16:04:32','Protocolo de Termo!',NULL,'A',NULL,'4d71942b168ce1b34f88dda15140b80d2a4644ddb839f8b8',NULL),(733,1,'Ana','2022-03-03 16:06:12','Protocolo de Termo!',NULL,'A',NULL,'62277b22d772728938b213c749487a2170fb9b6aff5faccc',NULL),(734,1,'Ana','2022-03-03 16:06:29','Protocolo de Termo!',NULL,'A',NULL,'fdf5f3746d92df271ee94ba6ee7abd4da6571b43f37201ac',NULL),(735,1,'Ana','2022-03-03 16:06:43','Protocolo de Termo!',NULL,'A',NULL,'fdd71cbf3c65b35e194d14b5e5cb221ddcab215080c6f1b2',NULL),(736,1,'Ana','2022-03-03 16:07:15','Protocolo de Termo!',NULL,'A',NULL,'d6fbcec6c5f961cf3f53f26c0fa4cb56f8369add03ebb535',NULL),(737,1,'Ana','2022-03-03 16:07:26','Protocolo de Termo!',NULL,'A',NULL,'52a231ea8dd160f714ff82f85b3449136a491e303b508f35',NULL),(738,1,'Ana','2022-03-03 16:07:38','Protocolo de Termo!',NULL,'A',NULL,'36695a5b645b16ad0c2ac59835145fd291198a5b02d896c3',NULL),(739,1,'Ana','2022-03-03 16:07:55','Protocolo de Termo!',NULL,'A',NULL,'a6c39950e482f8775cf4e4fbe6ca52d08ba519bdb1c2cc4a',NULL),(740,1,'ANDREZA','2022-03-03 16:08:48','Protocolo de Termo!',NULL,'A',NULL,'ec07220c89c8c3a914e66a9ebea65f7085fb86de3564f428',NULL),(741,1,'ANDREZA','2022-03-03 16:08:59','Protocolo de Termo!',NULL,'A',NULL,'f4f9ed9abea246d4a90ceaaef3232a8f5516a707a38977f4',NULL),(742,1,'ANDREZA','2022-03-03 16:09:07','Protocolo de Termo!',NULL,'A',NULL,'ba92b06707a13f08b7eeb978a8c9ae5f011e21941348062d',NULL),(743,1,'ANDREZA','2022-03-03 16:09:17','Protocolo de Termo!',NULL,'A',NULL,'29943b009f42f270d7869b63e6459c6aaea7dc3f8c8992aa',NULL),(744,1,'ANDREZA','2022-03-03 16:09:27','Protocolo de Termo!',NULL,'A',NULL,'4aa30bb0200d6c8d4bb5b723c573bdc7b61bb274b1a409e0',NULL),(745,1,'ANDREZA','2022-03-03 16:09:37','Protocolo de Termo!',NULL,'A',NULL,'648ac483febf94327156cbc53e95c9029486d2e253742eea',NULL),(746,1,'ANDREZA','2022-03-03 16:09:48','Protocolo de Termo!',NULL,'A',NULL,'7492d1f81ba5d976540e1e9b4decd44996dd5723d6223541',NULL),(747,1,'ANDREZA','2022-03-03 16:09:58','Protocolo de Termo!',NULL,'A',NULL,'77d7a0a5690c0afe7ae2226e3c33a5d66012c48198ef9b65',NULL),(748,1,'ANDREZA','2022-03-03 16:10:08','Protocolo de Termo!',NULL,'A',NULL,'ecf022fe1ad711a81190c4236959e67843d0a85c18e01f40',NULL),(749,1,'ANDREZA','2022-03-03 16:10:19','Protocolo de Termo!',NULL,'A',NULL,'8073676882b6566686d566aea2107aa123af289de84c9a07',NULL),(750,1,'ANDREZA','2022-03-03 16:10:30','Protocolo de Termo!',NULL,'A',NULL,'e6b047a482d156a5edc81d1911488ad2a52dad3a6fbc4917',NULL),(751,1,'ANDREZA','2022-03-03 16:10:39','Protocolo de Termo!',NULL,'A',NULL,'a1274cdbbe1581201150f43745dac91cb82186a1d1c50e56',NULL),(752,1,'ANDREZA','2022-03-03 16:10:51','Protocolo de Termo!',NULL,'A',NULL,'dd4de92597e55a173432e28487dbe2d660f4f2001a7eda50',NULL),(753,1,'ANDREZA','2022-03-03 16:11:01','Protocolo de Termo!',NULL,'A',NULL,'a8b1b9b88e1f3c7c915f87b2bd386ba8a735793d9c22dd39',NULL),(754,1,'ANDREZA','2022-03-03 16:11:11','Protocolo de Termo!',NULL,'A',NULL,'b60b603a668f33b40cd61643c5616bbea0d29e698eaae203',NULL),(755,1,'ANDREZA','2022-03-03 16:11:21','Protocolo de Termo!',NULL,'A',NULL,'239b66d15f0431d02394ba128ddc5ad1187ba26666c584fd',NULL),(756,1,'ANDREZA','2022-03-03 16:11:33','Protocolo de Termo!',NULL,'A',NULL,'4ecde8a2e1c7660a5e5a835ea8edc635be0bd14fea043ddb',NULL),(757,1,'ANDREZA','2022-03-03 16:11:42','Protocolo de Termo!',NULL,'A',NULL,'eb91d0cfe66b6c586ab634ad2e8b6579bc846d8c17abf4b6',NULL),(758,1,'ANDREZA','2022-03-03 16:11:52','Protocolo de Termo!',NULL,'A',NULL,'95627fd1ac0b47c40b3c7bbaa9ff5f8d87c88e5a2892aa88',NULL),(759,1,'ANDREZA','2022-03-03 16:12:09','Protocolo de Termo!',NULL,'A',NULL,'4572d6cc008c5f6e7a7f5ebc18332ab10a859b070c04a91f',NULL),(760,1,'ANDREZA','2022-03-03 16:12:19','Protocolo de Termo!',NULL,'A',NULL,'d621f5874d007a6e291ba5ee584010895f6b6ee9e608e8cc',NULL),(761,1,'ANDREZA','2022-03-03 16:12:28','Protocolo de Termo!',NULL,'A',NULL,'7d6bfdc7d97f9dc270a83a8b1d47d2cab3ef8a00e2addec3',NULL),(762,1,'ANDREZA','2022-03-03 16:12:40','Protocolo de Termo!',NULL,'A',NULL,'8f8662cf17d476b6a5fcbd7687002cb557bc36d37d4be39a',NULL),(763,1,'ANDREZA','2022-03-03 16:12:49','Protocolo de Termo!',NULL,'A',NULL,'8d7d23a2832cb9c9a8475d2eb102b961087665dc0b0c51c7',NULL),(764,1,'ANDREZA','2022-03-03 16:13:00','Protocolo de Termo!',NULL,'A',NULL,'74edd596316ff805e4176a0f6837dc4beb0bb7a471c0c14c',NULL),(765,1,'ANDREZA','2022-03-03 16:13:10','Protocolo de Termo!',NULL,'A',NULL,'fb7e9a3950be0be8888c73431d769ee009f0cd52d46ef47a',NULL),(766,1,'ANDREZA','2022-03-03 16:13:20','Protocolo de Termo!',NULL,'A',NULL,'a9722ea867ca0ae2c3ad132c0ccc6748814b35e9e0e50f80',NULL),(767,1,'ANDREZA','2022-03-03 16:13:58','Protocolo de Termo!',NULL,'A',NULL,'b337596da8b34e127cee31d49812a5c77e1268894ad65a72',NULL),(768,1,'ANDREZA','2022-03-03 16:14:07','Protocolo de Termo!',NULL,'A',NULL,'016f83bbb031bbf51888dbeb3a1efe08247568093744cea1',NULL),(769,1,'ANDREZA','2022-03-03 16:14:51','Protocolo de Termo!',NULL,'A',NULL,'45408aff002c76b89718ecff358ce9ada259a91f2e818afe',NULL),(770,1,'ANDREZA','2022-03-03 16:15:01','Protocolo de Termo!',NULL,'A',NULL,'cd44c352786ade9549cd78712a0f746b49984cb0d07cab54',NULL),(771,1,'ANDREZA','2022-03-03 16:15:59','Protocolo de Termo!',NULL,'A',NULL,'21e92ab8305c1f2a938f68da983d6db4db4cffcc794aad64',NULL),(772,1,'ANDREZA','2022-03-03 16:16:21','Protocolo de Termo!',NULL,'A',NULL,'ec1b7ae5ac359d3d8be9c8ebaaab5ed371a9ee156a8d8d0a',NULL),(773,1,'ANDREZA','2022-03-03 16:16:41','Protocolo de Termo!',NULL,'A',NULL,'7028c0dc968811f9bb26966d053d225b962d9c2ca0447d64',NULL),(774,1,'ANDREZA','2022-03-03 16:18:10','Protocolo de Termo!',NULL,'A',NULL,'e5608c837d09cc742803cb16420ed6ac2e6a9750f82a97c0',NULL),(775,1,'STEFFANY','2022-03-04 08:42:27','Protocolo de Termo!',NULL,'A',NULL,'371bb1aecd344577767436bee0930699c64d109fcf4d107a',NULL),(776,1,'ANDREZA','2022-03-04 08:50:52','Protocolo de Termo!',NULL,'A',NULL,'f178244564b0934b81e42e96d77b40e3331cbcd0d100705a',NULL),(777,1,'ANDREZA','2022-03-04 08:51:27','Protocolo de Termo!',NULL,'A',NULL,'d6bbd675c5a42dd8e1c7c72e32c6ebadb0268fa066a69aa6',NULL),(778,1,'ANDREZA','2022-03-04 08:58:35','Protocolo de Termo!',NULL,'A',NULL,'f4048f9473b90482f90114fdd6fdf5c36fd7282823d7d446',NULL),(779,1,'TARCIA','2022-03-04 09:25:17','Protocolo de Termo!',NULL,'A',NULL,'e41a8ca0ab9351ac97a4ebb4dce935864c278fe7572f8d2a',NULL),(780,1,'TARCIA','2022-03-04 09:25:47','Protocolo de Termo!',NULL,'A',NULL,'fe8bd66968f38e2abbe01bf331dbc66e5f3a0985d11fd4d9',NULL),(781,1,'TARCIA','2022-03-04 09:27:46','Protocolo de Termo!',NULL,'A',NULL,'308807c96fbe79d084e676da2515063a4d5a90e90480d535',NULL),(782,1,'TARCIA','2022-03-04 09:28:19','Protocolo de Termo!',NULL,'A',NULL,'d75a62e27efd40e3d2e6f4b4bdb66be7490cc1b1de2ff0a7',NULL),(783,1,'STEFFANY','2022-03-04 09:34:09','Protocolo de Termo!',NULL,'A',NULL,'6467c12ad58df205efbe9bf7869d15e31ef1a9be6eba55fc',NULL),(784,1,'TARCIA','2022-03-04 10:05:33','Protocolo de Termo!',NULL,'A',NULL,'d9e31d46dd10295656c49fc2c87a09943b558ebba920f961',NULL),(785,1,'ANDREZA','2022-03-04 10:30:10','Protocolo de Termo!',NULL,'A',NULL,'879269e00b5c61bfab08320e211baae70ccde81ecd8f2650',NULL),(786,1,'ANDREZA','2022-03-04 10:30:45','Protocolo de Termo!',NULL,'A',NULL,'f1b0bf291fa36d4939b52bc2dbb73be6ab35426b0de360fe',NULL),(787,1,'ANDREZA','2022-03-04 10:30:58','Protocolo de Termo!',NULL,'A',NULL,'2a8c6efc4ef24a00d0fe6c01730a84dbac4443f9301401b9',NULL),(788,1,'ANDREZA','2022-03-04 10:31:06','Protocolo de Termo!',NULL,'A',NULL,'99ffc5956e905c07e177d8f898a767838099c489092eec4f',NULL),(789,1,'caroline','2022-03-04 11:10:28','Protocolo de Termo!',NULL,'A',NULL,'f004a74cf70eb005df2bbe10bc1ef0268226f812bd769dd6',NULL),(790,1,'caroline','2022-03-04 11:19:27','Protocolo de Termo!',NULL,'A',NULL,'572f549b06d75b3611c012c8b09f57ec1181219695a8e76b',NULL),(791,1,'ANDREZA','2022-03-04 13:09:09','Protocolo de Termo!',NULL,'A',NULL,'e690405cc57adcf58b0a658a1beb0f52a75dff58e97d7a2d',NULL),(792,1,'ANDREZA','2022-03-04 13:09:26','Protocolo de Termo!',NULL,'A',NULL,'ea8af786b37f902af484cb29f3c068049c0d5e8a816c8c35',NULL),(793,1,'ANDREZA','2022-03-04 13:09:39','Protocolo de Termo!',NULL,'A',NULL,'96e5a889b2aebcddd89f7de6e3cfc8acb3d8a55a80199d0a',NULL),(794,1,'STEFFANY','2022-03-04 14:08:29','Protocolo de Termo!',NULL,'A',NULL,'e3554647d75bc3b37e76995a5740be634fe1611873ab8d03',NULL),(795,1,'Ana','2022-03-04 15:57:41','Protocolo de Termo!',NULL,'A',NULL,'47c42bb473f9a252b80718be064360a83112fc3a80a600b3',NULL),(796,1,'ANDREZA','2022-03-04 17:24:31','Protocolo de Termo!',NULL,'A',NULL,'5712dc3545d9ac99f0d20113acc15476e836c6252d6e1996',NULL),(797,1,'STEFFANY','2022-03-04 17:50:42','Protocolo de Termo!',NULL,'A',NULL,'4b81fd73b11fd37332b8b99749ae5dc25e96fc1563c4dad2',NULL),(798,1,'caroline','2022-03-07 10:59:34','Protocolo de Termo!',NULL,'A',NULL,'40ea8b751643fbba80f38bc882a1171195bd8f7468b2fe34',NULL),(799,1,'admin','2022-03-07 11:56:49','Protocolo de Termo!',NULL,'A',NULL,'922d0b523a35bf66f4e9eadf8ffb1ccc72ec364e5af5a436',NULL),(800,1,'caroline','2022-03-08 09:15:10','Protocolo de Termo!',NULL,'A',NULL,'6118a8b2a6f580487c35c38422ebcf5515ba58c54d02c03b',NULL),(801,1,'admin','2022-03-08 14:07:02','Protocolo de Termo!',NULL,'A',NULL,'d57a233fd696ca6780a25b6addcffa0989cb7eb669e4ac69',NULL),(802,1,'admin','2022-03-08 14:07:47','Protocolo de Termo!',NULL,'A',NULL,'1ea7f8884245cba2731c81bc914f8af158723d7a88d7aa0b',NULL),(803,1,'admin','2022-03-08 14:39:53','Protocolo de Termo!',NULL,'A',NULL,'81394860cc467ee2bd71ef61838b536c2c864b4a8ba54d20',NULL),(804,1,'admin','2022-03-08 15:13:49','Protocolo de Termo!',NULL,'A',NULL,'6eaa2118ac628ae1a7e5bc477fed04ed639fe8eaa1ce026a',NULL),(805,1,'nerivan','2022-03-08 16:46:00','Protocolo de Termo!',NULL,'A',NULL,'d49d9a550dde4f2915e2aa9ebb81a8aeb83ae74ee0540779',NULL),(806,1,'amanda','2022-03-14 14:37:31','Protocolo de Termo!',NULL,'A',NULL,'655ad1baf3616c184e5a41dc9f964930e50ea8a922ce0d88',NULL),(807,1,'caroline','2022-03-15 12:37:05','Protocolo de Termo!',NULL,'A',NULL,'350ad6f31cb245db9cc5dad7d75294419d5ae5ee53ac50e2',NULL),(808,1,'TARCIA','2022-03-17 13:52:29','Protocolo de Termo!',NULL,'A',NULL,'ebada749d37782f2951523634db883fa1c8e36020f7ca449',NULL),(809,1,'TARCIA','2022-03-17 13:54:37','Protocolo de Termo!',NULL,'A',NULL,'0814a506aeca21252c2f532b5435afd97fd277662bcad260',NULL),(810,1,'TARCIA','2022-03-17 13:57:17','Protocolo de Termo!',NULL,'A',NULL,'61c2531efc61f91475bedf05902b64f51d2e0856068168d0',NULL),(811,1,'TARCIA','2022-03-17 13:57:33','Protocolo de Termo!',NULL,'A',NULL,'27b02abf2d994fe7cbb8e6fd4e0a99ec5a54ba658aa91501',NULL),(812,1,'TARCIA','2022-03-17 13:57:50','Protocolo de Termo!',NULL,'A',NULL,'8be0ec19e4b4c5f21700d55965d5478057bc301d9862892d',NULL),(813,1,'TARCIA','2022-03-17 13:58:05','Protocolo de Termo!',NULL,'A',NULL,'90efebc6f75316c4f4b0bbe67fe3161a1a84f4b448ef238c',NULL),(814,1,'TARCIA','2022-03-17 13:58:20','Protocolo de Termo!',NULL,'A',NULL,'7065b84eb89f814958d9958170aa6f01a3dba8a918041f3b',NULL),(815,1,'TARCIA','2022-03-17 13:58:43','Protocolo de Termo!',NULL,'A',NULL,'cbb27bae89a89b5085bd6700b581de5787be8ed5c640be40',NULL),(816,1,'TARCIA','2022-03-17 14:00:09','Protocolo de Termo!',NULL,'A',NULL,'a22f51dda670befd5b46128090e90893d4bfe4cfa67a3ccd',NULL),(817,1,'TARCIA','2022-03-17 14:00:28','Protocolo de Termo!',NULL,'A',NULL,'1f11ebc425748880dbde8f2bd228d6d12824385031582d88',NULL),(818,1,'TARCIA','2022-03-17 14:00:39','Protocolo de Termo!',NULL,'A',NULL,'c3bd74a0e722ce3a0ab5f7ad39a18de5a9b38da56b1ae8e7',NULL),(819,1,'TARCIA','2022-03-17 14:13:39','Protocolo de Termo!',NULL,'A',NULL,'3b10de2aaed70385495fabb7e11e9cb2fa6a932779bdf20e',NULL),(820,1,'TARCIA','2022-03-18 08:58:18','Protocolo de Termo!',NULL,'A',NULL,'601d6a27031fe7c7ef536a6ce510aca8d95c31555d3126ff',NULL),(821,1,'TARCIA','2022-03-18 09:07:29','Protocolo de Termo!',NULL,'A',NULL,'127b72ebcc7e602d46cf11254b02c7ac31a37103835b7bf1',NULL),(822,1,'TARCIA','2022-03-18 09:07:49','Protocolo de Termo!',NULL,'A',NULL,'b105bad3c571b956891de1e26f5d5c375fb62a9233a33a58',NULL),(823,1,'caroline','2022-03-18 11:23:12','Protocolo de Termo!',NULL,'A',NULL,'cd6b73ee6b959d32657b1784494988b7e2cec7e1a2c5ce18',NULL),(824,1,'TARCIA','2022-03-18 13:31:17','Protocolo de Termo!',NULL,'A',NULL,'7d0c4d6cc25120ea28d7de1e65a582e61985456f940afc61',NULL),(825,1,'TARCIA','2022-03-18 14:08:33','Protocolo de Termo!',NULL,'A',NULL,'7320f8601d4577ccab2773fa969d232ade03eb25b8c48705',NULL),(826,1,'TARCIA','2022-03-18 14:08:54','Protocolo de Termo!',NULL,'A',NULL,'5713466d7e514436ed8fbdba251586b146ba4849fd98c868',NULL),(827,1,'admin','2022-03-21 08:06:17','Protocolo de Termo!',NULL,'A',NULL,'808a0a062a4aea83017568f2c905b1819f8e021b57a03ef9',NULL),(828,1,'admin','2022-03-21 08:35:29','Protocolo para Pessoa!',NULL,'A',NULL,'77d2ca796e8ed118a0049b319c452817ab93bb6379443d4a',NULL),(829,1,'admin','2022-03-21 08:36:39','Protocolo para Pessoa!',NULL,'A',NULL,'9f1c8c02c43ab270f35b9c0172cbabf9362ce1478d78d4ca',NULL),(830,1,'admin','2022-03-21 10:11:54','Protocolo para Pessoa!',NULL,'A',NULL,'d15534ac9811cc97f40d2a1f03338eccd9a317dc8cc6613f',NULL),(831,1,'admin','2022-03-21 10:13:31','Protocolo para Pessoa!',NULL,'A',NULL,'15d3563294a7f00ff874653c80e33c723a7783e60e243291',NULL),(832,1,'admin','2022-03-21 10:24:23','Protocolo para Pessoa!',NULL,'A',NULL,'64e66b119d20836b0098bc0c3a0bea34262f54a881ae9838',NULL),(833,1,'STEFFANY','2022-03-21 10:56:10','Protocolo de Termo!',NULL,'A',NULL,'403ceb7d958c364dfbd5f9266304b41c822fee66ecb4d98b',NULL),(834,1,'STEFFANY','2022-03-21 10:57:52','Protocolo de Termo!',NULL,'A',NULL,'62d130b803ba3ed317bd0381a954da125ce700836229237d',NULL),(835,1,'TARCIA','2022-03-21 13:14:52','Protocolo de Termo!',NULL,'A',NULL,'b4f686ab85cb349073c1bb107e89cc98eee296324aff8834',NULL),(836,1,'STEFFANY','2022-03-21 14:35:59','Protocolo de Termo!',NULL,'A',NULL,'ced453a93cd654ae4ec1e20a0abc8fcfdf5c8160be191890',NULL),(837,1,'STEFFANY','2022-03-21 14:36:36','Protocolo de Termo!',NULL,'A',NULL,'67f7004e1cd4fe80024df8f9fdd9cd03dbeeeee5719aacd2',NULL),(838,1,'caroline','2022-03-21 14:41:20','Protocolo de Termo!',NULL,'A',NULL,'da90b6b53c70098941109611532fa21ed1521d882c9023be',NULL),(839,1,'nerivan','2022-03-21 15:48:12','Protocolo de Termo!',NULL,'A',NULL,'22682c53de4e7a2a1e7173929fedb51264070cce8b557819',NULL),(840,1,'admin','2022-03-21 16:01:04','Protocolo de Termo!',NULL,'A',NULL,'f805e7c400ceea53ff7c5bebb62afc3d7a5f396d6535f11f',NULL),(841,1,'admin','2022-03-21 16:29:28','Protocolo de Termo!',NULL,'A',NULL,'ae34e48c0d3f4dfec2c60817acc7153ed8d2bdba396a2cb0',NULL),(842,1,'STEFFANY','2022-03-22 08:28:36','Protocolo de Termo!',NULL,'A',NULL,'b1d17efd7cf5d1d1bb3166ccfedcd8e5f4a4d83860195ace',NULL),(843,1,'STEFFANY','2022-03-22 16:27:11','Protocolo de Termo!',NULL,'A',NULL,'4e7eaa3bda7f8d45a63d51cbb5e851b44d6979bf8dad456d',NULL),(844,1,'TARCIA','2022-03-30 14:32:07','Protocolo de Termo!',NULL,'A',NULL,'99718d9e31069dab7ff9d4a97913f313dc398014cf7a1549',NULL),(845,1,'admin','2022-04-04 08:50:44','Protocolo de Termo!',NULL,'A',NULL,'913dcdb6e8e7b5d8fe50f28c7f1ad7a006ce03c65687f380',NULL),(846,1,'admin','2022-04-04 08:53:13','Protocolo de Termo!',NULL,'A',NULL,'87d90c5092f073f65ba47970fdbd450a59847eb27440ebd6',NULL),(847,1,'TARCIA','2022-04-06 16:58:31','Protocolo de Termo!',NULL,'A',NULL,'24bc91f3c5ad2941ab32caf7dc1e914f4246ff48bd03002e',NULL),(848,1,'TARCIA','2022-04-06 16:58:43','Protocolo de Termo!',NULL,'A',NULL,'a9b17b627b8392206b08eb5b85fe8dfb28358485a7e58d4f',NULL),(849,1,'TARCIA','2022-04-06 16:58:55','Protocolo de Termo!',NULL,'A',NULL,'7ca6369ad5ab29807de7d611aab6b30346ba6dd692877bfe',NULL),(850,1,'TARCIA','2022-04-12 10:23:03','Protocolo de Termo!',NULL,'A',NULL,'2a1585e376e24bd8f502e514209e40afda6074a54d7a7850',NULL),(851,1,'TARCIA','2022-04-12 11:04:30','Protocolo de Termo!',NULL,'A',NULL,'b53aa73453d204ce5737c5cefba4eec58e61204ddd9eafab',NULL),(852,1,'TARCIA','2022-04-12 15:23:30','Protocolo de Termo!',NULL,'A',NULL,'67d9d9b4154e805b824216d33508366adb13f53565829bdf',NULL),(853,1,'TARCIA','2022-04-13 14:50:44','Protocolo de Termo!',NULL,'A',NULL,'10ab6103a8869434b560eb1094b762386089bc0aa2ca4f83',NULL),(854,1,'caroline','2022-04-25 16:04:39','Protocolo de Termo!',NULL,'A',NULL,'e222bc0ab10c3dc61d88ce29a27c7e965655c59a5926ca60',NULL),(855,1,'caroline','2022-04-27 17:53:02','Protocolo para Pessoa!',NULL,'A',NULL,'0fad6012ae13ff2ec35a58cc0bc58796c8f0da472e750a42',NULL),(856,1,'caroline','2022-04-27 17:53:26','Protocolo para Pessoa!',NULL,'A',NULL,'23825038f901bdec22f846bb5e76efffff85ff6e908ba6cb',NULL),(857,1,'nerivan','2022-05-02 13:49:37','Protocolo de Termo!',NULL,'A',NULL,'4309e7ad7ecab2a3a815e8529942c23d5708f0eac71e7c29',NULL),(858,1,'nerivan','2022-05-05 13:29:21','Protocolo de Termo!',NULL,'A',NULL,'06b2c78a8a47cb29f488ab72cfaf3485c9c794ba08c032c7',NULL),(859,1,'nerivan','2022-05-05 13:30:27','Protocolo de Termo!',NULL,'A',NULL,'c8b73512034160f053b23765bca493f2fa9679d002023622',NULL),(860,1,'nerivan','2022-05-09 09:39:39','Protocolo de Termo!',NULL,'A',NULL,'51b2787ed6eaf4886968f48feb52692ead5362212d3cfb80',NULL),(861,2,'TARCIA','2022-05-27 13:13:23','Protocolo de Termo!',NULL,'A',NULL,'61121b1a3d54c94bf11b99e42b3aede51811015adaa1ead5',NULL),(862,1,'TARCIA','2022-05-27 13:50:28','Protocolo de Termo!',NULL,'A',NULL,'1051a1a3266e99ce6b309c4bdbeb95fbc6124b7e7d809b9f',NULL),(863,1,'TARCIA','2022-05-27 14:25:55','Protocolo de Termo!',NULL,'A',NULL,'07e3f8d91bfe9afcb8930de85e39bf2a37dd7c747c5afc33',NULL),(864,1,'TARCIA','2022-05-27 14:26:08','Protocolo de Termo!',NULL,'A',NULL,'fd4d5c92109d80986fb248ef2951e0137c76425856257e46',NULL),(865,1,'TARCIA','2022-05-27 14:52:13','Protocolo de Termo!',NULL,'A',NULL,'58daebda857bb789aa37529e6bf108e33fb17f5e8c6cad7e',NULL),(866,1,'TARCIA','2022-05-27 14:58:05','Protocolo de Termo!',NULL,'A',NULL,'6941d0fce3a1c808c1c05ccd2147d29b7c538844191211fe',NULL),(867,1,'caroline','2022-05-27 16:02:25','Protocolo para Pessoa!',NULL,'A',NULL,'27a7a6a93063b44384e3cb2331b64318fa4eeddee3009100',NULL),(868,1,'amanda','2022-05-27 16:26:28','Protocolo para Pessoa!',NULL,'A',NULL,'1a0e0ed9b0570edc822bd646d55fbe137c51bab3acb93bfa',NULL),(869,1,'amanda','2022-05-27 16:48:26','Protocolo para Pessoa!',NULL,'A',NULL,'0a3550deba42e5d11be3158e08d10e47c67a87eacafba24e',NULL),(870,1,'amanda','2022-05-27 17:02:30','Protocolo para Pessoa!',NULL,'A',NULL,'1ac7b7b7716175d15bef80c4524178ccfc4f5271662926da',NULL),(871,1,'amanda','2022-05-27 17:06:40','Protocolo para Pessoa!',NULL,'A',NULL,'16e5e518113834974419fbb36a2df1d8e147d25815f7d7e7',NULL),(872,1,'amanda','2022-05-27 17:11:09','Protocolo para Pessoa!',NULL,'A',NULL,'c9a0b10862241134ea6e6148d3188ca2ee93bc4be9ad7022',NULL),(873,1,'amanda','2022-05-27 17:18:22','Protocolo para Pessoa!',NULL,'A',NULL,'f228d7ea4443010737473b7a8ac3f025d31ddfadefc44a9c',NULL),(874,1,'lucas','2022-05-27 18:00:19','Protocolo para Pessoa!',NULL,'A',NULL,'c889c0ba451bf0a5bda9f2a407c5dcb2434b382dc4060987',NULL),(875,1,'STEFFANY','2022-05-30 10:16:15','Protocolo para Pessoa!',NULL,'A',NULL,'16a643c4ef28eeec0c4c760759ba6e8f38e10824bce9f1e7',NULL),(876,1,'STEFFANY','2022-05-30 10:24:19','Protocolo para Pessoa!',NULL,'A',NULL,'3a4b16a654254a6fa66652c197f04b7c1b4b3bfd3d94e29f',NULL),(877,1,'taina','2022-05-30 13:25:48','Protocolo para Pessoa!',NULL,'A',NULL,'d667a752b0e313018054c3b2080a51be156c78f42d23d011',NULL),(878,1,'taina','2022-05-30 13:32:02','Protocolo para Pessoa!',NULL,'A',NULL,'0473e8740d14ba35e6d20d1e6f45883066266bf1148ca229',NULL),(879,1,'lucas','2022-05-30 14:36:09','Protocolo para Pessoa!',NULL,'A',NULL,'3823636d8008433843e0f60bf56dae6eb17123d3e2d4dd1e',NULL),(880,1,'taina','2022-05-30 14:51:37','Protocolo para Pessoa!',NULL,'A',NULL,'a63beb90e1d866fad889e4350eaf512725ed230834ad2781',NULL),(881,1,'lucas','2022-05-30 14:54:00','Protocolo para Pessoa!',NULL,'A',NULL,'5963e4aa067b5c67b7f23db0f07dc47e6603b3597cf4074f',NULL),(882,1,'taina','2022-05-30 15:05:13','Protocolo para Pessoa!',NULL,'A',NULL,'c28bcba9934297cdcc8d4c7dd5062b99fbce4d72f67779d1',NULL),(883,1,'caroline','2022-05-30 15:16:54','Protocolo para Pessoa!',NULL,'A',NULL,'6010972903d199e87ae0009334faaafcc858620f41259b2f',NULL),(884,1,'lucas','2022-05-30 16:20:39','Protocolo para Pessoa!',NULL,'A',NULL,'ff10dd6ffb6b41ec4bc64f4df0ff5046f16fff8355fc6293',NULL),(885,1,'nerivan','2022-05-30 16:26:31','Protocolo para Pessoa!',NULL,'A',NULL,'5200718bab7d96e48d40eca13f17c286c7d0df8ffe1f75c1',NULL),(886,1,'lucas','2022-05-30 16:28:51','Protocolo para Pessoa!',NULL,'A',NULL,'553bbdc32705745819c01a99d093dfeffb31b5b756d09cda',NULL),(887,1,'nerivan','2022-05-30 16:33:59','Protocolo para Pessoa!',NULL,'A',NULL,'ea5eaa6b41a84cc558101807e197430303d005c90e599613',NULL),(888,1,'STEFFANY','2022-05-30 16:41:52','Protocolo para Pessoa!',NULL,'A',NULL,'1f1872aa91c59c1d9c9c868d189ca4315c94ca7dedaca2b9',NULL),(889,1,'nerivan','2022-05-30 16:42:31','Protocolo para Pessoa!',NULL,'A',NULL,'b7c236dba7d9fbdc5f446bfe362edcc5abb2415c8f280708',NULL),(890,1,'STEFFANY','2022-05-30 16:47:20','Protocolo para Pessoa!',NULL,'A',NULL,'8cf537081a2db15c62afde24db4ac3368133d4b24da710b4',NULL),(891,1,'STEFFANY','2022-05-30 16:55:27','Protocolo para Pessoa!',NULL,'A',NULL,'b9a1d301cf2f8506d60a37a30c437bf7943f140f2da6e1f0',NULL),(892,1,'nerivan','2022-05-30 17:23:16','Protocolo para Pessoa!',NULL,'A',NULL,'59f1ef67422878667252f2c1b0e361c843c4e8e204e3b56e',NULL),(893,1,'nerivan','2022-05-30 17:58:07','Protocolo para Pessoa!',NULL,'A',NULL,'43aa6eed526640d92d9c2a4d47ee8a82fc1a3b216b97de13',NULL),(894,1,'STEFFANY','2022-05-30 18:09:09','Protocolo para Pessoa!',NULL,'A',NULL,'03f1445344685dc69029c78f4a705c05aad1622cdbeae601',NULL),(895,1,'lucas','2022-05-30 18:38:31','Protocolo para Pessoa!',NULL,'A',NULL,'745b2ce57939b93ff5420a9820354f44e830cb44f340296d',NULL),(896,1,'lucas','2022-05-30 18:47:05','Protocolo para Pessoa!',NULL,'A',NULL,'6170b015995b16dca9ce095a2c42eea7636caecedb5ceb07',NULL),(897,1,'STEFFANY','2022-05-31 08:15:03','Protocolo para Pessoa!',NULL,'A',NULL,'15167affb68b1cb555dac625fb52399d04046025265e0a8a',NULL),(898,1,'STEFFANY','2022-05-31 08:24:17','Protocolo para Pessoa!',NULL,'A',NULL,'bce1aefa9c3ba9e3af47fa7f12211d3abaed16bc91e6c2ff',NULL),(899,1,'amanda','2022-05-31 08:24:51','Protocolo para Pessoa!',NULL,'A',NULL,'37a60ab1e2af7f38cf47f59bb9c1498fa856321428a13c41',NULL),(900,1,'STEFFANY','2022-05-31 10:48:03','Protocolo para Pessoa!',NULL,'A',NULL,'18e6e7164bc97c92f13c86b5aac5696eba9da37b1f88d3cd',NULL),(901,1,'caroline','2022-05-31 12:02:59','Protocolo para Pessoa!',NULL,'A',NULL,'fdec55d896409fa57ac093e75ca1cf82cf6b2408f64b86aa',NULL),(902,1,'caroline','2022-05-31 12:03:07','Protocolo para Pessoa!',NULL,'A',NULL,'54ecfcfe43d93f14d67bfbf4b564cf006e7bdf7c28630a62',NULL),(903,1,'amanda','2022-05-31 13:35:29','Protocolo para Pessoa!',NULL,'A',NULL,'f46906f868d27c2246c5118186c6ad7017e5c468b10f455b',NULL),(904,1,'STEFFANY','2022-05-31 13:55:26','Protocolo para Pessoa!',NULL,'A',NULL,'2ab47e1d384d6e82dd048ac2a00ec80bfecd9ce33b00068d',NULL),(905,1,'STEFFANY','2022-05-31 14:18:51','Protocolo para Pessoa!',NULL,'A',NULL,'dd57904eee9d27c4b89dc825a15312ca7d9ba902f3324619',NULL),(906,1,'TARCIA','2022-05-31 14:39:16','Protocolo de Termo!',NULL,'A',NULL,'ab235f99b85c1cddd6936f6b9f6fa3b35e7a81f269fe2a9c',NULL),(907,1,'STEFFANY','2022-05-31 15:06:33','Protocolo para Pessoa!',NULL,'A',NULL,'3c0bfe021f8eecec1fe2d5c9f41bbc0691388f0bc1910716',NULL),(908,1,'STEFFANY','2022-05-31 15:12:49','Protocolo para Pessoa!',NULL,'A',NULL,'1072a7362ee689fea95b12dc0c0951c57fd83e8baa26151b',NULL),(909,1,'STEFFANY','2022-05-31 15:12:54','Protocolo para Pessoa!',NULL,'A',NULL,'91a3b3852b8af73c66e538f1ea5850fafc03b32c1ce6a112',NULL),(910,1,'TARCIA','2022-05-31 15:17:53','Protocolo de Termo!',NULL,'A',NULL,'2a3e93c7ce0012badb20dd77efc7ee16baf650246566f6e3',NULL),(911,1,'STEFFANY','2022-05-31 15:19:49','Protocolo para Pessoa!',NULL,'A',NULL,'fe7aa12a2a9e566bd52b118e58fd86171a71db6f9263de48',NULL),(912,1,'caroline','2022-05-31 16:03:26','Protocolo para Pessoa!',NULL,'A',NULL,'ec11c785b62082badff86e9a64989b9fd5b6241966d2439e',NULL),(913,1,'caroline','2022-05-31 16:04:09','Protocolo para Pessoa!',NULL,'A',NULL,'fb89c7b4f16a619c779895f54a842d035c35f48f9eba13b2',NULL),(914,1,'caroline','2022-05-31 16:28:07','Protocolo para Pessoa!',NULL,'A',NULL,'f7cbd9616c9844e27596e612e42629a9425bb24aa44ba283',NULL),(915,1,'caroline','2022-05-31 16:35:52','Protocolo para Pessoa!',NULL,'A',NULL,'6b838084044e28e69268fa618597a9b8f7b6b6dc3e6e5d55',NULL),(916,1,'lucas','2022-05-31 17:10:56','Protocolo para Pessoa!',NULL,'A',NULL,'48a82291a962fb27446b7caa2a2440b0a783f1a450e4183f',NULL),(917,1,'caroline','2022-05-31 17:13:30','Protocolo para Pessoa!',NULL,'A',NULL,'3a9eb97c43476da366d7c713843f321cc1a78be5c2410a76',NULL),(918,1,'nerivan','2022-06-01 09:09:31','Protocolo para Pessoa!',NULL,'A',NULL,'22c040e79888a68e42035d3b9b70a4436e9b3f09b898de39',NULL),(919,1,'TARCIA','2022-06-01 10:49:31','Protocolo para Pessoa!',NULL,'A',NULL,'6821bc8724c903584c2abbd745e61d7d1fe1074feabc76f6',NULL),(920,1,'taina','2022-06-01 10:51:18','Protocolo para Pessoa!',NULL,'A',NULL,'d2287a67e104edb9a88434cb80749871ab53293c219889cb',NULL),(921,1,'taina','2022-06-01 10:53:35','Protocolo para Pessoa!',NULL,'A',NULL,'344844975a87b4531407dc08a71548dc2cead39652423fd7',NULL),(922,1,'taina','2022-06-01 10:54:16','Protocolo para Pessoa!',NULL,'A',NULL,'f1deb6ca62cbee4f21c9111ec95e6138746c269d1fb5c193',NULL),(923,1,'nerivan','2022-06-01 15:49:54','Protocolo para Pessoa!',NULL,'A',NULL,'6a82b461f72504a65db86606c1bee393c8f0b223e5a6f698',NULL),(924,1,'nerivan','2022-06-01 16:41:56','Protocolo para Pessoa!',NULL,'A',NULL,'fa30e13cb9dfccdd0669f12697b8ce60fd967f43e8cc24ad',NULL),(925,1,'nerivan','2022-06-01 16:49:53','Protocolo para Pessoa!',NULL,'A',NULL,'2406d90f3a4b2ea04cb6df70b4ba428eec4ffc031cc86491',NULL),(926,1,'nerivan','2022-06-02 09:05:41','Protocolo de Termo!',NULL,'A',NULL,'cd841195605aa028dc4b0f84e57c2621f150e93b4868b35c',NULL),(927,1,'nerivan','2022-06-02 10:39:32','Protocolo de Termo!',NULL,'A',NULL,'5534815834afefe122cf475c867a6449300badb50993aef8',NULL),(928,1,'amanda','2022-06-02 13:16:48','Protocolo para Pessoa!',NULL,'A',NULL,'2dd6819fe8e2ad7891f883bfc63e7a915821ff4f39201656',NULL),(929,1,'amanda','2022-06-02 15:59:40','Protocolo para Pessoa!',NULL,'A',NULL,'3f6f460ae803dcc55bc52e849a32c5f6fd1bf3b19c416d9e',NULL),(930,1,'TARCIA','2022-06-03 10:13:35','Protocolo de Termo!',NULL,'A',NULL,'a7dea16d3a924ef944a5ebbd6729aebd8ee41ff46f5b767e',NULL),(931,1,'TARCIA','2022-06-03 15:34:54','Protocolo de Termo!',NULL,'A',NULL,'bf1177de77a00cbc2aa300a71ddcdd8320feb7bd9b4841ef',NULL),(932,1,'STEFFANY','2022-06-03 15:35:09','Protocolo para Pessoa!',NULL,'A',NULL,'c94fe3c629da89c15282adcf5bcd6d225fc5d2ca2948f404',NULL),(933,1,'STEFFANY','2022-06-03 15:57:13','Protocolo para Pessoa!',NULL,'A',NULL,'6c4f01324b2d66398f0b10df634a1eb61507f59d0c38d597',NULL),(934,1,'STEFFANY','2022-06-03 16:16:31','Protocolo para Pessoa!',NULL,'A',NULL,'a9cb4b045f95299e7aa0f84eda3143abfd47e8a2a2b5392e',NULL),(935,1,'STEFFANY','2022-06-03 16:24:50','Protocolo para Pessoa!',NULL,'A',NULL,'f8b5411d3fab5662957329730d4a6183ab3796ecdefdbb30',NULL),(936,1,'STEFFANY','2022-06-03 16:37:07','Protocolo para Pessoa!',NULL,'A',NULL,'72db2f24843b279252c543a5d05d24e41546dd7d5a943f3c',NULL),(937,1,'STEFFANY','2022-06-03 16:39:59','Protocolo para Pessoa!',NULL,'A',NULL,'e6e5ef0957feb23c59971f07e7bc26ce6cb4a783c7c58dad',NULL),(938,1,'STEFFANY','2022-06-03 16:47:11','Protocolo para Pessoa!',NULL,'A',NULL,'e729152f45ae20ef7a3fb10031aad1981f91e749cf67e4cb',NULL),(939,1,'STEFFANY','2022-06-03 17:12:47','Protocolo para Pessoa!',NULL,'A',NULL,'eafc38fc2468c8d24545006370300712d8bcb4924ed1885d',NULL),(940,1,'STEFFANY','2022-06-03 17:39:27','Protocolo para Pessoa!',NULL,'A',NULL,'9430285300ae2a4b9220ca2ea6d808720613f86074f43c64',NULL),(941,1,'nerivan','2022-06-06 09:38:18','Protocolo para Pessoa!',NULL,'A',NULL,'bab46821a43bd432a0851e4cff22e9e9d4d2ed42a2a50919',NULL),(942,1,'lucas','2022-06-06 17:27:39','Protocolo para Pessoa!',NULL,'A',NULL,'64b69dd8538d2376c73e64429cd572b68f225708cd456053',NULL),(943,1,'lucas','2022-06-06 17:46:10','Protocolo para Pessoa!',NULL,'A',NULL,'ed731c9d8c272786d1a43d500f7bb3bb33c70fc431872384',NULL),(944,1,'lucas','2022-06-06 17:53:43','Protocolo para Pessoa!',NULL,'A',NULL,'847bf2bfa1af80ebf131a5f074276c41fa13d73353c8d284',NULL),(945,1,'lucas','2022-06-07 12:26:27','Protocolo para Pessoa!',NULL,'A',NULL,'06fa391d3b2f6fc3d3fb4e8fa91170ae7bd2ee32f72d3797',NULL),(946,1,'taina','2022-06-07 13:19:24','Protocolo para Pessoa!',NULL,'A',NULL,'5ff3fe41ab76493ab71e4464ab272971e400d5581665d395',NULL),(947,1,'taina','2022-06-07 14:29:31','Protocolo para Pessoa!',NULL,'A',NULL,'3f8803e340de52688edbd952e0a8011eba6e480b226885d2',NULL),(948,1,'taina','2022-06-07 14:30:36','Protocolo para Pessoa!',NULL,'A',NULL,'96434270fb20f32a6ed014abe5fb18488112e1459446a87c',NULL),(949,1,'lucas','2022-06-07 14:44:14','Protocolo para Pessoa!',NULL,'A',NULL,'6fef2010e7759e939d7392854e6f585b56c52f1e591f452c',NULL),(950,1,'lucas','2022-06-07 14:53:37','Protocolo para Pessoa!',NULL,'A',NULL,'c14462484af3ecc8cdbc0ae248b076d8335fce9a2316334f',NULL),(951,1,'nerivan','2022-06-07 15:43:31','Protocolo para Pessoa!',NULL,'A',NULL,'7526f97a47fa5234800f015fc687d210a3507ba0f675f161',NULL),(952,1,'nerivan','2022-06-07 15:43:38','Protocolo para Pessoa!',NULL,'A',NULL,'89b5c4744f1524b6b22b4bda20f1490e9527d5e9e97e561a',NULL),(953,1,'nerivan','2022-06-07 16:01:45','Protocolo para Pessoa!',NULL,'A',NULL,'cb07722a6dabc03ab87e4b4b535cc6c5ff5afb5449a89899',NULL),(954,1,'nerivan','2022-06-07 16:40:07','Protocolo para Pessoa!',NULL,'A',NULL,'dc7448a7a0807b94a26c8e91e3675a5cfcb6d8575181ff5a',NULL),(955,1,'nerivan','2022-06-07 17:15:53','Protocolo para Pessoa!',NULL,'A',NULL,'e1c97e15e26dc81e08f363be6d169f61023fc415efff12a8',NULL),(956,1,'nerivan','2022-06-07 17:47:30','Protocolo para Pessoa!',NULL,'A',NULL,'32e6232d495de1ae46f3237e2691c91cebbc7906f21878c9',NULL),(957,1,'nerivan','2022-06-07 17:59:57','Protocolo para Pessoa!',NULL,'A',NULL,'776de33b9724c0729d1e4bd6a2b3560862cfb10c2f76a660',NULL),(958,1,'nerivan','2022-06-08 10:04:08','Protocolo para Pessoa!',NULL,'A',NULL,'c6a9c181d7db539b7ab8a995cac4aea559660014df16de39',NULL),(959,1,'nerivan','2022-06-08 10:35:54','Protocolo para Pessoa!',NULL,'A',NULL,'373d7230ad30526f72ed59d4f7894ff348959ec9cbfa8c7d',NULL),(960,1,'nerivan','2022-06-08 10:45:03','Protocolo para Pessoa!',NULL,'A',NULL,'aa0edbe48a90c765ff59c0200649ddf9fde9e53161a9c644',NULL),(961,1,'amanda','2022-06-08 14:02:48','Protocolo para Pessoa!',NULL,'A',NULL,'0d1ea742d17ffaa56296f20a8358430e2c458688f598ef40',NULL),(962,1,'nerivan','2022-06-08 14:04:54','Protocolo para Pessoa!',NULL,'A',NULL,'7ef227830de49e9e1049b45ac46449d474ec43c48afa9875',NULL),(963,1,'amanda','2022-06-08 14:07:57','Protocolo para Pessoa!',NULL,'A',NULL,'7a598332a20c80edee7dd07bfb353e1e4358893ca6c0cf25',NULL),(964,1,'nerivan','2022-06-08 14:13:11','Protocolo para Pessoa!',NULL,'A',NULL,'b09c92694731459b4b973f131e7dec537315409ba5a47504',NULL),(965,1,'amanda','2022-06-08 14:57:51','Protocolo para Pessoa!',NULL,'A',NULL,'be508cbe8859d7c3d4374f897139ef20552bbb50ea10c1fe',NULL),(966,1,'amanda','2022-06-08 15:01:51','Protocolo para Pessoa!',NULL,'A',NULL,'a7fce7591878edcf27d78fbd05b2e9ea2e0fa058eee65215',NULL),(967,1,'lucas','2022-06-08 15:33:27','Protocolo para Pessoa!',NULL,'A',NULL,'20f4da1cb8938e67eef93144c7d0b057eec58c983a4ea997',NULL),(968,1,'lucas','2022-06-08 15:34:10','Protocolo para Pessoa!',NULL,'A',NULL,'a7326f380796b4da62424adffbe57634604a9554a22487f4',NULL),(969,1,'lucas','2022-06-09 09:58:42','Protocolo para Pessoa!',NULL,'A',NULL,'316ec9761a30d980d2d879849cd56c3b660104981ede753b',NULL),(970,1,'STEFFANY','2022-06-13 14:09:12','Protocolo para Pessoa!',NULL,'A',NULL,'baf9e34511318028c820de9a3373fd284ad188923251f193',NULL),(971,1,'STEFFANY','2022-06-14 15:20:35','Protocolo para Pessoa!',NULL,'A',NULL,'ba902d1d701ab60499420ccfa144d1ac19f45c09205f013d',NULL),(972,1,'STEFFANY','2022-07-04 15:07:29','Protocolo para Pessoa!',NULL,'A',NULL,'49b01e27c797d796f6830d24ebc384ede4d13ac7791213cd',NULL),(973,1,'nerivan','2022-07-07 13:55:20','Protocolo para Pessoa!',NULL,'A',NULL,'e5330dfe1ee6d096e67325912311502d99519d3901d8a17a',NULL),(974,1,'STEFFANY','2022-07-07 14:34:41','Protocolo para Pessoa!',NULL,'A',NULL,'d17ce6afb5c3f41388fb99351ef4d53910d3d36c8c35bc80',NULL),(975,1,'STEFFANY','2022-07-08 13:40:50','Protocolo para Pessoa!',NULL,'A',NULL,'c805c127bb5cb9f52ed9b73518951f6a4636c2109bfd412f',NULL),(976,1,'STEFFANY','2022-07-08 13:45:31','Protocolo para Pessoa!',NULL,'A',NULL,'05b4dbcea47f113d98cf41e3c7a948b09a3d8b45fccffef2',NULL),(977,1,'STEFFANY','2022-07-08 14:12:28','Protocolo para Pessoa!',NULL,'A',NULL,'828f9ce18c251341c10fa79a19da2284b576db3cb1a2fcc3',NULL),(978,1,'STEFFANY','2022-07-08 14:23:07','Protocolo para Pessoa!',NULL,'A',NULL,'617891d9c847d1d52be83f23d691a3f56d34845fb5047c3b',NULL),(979,1,'nerivan','2022-07-09 09:49:39','Protocolo para Pessoa!',NULL,'A',NULL,'61b381e16635df3f65e5b29d203b3bb04af8f7e0ca77b558',NULL),(980,1,'Amanda','2022-07-13 09:57:52','Protocolo para Pessoa!',NULL,'A',NULL,'557dacadee300ecf9cc116dbac9b3f6c6b9d14853c7e2a5d',NULL),(981,1,'nerivan','2022-07-14 13:45:14','Protocolo para Pessoa!',NULL,'A',NULL,'7cc4bc6073124a36d1628bc9d96aafa6b1298ac3a3b4a1fc',NULL),(982,1,'lucas','2022-07-14 17:03:20','Protocolo para Pessoa!',NULL,'A',NULL,'885a9927ff1beb49905324b5f27592e6d72b03f70d9dc2ef',NULL),(983,1,'caroline','2022-07-18 15:37:16','Protocolo de Termo!',NULL,'A',NULL,'d309215a0cd2f4dee902a2b9e3aa8bc6d7a77e2698184729',NULL),(984,1,'caroline','2022-07-18 15:48:09','Protocolo de Termo!',NULL,'A',NULL,'9cb74677910f76922df17f9be6277dc70d2c57caf16a0e62',NULL),(985,1,'nerivan','2022-07-20 10:25:45','Protocolo para Pessoa!',NULL,'A',NULL,'4e2f710923ab9ddacee785533bd34b0b664d6ed327745034',NULL),(986,1,'CAROLINE','2022-07-25 11:45:21','Protocolo para Pessoa!',NULL,'A',NULL,'ddf4fb9d791be19fbdc9b1597c1dcd3919aa08dac489e9f0',NULL),(987,1,'CAROLINE','2022-07-25 11:54:09','Protocolo para Pessoa!',NULL,'A',NULL,'0244189c73434f88df58766d559b0acc4f1fdaf7f7d5f152',NULL),(988,1,'CAROLINE','2022-07-25 12:03:08','Protocolo para Pessoa!',NULL,'A',NULL,'d340c0c88e649cab48ae07bf056295828be92e346585721a',NULL),(989,1,'caroline','2022-07-25 13:39:21','Protocolo para Pessoa!',NULL,'A',NULL,'866021f634882e56192c545f647f73fef024cff9bcf72e5d',NULL),(990,1,'caroline','2022-07-25 13:49:42','Protocolo para Pessoa!',NULL,'A',NULL,'c784242a68677c3a4e6c654aa68b16ec64e2c9cd7d974ae7',NULL),(991,1,'Ana','2022-07-25 16:24:09','Protocolo de Termo!',NULL,'A',NULL,'b3a833d2911111fbe4ee69b1bd7363cd9991d1c68425974c',NULL),(992,1,'Ana','2022-07-25 16:25:06','Protocolo de Termo!',NULL,'A',NULL,'55f7014688bbedbed9aa76793b80ea76059ca0543cf9608a',NULL),(993,1,'Ana','2022-07-25 16:25:49','Protocolo de Termo!',NULL,'A',NULL,'4e53526fc1d764ab0ef642a37fc9696b8f4c4c27af0096a0',NULL),(994,1,'Ana','2022-07-25 16:26:22','Protocolo de Termo!',NULL,'A',NULL,'6ee61b5bb430fc808225b01f08980d7f1c77176251429bea',NULL),(995,1,'CAROLINE','2022-07-25 17:26:10','Protocolo para Pessoa!',NULL,'A',NULL,'e66a678af989d1dff86dd7d81e4ffeef135db56a0297be04',NULL),(996,1,'lucas','2022-07-25 17:44:42','Protocolo de Termo!',NULL,'A',NULL,'68ee8eeaeec3acf0e52a50e68d2cd78531cc9e5c0caeef14',NULL),(997,1,'lucas','2022-07-25 17:45:40','Protocolo de Termo!',NULL,'A',NULL,'7c0f061d3ff5a3de6c300e0b1a775dcea67eb2ca0327f367',NULL),(998,1,'lucas','2022-07-25 17:46:32','Protocolo de Termo!',NULL,'A',NULL,'9dd285c07be4265df1d9e4ad1f3e5a8c68ac84054650f9a3',NULL),(999,1,'lucas','2022-07-25 17:47:13','Protocolo de Termo!',NULL,'A',NULL,'61369c94bb02282f81ac373a5954d439a6e4c6b0d017087a',NULL),(1000,1,'lucas','2022-07-25 17:47:40','Protocolo de Termo!',NULL,'A',NULL,'a3549154669d5c6b9d215c83ad71a8cc1734eaf63693cc24',NULL),(1001,1,'lucas','2022-07-25 17:48:09','Protocolo de Termo!',NULL,'A',NULL,'ecb5da15a0cd5c2d6b1c81ea7e7e4e14cce42af320225dab',NULL),(1002,1,'lucas','2022-07-25 17:48:43','Protocolo de Termo!',NULL,'A',NULL,'e20f31c7f862dbf2858d2d4db432bf6fc1d1674220d7f84d',NULL),(1003,1,'lucas','2022-07-25 17:49:20','Protocolo de Termo!',NULL,'A',NULL,'f788e8b0ab62300c6967398882dcd06712a32c5bcc8fdcd7',NULL),(1004,1,'lucas','2022-07-25 17:49:47','Protocolo de Termo!',NULL,'A',NULL,'b05eb3ff521807f55943b4509f8f7a5b7e84b4eea14c31d0',NULL),(1005,1,'lucas','2022-07-25 17:55:57','Protocolo de Termo!',NULL,'A',NULL,'8be39a291aa208a7e545b303517a4bc6f89f552905bc0edd',NULL),(1006,1,'CAROLINE','2022-07-25 17:56:15','Protocolo para Pessoa!',NULL,'A',NULL,'4141d76d007841c7bf530616259860c6c79c221e49727ac7',NULL),(1007,1,'nerivan','2022-07-26 10:04:21','Protocolo para Pessoa!',NULL,'A',NULL,'3214241041795f8b305e83d5ff96b7b5b3ae30fef4302577',NULL),(1008,1,'nerivan','2022-07-26 10:53:54','Protocolo para Pessoa!',NULL,'A',NULL,'76a67dad73b4d422eca695ead78d8e32dd137c2b2ba4867c',NULL),(1009,1,'caroline','2022-07-26 15:36:48','Protocolo para Pessoa!',NULL,'A',NULL,'8da53e042c71c983980675488ea1cda6e4ae3e838391c889',NULL),(1010,1,'lucas','2022-07-26 16:10:57','Protocolo para Pessoa!',NULL,'A',NULL,'19c3613b0504437b23acdb97604c698232abc33cff483071',NULL),(1011,1,'nerivan','2022-07-26 16:37:27','Protocolo para Pessoa!',NULL,'A',NULL,'6085f329b7c77360146272d23ab06b77fa9673723faadbce',NULL),(1012,1,'lucas','2022-07-26 17:18:11','Protocolo para Pessoa!',NULL,'A',NULL,'64cd1089dac9e51c308cd0e9c6a75508fb2f97a2571f33ce',NULL),(1013,1,'nerivan','2022-07-27 10:03:48','Protocolo para Pessoa!',NULL,'A',NULL,'12409e81e54e0e6587f3d3e3a8da87f330ae0c3033f09c88',NULL),(1014,1,'nerivan','2022-07-27 10:04:08','Protocolo para Pessoa!',NULL,'A',NULL,'b28eeec55e5df6484fe56eba4fd497ae5e30c468b95bbbaf',NULL),(1015,1,'Amanda','2022-07-27 16:55:45','Protocolo para Pessoa!',NULL,'A',NULL,'42fd15b250ca17f46a7d1c759d565bdc329cd044d07b3afe',NULL),(1016,1,'STEFFANY','2022-07-27 17:49:22','Protocolo de Termo!',NULL,'A',NULL,'20bd21dd9abdd086048ee6ec9b5a58853566a91e1ee7a918',NULL),(1017,1,'Amanda','2022-07-29 11:26:32','Protocolo para Pessoa!',NULL,'A',NULL,'1f829edc533e07ca6d380f19159d83f00401573db83b3a6b',NULL),(1018,1,'Amanda','2022-07-29 11:35:25','Protocolo para Pessoa!',NULL,'A',NULL,'4b4fe0622c4a6a669c62e6d74dd65881b1642449ef7949e4',NULL),(1019,1,'admin','2022-07-29 14:43:43','Protocolo para Pessoa!',NULL,'A',NULL,'8acade5b93b7763f4f2414a208633ea65d8429487fce5130',NULL),(1020,1,'admin','2022-07-29 14:44:53','Protocolo de Termo!',NULL,'A',NULL,'e7c25367a64644f5970839b586b729cd70a8d53b53762451',NULL),(1021,1,'nerivan','2022-07-29 16:35:30','Protocolo para Pessoa!',NULL,'A',NULL,'2fc786040cbc5f24f5bdc36880dc88adca64cf9fc59fa545',NULL),(1022,1,'nerivan','2022-07-29 16:40:26','Protocolo para Pessoa!',NULL,'A',NULL,'913d05a5a0a487cd5c6f66b1e3a7ebf547c9f1520b011de9',NULL),(1023,1,'lucas','2022-08-01 16:14:00','Protocolo para Pessoa!',NULL,'A',NULL,'b1ec0808ff8739c2e3f12522069f067440e375bfc9a2e9a1',NULL),(1024,1,'nerivan','2022-08-01 16:45:56','Protocolo para Pessoa!',NULL,'A',NULL,'e92613fca5c31a7e462280381403e20f17afcb48bc004897',NULL),(1025,1,'lucas','2022-08-01 17:04:13','Protocolo para Pessoa!',NULL,'A',NULL,'0369ee61455c345b9ef5ccc2bbeeba12e5142cb276830c30',NULL),(1026,1,'nerivan','2022-08-01 17:05:19','Protocolo de Termo!',NULL,'A',NULL,'ef1132fab3e3d3cfec5bd603c4b6ac56e1b3139db4600a2b',NULL),(1027,1,'lucas','2022-08-01 17:35:16','Protocolo para Pessoa!',NULL,'A',NULL,'722ad515d5637c1f1cf4a244664e7e4c62f503ee1e990bbe',NULL),(1028,1,'caroline','2022-08-01 18:05:20','Protocolo para Pessoa!',NULL,'A',NULL,'d9279213ea46ac127f8a434e533058d5b617d591681ced5e',NULL),(1029,1,'nerivan','2022-08-02 09:13:26','Protocolo de Termo!',NULL,'A',NULL,'967322a274022681dafdd0b612e5a63c4980b1fba33e0e32',NULL),(1030,1,'nerivan','2022-08-02 09:47:31','Protocolo de Termo!',NULL,'A',NULL,'43b903f6a92cc1ac60009b961251e10a67891c21034cfa50',NULL),(1031,1,'nerivan','2022-08-02 09:47:45','Protocolo de Termo!',NULL,'A',NULL,'d84f0ccd007ff5efcd0dde897fffc7986d6b3c1d07f2d610',NULL),(1032,1,'nerivan','2022-08-03 13:21:41','Protocolo para Pessoa!',NULL,'A',NULL,'a4f1a89dd998cc541ae6a70d907127a5e33283bf7d2f5ddf',NULL),(1033,1,'nerivan','2022-08-04 11:18:44','Protocolo para Pessoa!',NULL,'A',NULL,'fc23cc342da3ab3d8c91b9e5efb5482a43c264e0cf6b88c0',NULL),(1034,1,'nerivan','2022-08-05 10:30:07','Protocolo para Pessoa!',NULL,'A',NULL,'1084d9d7fda1b87eeda295ce290c65054920ecae425ffbd3',NULL),(1035,1,'lucas','2022-08-05 10:51:11','Protocolo para Pessoa!',NULL,'A',NULL,'d08be101a111acd986a411b56e1165c6b4218a891e06afe7',NULL),(1036,1,'lucas','2022-08-05 10:59:39','Protocolo para Pessoa!',NULL,'A',NULL,'856f8d8e669fb154bf39a151aad53886a36700359b5ace05',NULL),(1037,1,'lucas','2022-08-05 11:23:40','Protocolo para Pessoa!',NULL,'A',NULL,'f7ab031d08917804098abacad9cb1e7a822f07e1f9c70202',NULL),(1038,1,'nerivan','2022-08-08 11:12:39','Protocolo de Termo!',NULL,'A',NULL,'e0d135f88562a4a17e0ee94db82bae1ac68f0e51fc833f80',NULL),(1039,1,'nerivan','2022-08-09 09:12:17','Protocolo de Termo!',NULL,'A',NULL,'f139e819e67a52b2ca0ac05b57cec903bda8f949e49f0eba',NULL),(1040,1,'nerivan','2022-08-10 11:23:52','Protocolo de Termo!',NULL,'A',NULL,'98449de15b21986bac8e166da93932eaae70160bc7a1343e',NULL),(1041,1,'nerivan','2022-08-10 11:44:26','Protocolo para Pessoa!',NULL,'A',NULL,'b84d8ea2d644da61a72b0a607583e9ac986fc0bdf0543f96',NULL),(1042,1,'nerivan','2022-08-10 14:00:24','Protocolo de Termo!',NULL,'A',NULL,'bddeb6682da06e1413cc6feeaef18028a7ec4cb407a41a2d',NULL),(1043,1,'nerivan','2022-08-11 13:55:00','Protocolo para Pessoa!',NULL,'A',NULL,'388ec974a5929f3698fb79a4d69415cfbb0816e0a6b0072d',NULL),(1044,1,'Ana','2022-08-12 08:44:41','Protocolo para Pessoa!',NULL,'A',NULL,'86318b4a803610d20d3904e7781a3db1c9f6645daeeef261',NULL),(1045,1,'Amanda','2022-08-12 17:00:34','Protocolo para Pessoa!',NULL,'A',NULL,'ce6cff6eefcb28b3f30e8057fb9be32a2726d14621916d96',NULL),(1046,1,'nerivan','2022-08-15 07:58:58','Protocolo de Termo!',NULL,'A',NULL,'501b4469bd7291643699a8969f43bf95315c37c73bb4566d',NULL),(1047,1,'Amanda','2022-08-15 14:53:24','Protocolo para Pessoa!',NULL,'A',NULL,'9cf3f9d13db927cf18b72d3e559f1c810737ce20e8367116',NULL),(1048,1,'lucas','2022-08-15 16:19:30','Protocolo para Pessoa!',NULL,'A',NULL,'19102a2bbff9a0ce831c79d9a5e25e19727c47f65d757dc1',NULL),(1049,1,'nerivan','2022-08-17 15:51:37','Protocolo para Pessoa!',NULL,'A',NULL,'e2ace0bdaba51f8d13072308d06be0c811605ccd7a9f3974',NULL),(1050,1,'nerivan','2022-08-17 15:51:52','Protocolo para Pessoa!',NULL,'A',NULL,'031d29ae09e084a2332c7f06492cbb1fe4c0f2f1480c563a',NULL),(1051,1,'Amanda','2022-08-19 13:47:06','Protocolo para Pessoa!',NULL,'A',NULL,'71d6a28c80aca0262c4d5879479bc1741290664e1795b05e',NULL),(1052,1,'nerivan','2022-08-24 08:30:26','Protocolo para Pessoa!',NULL,'A',NULL,'cc90a066a79ad40cf7242bf75ff2e9d3c07b43a8622b04f2',NULL),(1053,1,'Amanda','2022-08-24 16:44:46','Protocolo para Pessoa!',NULL,'A',NULL,'effabd7b12894b930328082f64f34e2462927f79709c2be0',NULL),(1054,1,'nerivan','2022-08-26 09:28:34','Protocolo para Pessoa!',NULL,'A',NULL,'9e5dc5eb1240ee59226a783bc4c000b28ee31c81055b1b40',NULL),(1055,1,'Amanda','2022-08-26 17:44:58','Protocolo para Pessoa!',NULL,'A',NULL,'4375e5cf2b55ff8860796d57cc6502f5732425061d476346',NULL),(1056,1,'Amanda','2022-08-29 14:42:40','Protocolo para Pessoa!',NULL,'A',NULL,'1a85ff4602cf463f0d00cb9d7c6ae8c15166f70455c1a23b',NULL),(1057,1,'nerivan','2022-08-30 08:26:24','Protocolo para Pessoa!',NULL,'A',NULL,'71532ea128be2f5a7ad9bef3df1b419562b6cb72a083f107',NULL),(1058,1,'nerivan','2022-08-30 08:26:38','Protocolo para Pessoa!',NULL,'A',NULL,'62e2f5ccb328dd6c3fa638fe02ad18a5138753c46005457f',NULL),(1059,1,'Amanda','2022-08-30 15:46:36','Protocolo para Pessoa!',NULL,'A',NULL,'663f1c302b055fdb37143eade9dfed8f5d7be56b7c053995',NULL),(1060,1,'Amanda','2022-08-30 15:51:35','Protocolo para Pessoa!',NULL,'A',NULL,'228b0a5484fc973fb0ded9c683cb8c9ede33aca2500dfd1d',NULL),(1061,1,'lucas','2022-09-16 17:16:21','Protocolo para Pessoa!',NULL,'A',NULL,'ffa583158c2934c23d90b84c266d3e179f370cd87bda3f5e',NULL),(1062,1,'nerivan','2022-09-20 11:27:18','Protocolo para Pessoa!',NULL,'A',NULL,'f826c4184a043f10bf97792c718820f8f754973a69501835',NULL),(1063,1,'lucas','2022-09-23 11:35:12','Protocolo para Pessoa!',NULL,'A',NULL,'bc756ca7df554883d2260b0ce2f00cd03d5ddd90d8c007a5',NULL),(1064,1,'nerivan','2022-09-28 09:44:49','Protocolo para Pessoa!',NULL,'A',NULL,'95f97b150bf543af42fc557e53269a781d2df899d27d8d3d',NULL),(1065,1,'LUCAS','2022-10-10 16:06:48','Protocolo para Pessoa!',NULL,'A',NULL,'d137318d971999c1aa33217a13e9d794bda945dc9a146ad9',NULL),(1066,1,'caroline','2022-10-17 17:30:07','Protocolo de Termo!',NULL,'A',NULL,'d28cc50618cce92e159981c46654deff6b8e64a19567b70c',NULL),(1067,1,'caroline','2022-10-17 17:34:59','Protocolo de Termo!',NULL,'A',NULL,'f2e799fa17330fbf62418165732d4ea7d9b791ddc67c9967',NULL),(1068,1,'nerivan','2022-10-26 10:42:57','Protocolo de Termo!',NULL,'A',NULL,'bdf06a079799d416f3d03b7cbd01501272e3128fb3adf308',NULL),(1069,1,'LUCAS','2022-11-08 11:27:27','Protocolo para Pessoa!',NULL,'A',NULL,'22f194502c6084d1f2db2a8f662886745e3bca51cecb5647',NULL),(1070,1,'LUCAS','2022-11-11 17:39:44','Protocolo para Pessoa!',NULL,'A',NULL,'47415979ef2983e42defcd848ec1b56e42ad5df2a488b095',NULL),(1071,1,'nerivan','2022-11-12 11:05:54','Protocolo para Pessoa!',NULL,'A',NULL,'6f63a30562c118dfb39a290f08582a520306fd41652599c0',NULL),(1072,1,'nerivan','2022-11-19 10:14:59','Protocolo para Pessoa!',NULL,'A',NULL,'a1c373ca83d9beb0148c9e8327c476b8d271d5ecacbeb3b4',NULL),(1073,1,'nerivan','2022-11-19 10:39:27','Protocolo para Pessoa!',NULL,'A',NULL,'950a9620fe701da74a4802a36c5a39e012a0346a4a2b121c',NULL),(1074,1,'nerivan','2022-11-22 17:04:14','Protocolo de Termo!',NULL,'A',NULL,'f6f9db002f53dd9c4bd122f8a2ade98d0fe74130cad9cb7e',NULL),(1075,1,'nerivan','2022-11-22 17:07:41','Protocolo de Termo!',NULL,'A',NULL,'da01d901776f8bf3f020a3dd892dd8f4935983853d77b34c',NULL),(1076,1,'nerivan','2022-11-25 10:29:19','Protocolo de Termo!',NULL,'A',NULL,'b081109f0bdd8ecfade0ac0985e38941b1006e76e7106914',NULL),(1077,1,'nerivan','2022-11-28 10:55:18','Protocolo de Termo!',NULL,'A',NULL,'87ef926a8246fb3670a901f91caea8d94ece55f4fd3b4afb',NULL),(1078,1,'nerivan','2022-11-29 10:47:24','Protocolo para Pessoa!',NULL,'A',NULL,'22425815da678ba78218797b96f1a6a933f2a37274225f80',NULL),(1079,1,'amanda','2022-12-01 15:53:14','Protocolo para Pessoa!',NULL,'A',NULL,'dea000e6661d032697d492cee918ae4262a618c434659bc7',NULL),(1080,1,'amanda','2022-12-06 11:39:15','Protocolo para Pessoa!',NULL,'A',NULL,'c4957ac58389c05002dc775964a6db0481c64e987227dc9d',NULL),(1081,1,'LUCAS','2022-12-07 11:26:05','Protocolo para Pessoa!',NULL,'A',NULL,'f7853ad5fd8963732f25d796ba1bb2121124ef8380593555',NULL),(1082,1,'taina','2022-12-15 10:28:49','Protocolo para Pessoa!',NULL,'A',NULL,'2ed42b4b74db81255dbdb008ff3d4ba77c03f5747b676674',NULL),(1083,1,'amanda','2022-12-16 14:41:43','Protocolo para Pessoa!',NULL,'A',NULL,'fac622d32d8b9cff4426729e52eb7b3c80ddfe58f7f00c00',NULL),(1084,1,'amanda','2023-01-10 14:58:12','Protocolo para Pessoa!',NULL,'A',NULL,'c0f1e6d581b4bbb825fec3dfdde60fdb0539196ad08873c2',NULL),(1085,1,'nerivan','2023-01-12 10:20:45','Protocolo de Termo!',NULL,'A',NULL,'b971af5f899569ababb9fdec7eb74a32f0fce34b218816f3',NULL),(1086,1,'nerivan','2023-01-12 10:45:39','Protocolo de Termo!',NULL,'A',NULL,'09de980930b5766dbd8a708de0c2b70641e2728c1029df68',NULL),(1087,1,'nerivan','2023-01-12 14:04:00','Protocolo de Termo!',NULL,'A',NULL,'9b16bf51eb5e4ac9140e5929e6ca1c85fdaf05164e9b97a2',NULL),(1088,1,'nerivan','2023-01-13 09:08:53','Protocolo para Pessoa!',NULL,'A',NULL,'d4a579d25a1c9bbdfbc13f9b4205e67414d3d93ab9d40962',NULL),(1089,1,'nerivan','2023-01-18 08:01:31','Protocolo de Termo!',NULL,'A',NULL,'67d243c4d12f2c1aef95e6823ba6a729309c084895d78957',NULL),(1090,1,'nerivan','2023-01-18 10:06:56','Protocolo para Pessoa!',NULL,'A',NULL,'156c12f906082c30dcbb0897e5d7d7b475dea46a725ac6d1',NULL),(1091,1,'nerivan','2023-01-19 09:33:00','Protocolo de Termo!',NULL,'A',NULL,'c285903927a6fbdae84254004a18ee56658eaa35aef9254b',NULL),(1092,1,'taina','2023-01-19 10:59:47','Protocolo de Termo!',NULL,'A',NULL,'c1af4ed09a36b3ed9af4e96d43ae2243663c2719e71663c2',NULL),(1093,1,'nerivan','2023-01-25 15:56:02','Protocolo de Termo!',NULL,'A',NULL,'9c890bab452021f756165f73e57384c6456869d63f38f381',NULL),(1094,1,'nerivan','2023-02-06 17:10:43','Protocolo para Pessoa!',NULL,'A',NULL,'4d4aeb90379ad1ddc72f42fe9fa361ae9c3ad453d739dba3',NULL),(1095,1,'LUCAS','2023-02-14 17:32:35','Protocolo para Pessoa!',NULL,'A',NULL,'b8ae415ca0f90c08dbf10fe971ed5ef5fcf9ebf3c2c6976e',NULL),(1096,1,'Ana','2023-02-23 11:26:17','Protocolo para Pessoa!',NULL,'A',NULL,'71e5f17d2b78d338f659109c848bb02a6dd82a3e887e8edd',NULL),(1097,1,'nerivan','2023-03-01 17:19:13','Protocolo de Termo!',NULL,'A',NULL,'960d0875d2bc3d0d23417f83b33e1c27037848bd3f225f29',NULL),(1098,1,'amanda','2023-03-07 09:27:59','Protocolo para Pessoa!',NULL,'A',NULL,'b1186100bf867144b095547f304849b1393dcacc581d4683',NULL),(1099,1,'nerivan','2023-03-07 11:52:12','Protocolo de Termo!',NULL,'A',NULL,'2d618edf6c0b5b6d78592eb8292b24ad8c20c7629eb35e9a',NULL),(1100,1,'amanda','2023-03-09 11:04:56','Protocolo para Pessoa!',NULL,'A',NULL,'1edc55e0980b781dad424fc81680d77a851329a54e77d1af',NULL),(1101,1,'amanda','2023-03-30 17:19:21','Protocolo para Pessoa!',NULL,'A',NULL,'e8627276405638a8ea6a1ea531235e133e203d4a158c4613',NULL),(1102,1,'taina','2023-03-31 09:04:18','Protocolo de Termo!',NULL,'A',NULL,'cfcd5f648038aff7ac7498c1de3c7c6a6b3165362d13618d',NULL),(1103,1,'taina','2023-03-31 10:35:55','Protocolo de Termo!',NULL,'A',NULL,'8bce6cf0ddbbc369b1639549c5ac71ce060b82e2f22d6e72',NULL),(1104,1,'','2023-04-05 11:10:12','Protocolo de Termo!',NULL,'A',NULL,'603f068214940dd7cb776763619b5830a4d7282c8b271559',NULL),(1105,1,'admin','2023-04-11 09:27:22','Protocolo para Pessoa!',NULL,'A',NULL,'e0a2480d944fa1531882c3362f297a915765b2a9ff1b75ba',NULL);

--
-- Table structure for table `PROTOCOLO_CONSENTIMENTO`
--

CREATE TABLE `PROTOCOLO_CONSENTIMENTO` (
  `PRCO_COD` bigint(20) NOT NULL AUTO_INCREMENT,
  `PRCO_PROT_COD` bigint(20) DEFAULT NULL,
  `PRCO_DATA_CADASTRO` datetime DEFAULT NULL,
  `PRCO_SIST_COD` int(11) DEFAULT NULL,
  `PRCO_ACEITE` bigint(20) DEFAULT NULL,
  `PRCO_TERM_EMPR_COD` int(11) DEFAULT NULL,
  `PRCO_TERM_TIPO_TERMO` int(11) DEFAULT NULL,
  `PRCO_EMAIL` varchar(100) CHARACTER SET latin1 DEFAULT NULL,
  PRIMARY KEY (`PRCO_COD`),
  KEY `PRCO_PROT_COD` (`PRCO_PROT_COD`),
  KEY `PRCO_SIST_COD` (`PRCO_SIST_COD`),
  KEY `PRCO_ACEITE` (`PRCO_ACEITE`),
  KEY `PRCO_TERM_EMPR_COD` (`PRCO_TERM_EMPR_COD`),
  KEY `PRCO_TERM_TIPO_TERMO` (`PRCO_TERM_TIPO_TERMO`),
  CONSTRAINT `PROTOCOLO_CONSENTIMENTO_ibfk_1` FOREIGN KEY (`PRCO_PROT_COD`) REFERENCES `PROTOCOLO` (`PROT_COD`),
  CONSTRAINT `PROTOCOLO_CONSENTIMENTO_ibfk_2` FOREIGN KEY (`PRCO_SIST_COD`) REFERENCES `SISTEMA` (`SIST_COD`),
  CONSTRAINT `PROTOCOLO_CONSENTIMENTO_ibfk_3` FOREIGN KEY (`PRCO_ACEITE`) REFERENCES `TERMO_ACEITE` (`TEAC_COD`),
  CONSTRAINT `PROTOCOLO_CONSENTIMENTO_ibfk_4` FOREIGN KEY (`PRCO_TERM_EMPR_COD`) REFERENCES `TERMO` (`TERM_EMPR_COD`),
  CONSTRAINT `PROTOCOLO_CONSENTIMENTO_ibfk_5` FOREIGN KEY (`PRCO_TERM_TIPO_TERMO`) REFERENCES `TERMO` (`TERM_TIPO_TERMO`)
) ENGINE=InnoDB AUTO_INCREMENT=743 DEFAULT CHARSET=utf8mb4;

--
-- Dumping data for table `PROTOCOLO_CONSENTIMENTO`
--

INSERT INTO `PROTOCOLO_CONSENTIMENTO` VALUES (2,364,'2022-02-01 16:18:47',NULL,NULL,1,14,'alinecavalcante.to@gmail.com'),(3,365,'2022-02-01 16:19:30',NULL,NULL,1,14,' fkrusch@gmail.com'),(4,366,'2022-02-01 16:19:42',NULL,NULL,1,14,' fkrusch@gmail.com'),(5,367,'2022-02-01 16:20:08',NULL,NULL,1,14,'vanialuizafono@gmail.com'),(6,368,'2022-02-01 16:20:13',NULL,NULL,1,14,'vanialuizafono@gmail.com'),(7,369,'2022-02-01 16:20:24',NULL,NULL,1,14,'vanialuizafono@gmail.com'),(8,370,'2022-02-01 16:20:40',NULL,NULL,1,14,'karlapfono@gmail.com'),(9,371,'2022-02-01 16:22:47',NULL,NULL,1,14,'karlapfono@gmail.com'),(10,372,'2022-02-01 16:23:49',NULL,NULL,1,14,'karlapfono@gmail.com'),(12,374,'2022-02-17 14:50:50',NULL,NULL,1,14,'	administrativo01@nucleoincentivar.com.br'),(13,375,'2022-02-17 14:51:47',NULL,NULL,1,14,'	administrativo03@nucleoincentivar.com.br'),(14,376,'2022-02-17 14:52:11',NULL,7,1,14,'administrativo02@nucleoincentivar.com.br'),(15,377,'2022-02-17 14:52:34',NULL,3,1,14,'administrativo01@nucleoincentivar.com.br'),(16,378,'2022-02-17 14:53:25',NULL,NULL,1,14,'gerencial@nucleoincentivar.com.br'),(17,379,'2022-02-17 14:55:01',NULL,NULL,1,14,'compras@nucleoincentivar.com.br'),(19,381,'2022-02-17 15:24:10',NULL,NULL,1,15,'tony.sa2019@gmail.com'),(20,382,'2022-02-17 15:52:18',NULL,4,1,14,'administrativo03@nucleoincentivar.com.br'),(21,383,'2022-02-17 16:37:31',NULL,NULL,1,15,'administrativo01@nucleoincentivar.com.br'),(22,384,'2022-02-17 16:37:44',NULL,NULL,1,15,'administrativo03@nucleoincentivar.com.br'),(23,385,'2022-02-17 16:44:44',NULL,NULL,1,15,'matheus.pimentel@sgnsistemas.com.br '),(24,386,'2022-02-17 16:47:44',NULL,NULL,1,15,'suporte@sgnsistemas.com.br'),(27,389,'2022-02-18 09:33:43',NULL,NULL,1,14,'administrativo02@nucleoincentivar.com.br'),(35,397,'2022-02-24 10:35:02',NULL,14,1,NULL,'steffanysmachado@gmail.com'),(36,398,'2022-02-24 14:49:15',NULL,18,1,14,'nerivanalves30@gmail.com'),(37,399,'2022-02-24 14:49:36',NULL,NULL,1,14,'nerivanalves30@gmail.com'),(38,400,'2022-02-24 14:50:56',NULL,16,1,14,'andrezanascimento.silva@hotmail.com'),(39,401,'2022-02-24 14:51:35',NULL,NULL,1,NULL,'amandaribeiro91@hotmail.com'),(40,402,'2022-02-24 14:52:48',NULL,17,1,14,'amandaribeiro91@hotmail.com'),(41,403,'2022-02-24 14:54:09',NULL,20,1,14,'comportamentalaba@nucleoincentivar.com.br'),(42,404,'2022-02-24 15:23:03',NULL,19,1,14,'aninhabarreto330@gmail.com'),(43,405,'2022-03-02 09:47:59',NULL,NULL,1,15,'samantavidal@hotmail.com'),(44,406,'2022-03-02 09:48:40',NULL,NULL,1,15,'samantavidal@hotmail.com'),(45,407,'2022-03-02 09:49:21',NULL,NULL,1,15,'leiamenezes@hotmail.com'),(46,408,'2022-03-02 09:49:53',NULL,NULL,1,15,'tayanesouza@outlook.com'),(47,409,'2022-03-02 09:49:55',NULL,NULL,1,15,'cidacajahyba@gmail.com'),(48,410,'2022-03-02 09:50:27',NULL,NULL,1,15,'danymello1@hotmail.com'),(49,411,'2022-03-02 09:50:45',NULL,NULL,1,15,'sousafabiola1@gmail.com'),(50,412,'2022-03-02 09:50:53',NULL,NULL,1,15,'natalia18gabriele@hotmail.com'),(51,413,'2022-03-02 09:51:09',NULL,NULL,1,15,'tudepaula@gmail.com'),(52,414,'2022-03-02 09:51:48',NULL,NULL,1,15,'lilianfta@gmail.com'),(53,415,'2022-03-02 09:52:43',NULL,NULL,1,15,'nauoliveira@yahoo.com.br'),(54,416,'2022-03-02 09:54:01',NULL,NULL,1,15,'mariselobodossantos@gmail.com'),(55,417,'2022-03-02 09:54:25',NULL,NULL,1,15,'betabartel@hotmail.com'),(56,418,'2022-03-02 09:54:52',NULL,NULL,1,15,'tam.engquimica@gmail.com'),(57,419,'2022-03-02 09:56:02',NULL,NULL,1,15,'pathyfisionutri@gmail.com'),(58,420,'2022-03-02 09:56:58',NULL,NULL,1,15,'adilasilva@hotmail.com'),(59,421,'2022-03-02 09:57:36',NULL,NULL,1,15,'sibelelima64@gmail.com'),(60,422,'2022-03-02 09:57:47',NULL,NULL,1,15,'calleite8@gmail.com'),(61,423,'2022-03-02 09:58:22',NULL,NULL,1,15,'larissa@dacultura.com.br'),(62,424,'2022-03-02 09:58:44',NULL,NULL,1,15,'ana.ctrigo@hotmail.com'),(63,425,'2022-03-02 09:58:53',NULL,NULL,1,15,'lucigmedina@hotmail.com'),(64,426,'2022-03-02 09:59:14',NULL,NULL,1,15,'mile_turismo@yahoo.com.br'),(65,427,'2022-03-02 09:59:34',NULL,NULL,1,15,'cmatosaraujo@hotmail.com'),(66,428,'2022-03-02 09:59:36',NULL,NULL,1,15,'beta_leone@hotmail.com'),(67,429,'2022-03-02 10:00:04',NULL,NULL,1,15,'ssantos182@gmail.com'),(68,430,'2022-03-02 10:00:21',NULL,NULL,1,15,'vivianecpiedade31@gmail.com'),(69,431,'2022-03-02 10:00:28',NULL,NULL,1,15,'amautone@ford.com'),(70,432,'2022-03-02 10:00:48',NULL,NULL,1,15,'priscillamelo21@hotmail.com'),(71,433,'2022-03-02 10:01:03',NULL,NULL,1,15,'jaq300@bol.com.br'),(72,434,'2022-03-02 10:01:10',NULL,NULL,1,15,'vitoriachen33@gmail.com'),(73,435,'2022-03-02 10:01:17',NULL,NULL,1,15,'vitoriachen33@gmail.com'),(74,436,'2022-03-02 10:01:48',NULL,NULL,1,15,'scvidalfreitas@hotmail.com'),(75,437,'2022-03-02 10:01:53',NULL,NULL,1,15,'anacarol.ponde@hotmail.com'),(76,438,'2022-03-02 10:02:32',NULL,NULL,1,15,'cirneto@hotmail.com'),(77,439,'2022-03-02 10:03:21',NULL,NULL,1,15,'jamile-carvalho@hotmail.com'),(78,440,'2022-03-02 10:04:10',NULL,NULL,1,15,'daniela-vianna@hotmail.com'),(81,443,'2022-03-02 10:06:24',NULL,36,1,15,'vyvyestrela@hotmail.com'),(82,444,'2022-03-02 10:07:34',NULL,NULL,1,15,'tycipf@yahoo.com.br'),(83,445,'2022-03-02 10:07:59',NULL,NULL,1,15,'Kamilasurg@yahoo.com'),(84,446,'2022-03-02 10:08:35',NULL,NULL,1,15,'aline_souz@hotmail.com'),(85,447,'2022-03-02 10:11:45',NULL,NULL,1,15,'soareslorena81@gmail.com'),(86,448,'2022-03-02 10:12:30',NULL,NULL,1,15,'geisahsx@gmail.com'),(87,449,'2022-03-02 10:12:55',NULL,NULL,1,15,'marbastos19@hotmail.com'),(88,450,'2022-03-02 10:13:05',NULL,NULL,1,15,'marbastos19@hotmail.com'),(89,451,'2022-03-02 10:14:15',NULL,NULL,1,15,'emanuelecouto@globo.com'),(90,452,'2022-03-02 10:14:53',NULL,NULL,1,15,'anne-mkt@hotmail.com'),(91,453,'2022-03-02 10:15:21',NULL,NULL,1,15,'ailirambio@hotmail.com'),(92,454,'2022-03-02 10:15:56',NULL,NULL,1,15,'brasiltulia@gmail.com'),(93,455,'2022-03-02 10:16:24',NULL,NULL,1,15,'patriciadultra@gmail.com'),(94,456,'2022-03-02 10:16:50',NULL,NULL,1,15,'may_niw@hotmail.com'),(95,457,'2022-03-02 10:17:14',NULL,NULL,1,15,'jerusa_pinto@hotmail.com'),(96,458,'2022-03-02 10:17:41',NULL,NULL,1,15,'liceneri@hotmail.com'),(97,459,'2022-03-02 10:18:54',NULL,NULL,1,15,'milenepereira@hotmail.com'),(98,460,'2022-03-02 10:19:21',NULL,NULL,1,15,'marcyaliz@hotmail.com'),(99,461,'2022-03-02 10:19:32',NULL,NULL,1,15,'julianagouri@gmail.com'),(100,462,'2022-03-02 10:19:48',NULL,NULL,1,15,'betabartel@hotmail.com'),(101,463,'2022-03-02 10:20:07',NULL,NULL,1,15,'alexandredantas.2k@hotmail.com'),(102,464,'2022-03-02 10:20:27',NULL,NULL,1,15,'thamires383@gmail.com'),(103,465,'2022-03-02 10:20:54',NULL,NULL,1,15,'danielabulhosa@me.com'),(104,466,'2022-03-02 10:21:03',NULL,NULL,1,15,'and.mucuge@hotmail.com'),(105,467,'2022-03-02 10:21:26',NULL,NULL,1,15,'grazy.santos@hotmail.com'),(106,468,'2022-03-02 10:21:57',NULL,NULL,1,15,'nogueiramoreira@gmail.com'),(107,469,'2022-03-02 10:22:16',NULL,NULL,1,15,'therezamello@hotmail.com'),(108,470,'2022-03-02 10:22:35',NULL,NULL,1,15,'kilcy.ferraz@pro.ucsal.br'),(109,471,'2022-03-02 10:22:54',NULL,NULL,1,15,'aline.apolo@hotmail.com'),(110,472,'2022-03-02 10:23:02',NULL,NULL,1,15,'simony.aa@hotmail.com'),(111,473,'2022-03-02 10:25:07',NULL,NULL,1,15,'alu.ba@hotmail.com'),(112,474,'2022-03-02 10:30:48',NULL,NULL,1,15,'betaeps@hotmail.com'),(113,475,'2022-03-02 10:31:17',NULL,NULL,1,15,'suarez.pricila@gmail.com'),(114,476,'2022-03-02 10:33:11',NULL,NULL,1,15,'alu.ba@hotmail.com'),(116,478,'2022-03-02 10:34:52',NULL,NULL,1,15,'priscillamelo21@hotmail.com'),(117,479,'2022-03-02 10:35:42',NULL,NULL,1,15,'amautone@ford.com'),(118,480,'2022-03-02 10:36:22',NULL,NULL,1,15,'dudaromero05@gmail.com'),(119,481,'2022-03-02 10:36:25',NULL,NULL,1,15,'line_mel@hotmail.com'),(120,482,'2022-03-02 10:36:53',NULL,NULL,1,15,'danymello1@hotmail.com'),(121,483,'2022-03-02 10:37:20',NULL,NULL,1,15,'helendanieledafonseca@hotmail.com'),(122,484,'2022-03-02 10:37:34',NULL,NULL,1,15,'paulacrelier.sio@hotmail.com'),(123,485,'2022-03-02 10:38:14',NULL,NULL,1,15,'bremmat@hotmail.com'),(124,486,'2022-03-02 10:38:19',NULL,NULL,1,15,'jeannecid@yahoo.com.br'),(125,487,'2022-03-02 10:38:20',NULL,NULL,1,15,'bremmat@hotmail.com'),(126,488,'2022-03-02 10:38:57',NULL,NULL,1,15,'carladinda@yahho.com.br'),(127,489,'2022-03-02 10:39:15',NULL,NULL,1,15,'livialspimentell@gmail.com'),(128,490,'2022-03-02 10:39:29',NULL,NULL,1,15,'daianerocha82@gmail.com'),(129,491,'2022-03-02 10:40:07',NULL,NULL,1,15,'angella_araujo@yahoo.com.br'),(130,492,'2022-03-02 10:40:42',NULL,NULL,1,15,'psifabiana2014@gmail.com'),(131,493,'2022-03-02 10:41:15',NULL,NULL,1,15,'limaborgesnanda@gmail.com'),(132,494,'2022-03-02 10:41:18',NULL,NULL,1,15,'paulinebarreto@hotmail.com'),(133,495,'2022-03-02 10:42:54',NULL,NULL,1,15,'vaneska_schmidt@hotmail.com'),(134,496,'2022-03-02 10:44:07',NULL,NULL,1,15,'janecoelho@yahoo.com.br'),(136,498,'2022-03-02 10:46:04',NULL,NULL,1,15,'mariana_ma_@hotmail.com'),(137,499,'2022-03-02 10:46:37',NULL,NULL,1,15,'mariaaraujo76@hotmail.com'),(138,500,'2022-03-02 10:46:52',NULL,NULL,1,15,'bea1mende@gmail.com'),(139,501,'2022-03-02 10:47:08',NULL,NULL,1,15,'anaclararissa.lsilva@gmail.com'),(140,502,'2022-03-02 10:47:34',NULL,NULL,1,15,'jailsa.oliveira@gmail.com'),(141,503,'2022-03-02 10:47:36',NULL,NULL,1,15,'ayalafabreu@hotmail.com'),(142,504,'2022-03-02 10:47:54',NULL,NULL,1,15,'carinehc74@gmail.com'),(143,505,'2022-03-02 10:48:07',NULL,NULL,1,15,'beatrizbezerra79@gmail.com'),(144,506,'2022-03-02 10:48:19',NULL,NULL,1,15,'msbsegura@gmail.com'),(145,507,'2022-03-02 10:48:50',NULL,NULL,1,15,'nmonaliza135@gmail.com'),(146,508,'2022-03-02 10:49:19',NULL,NULL,1,15,'tali_lee@hotmail.com'),(147,509,'2022-03-02 10:49:21',NULL,NULL,1,15,'chulufernanda@gmail.com'),(148,510,'2022-03-02 10:49:42',NULL,NULL,1,15,'tamiresasantana@icloud.com'),(149,511,'2022-03-02 10:49:50',NULL,NULL,1,15,'ssantos182@gmail.com'),(150,512,'2022-03-02 10:49:50',NULL,NULL,1,15,'luaalira@gmail.com'),(151,513,'2022-03-02 10:50:17',NULL,NULL,1,15,'tassigoulart@gmail.com'),(152,514,'2022-03-02 10:50:36',NULL,NULL,1,15,'rgabi-silva@hotmail.com'),(153,515,'2022-03-02 10:50:39',NULL,NULL,1,15,'souto.claudia@gmail.com'),(154,516,'2022-03-02 10:51:03',NULL,NULL,1,15,'kellybpf.abreu@gmail.com'),(156,518,'2022-03-02 10:51:14',NULL,NULL,1,15,'martacastro@mmcz.adv.br'),(158,520,'2022-03-02 10:51:51',NULL,NULL,1,15,'thaisesa@gmail.com'),(159,521,'2022-03-02 10:52:16',NULL,NULL,1,15,'mariborges84@hotmail.com'),(160,522,'2022-03-02 10:52:40',NULL,NULL,1,15,'lu_pedroza@yhaoo.com.br'),(161,523,'2022-03-02 10:55:00',NULL,NULL,1,15,'m_eugeniaf@hotmail.com'),(162,524,'2022-03-02 10:56:01',NULL,NULL,1,15,'alessandra.al.interiores@gmail.com'),(163,525,'2022-03-02 10:56:33',NULL,NULL,1,15,'rennerama@gmail.com'),(164,526,'2022-03-02 10:57:10',NULL,NULL,1,15,'lu_pedroza@yhaoo.com.br'),(165,527,'2022-03-02 10:57:17',NULL,NULL,1,15,'venyloy@hotmail.com'),(166,528,'2022-03-02 10:57:28',NULL,NULL,1,15,'danielabulhosa@me.com'),(167,529,'2022-03-02 10:57:40',NULL,NULL,1,15,'fabianamessias@gmail.com'),(168,530,'2022-03-02 11:02:59',NULL,NULL,1,15,'danielabulhosa@me.com'),(169,531,'2022-03-02 11:05:31',NULL,NULL,1,15,'inayara.hora@gmail.com'),(170,532,'2022-03-02 11:05:51',NULL,NULL,1,15,'claudiavaleriagoes@gmail.com'),(171,533,'2022-03-02 11:06:19',NULL,NULL,1,15,'diogenesdiego1988@hotmail.com'),(172,534,'2022-03-02 11:06:48',NULL,NULL,1,15,'lanie43@hotmail.com'),(173,535,'2022-03-02 11:07:02',NULL,NULL,1,15,'dbsalles@gmail.com'),(174,536,'2022-03-02 11:07:20',NULL,NULL,1,15,'gizelle.pinheiro@gmail.com'),(175,537,'2022-03-02 11:08:47',NULL,NULL,1,15,'nogueiramoreira@gmail.com'),(176,538,'2022-03-02 11:11:24',NULL,NULL,1,15,'iaracsiquara@yahoo.com.br'),(177,539,'2022-03-02 11:11:43',NULL,NULL,1,15,'larissaquintela@yahoo.com.br'),(178,540,'2022-03-02 11:11:50',NULL,103,1,15,'larissaquintela@yahoo.com.br'),(179,541,'2022-03-02 11:12:17',NULL,NULL,1,15,'valterabaide@gmail.com'),(180,542,'2022-03-02 11:12:39',NULL,NULL,1,15,'thiago@labpat.med.br'),(182,544,'2022-03-02 12:57:07',NULL,NULL,1,15,'domingueskarina23@hotmail.com'),(183,545,'2022-03-02 13:17:58',NULL,NULL,1,15,'torquato.neto@gmail.com'),(184,546,'2022-03-02 13:18:16',NULL,NULL,1,15,'cleidefib31@gmail.com'),(185,547,'2022-03-02 13:18:52',NULL,NULL,1,15,'cleidefib31@gmail.com'),(186,548,'2022-03-02 13:19:02',NULL,NULL,1,15,'leiamenezes@hotmail.com'),(187,549,'2022-03-02 13:19:21',NULL,NULL,1,15,'mayanasantana@yahoo.com.br'),(189,551,'2022-03-02 13:19:45',NULL,NULL,1,15,'adilasilva@hotmail.com'),(190,552,'2022-03-02 13:19:55',NULL,NULL,1,15,'viviannedecor@gmail.com'),(191,553,'2022-03-02 13:20:07',NULL,NULL,1,15,'andrebandlerner@gmail.com'),(192,554,'2022-03-02 13:20:16',NULL,NULL,1,15,'ju_reis76@yahoo.com.br'),(193,555,'2022-03-02 13:20:29',NULL,NULL,1,15,'lemos.hozana@gmail.com'),(194,556,'2022-03-02 13:20:41',NULL,NULL,1,15,'nilza.fabio@gmail.com'),(195,557,'2022-03-02 13:20:51',NULL,NULL,1,15,'ism_cardoso@hotmail.com'),(196,558,'2022-03-02 13:21:03',NULL,NULL,1,15,'gamaelci@hotmail.com'),(197,559,'2022-03-02 13:21:15',NULL,NULL,1,15,'creusaolive@gmail.com'),(198,560,'2022-03-02 13:21:26',NULL,NULL,1,15,'fernanda.sampaio@gmail.com'),(199,561,'2022-03-02 13:21:37',NULL,NULL,1,15,'jessicamendes@gmail.com'),(200,562,'2022-03-02 13:21:43',NULL,NULL,1,15,'renatasetenta@hotmail.com'),(201,563,'2022-03-02 13:21:49',NULL,NULL,1,15,'fabyannaleticia@hotmail.com'),(202,564,'2022-03-02 13:22:02',NULL,NULL,1,15,'waleska.santos@vli-logistica.com.br'),(203,565,'2022-03-02 13:22:13',NULL,NULL,1,15,'camilla.brevejesusvoltara@gmail.com'),(205,567,'2022-03-02 13:22:46',NULL,NULL,1,15,'karinedias@gmail.com'),(206,568,'2022-03-02 13:22:58',NULL,NULL,1,15,'wnataliac@gmail.com'),(207,569,'2022-03-02 13:23:36',NULL,NULL,1,15,'wnataliac@gmail.com'),(208,570,'2022-03-02 13:23:51',NULL,NULL,1,15,'adaze@gmail.com'),(209,571,'2022-03-02 13:24:50',NULL,NULL,1,15,'adaze@gmail.com'),(210,572,'2022-03-02 14:36:56',NULL,NULL,1,15,'dani_baqueiro@hotmail.com'),(212,574,'2022-03-02 14:57:07',NULL,NULL,1,15,'ivanjqf@gmail.com'),(213,575,'2022-03-02 14:59:16',NULL,NULL,1,15,'duartesales@gmail.com'),(214,576,'2022-03-02 16:06:31',NULL,NULL,1,15,'ivanjqf@gmail.com'),(215,577,'2022-03-02 16:10:37',NULL,NULL,1,15,'anacarol.ponde@hotmail.com'),(216,578,'2022-03-02 16:12:37',NULL,NULL,1,15,'luadavi@hotmail.com'),(217,579,'2022-03-02 17:01:54',NULL,NULL,1,15,'hbtasantos@hotmail.com'),(218,580,'2022-03-02 17:43:59',NULL,NULL,1,15,'ffvieira@gmail.com'),(219,581,'2022-03-02 17:44:27',NULL,NULL,1,15,'cassio.agoes@gmail.com'),(220,582,'2022-03-02 17:44:46',NULL,NULL,1,15,'Lsm_cardoso@hotmail.com'),(221,583,'2022-03-02 17:45:06',NULL,NULL,1,15,'thamiires383@gmail.com'),(222,584,'2022-03-02 17:45:58',NULL,NULL,1,15,'matheus.mcas@gmail.com'),(225,587,'2022-03-02 18:00:31',NULL,NULL,1,15,'tatymasca@gmail.com'),(226,588,'2022-03-03 08:48:28',NULL,NULL,1,15,'danielabulhosa@me.com'),(228,590,'2022-03-03 09:08:38',NULL,NULL,1,15,'danibulhosa@hotmail.com'),(230,592,'2022-03-03 10:53:46',NULL,44,1,15,'aryjorge@yahoo.com'),(231,593,'2022-03-03 10:53:56',NULL,NULL,1,15,'tycidpf@yahoo.com.br'),(232,594,'2022-03-03 10:54:05',NULL,NULL,1,15,'ftatati@hotmail.com'),(233,595,'2022-03-03 10:54:15',NULL,NULL,1,15,'ailirambio@hotmail.com'),(234,596,'2022-03-03 14:59:08',NULL,NULL,1,15,'bea1mende@gmail.com'),(235,597,'2022-03-03 14:59:23',NULL,47,1,15,'ayalafabreu@hotmail.com'),(236,598,'2022-03-03 14:59:34',NULL,NULL,1,15,'cidacajahyba@gmail.com'),(237,599,'2022-03-03 14:59:41',NULL,NULL,1,15,'beatrizbezerra79@gmail.com'),(238,600,'2022-03-03 14:59:56',NULL,66,1,15,'sousafabiola1@gmail.com'),(239,601,'2022-03-03 14:59:56',NULL,NULL,1,15,'tamiresasantana@icloud.com'),(240,602,'2022-03-03 15:00:13',NULL,NULL,1,15,'tassigoulart@gmail.com'),(241,603,'2022-03-03 15:00:21',NULL,NULL,1,15,'tudepaula@gmail.com'),(242,604,'2022-03-03 15:00:44',NULL,NULL,1,15,'lilianfta@gmail.com'),(243,605,'2022-03-03 15:01:03',NULL,NULL,1,15,'betabartel@hotmail.com'),(244,606,'2022-03-03 15:01:13',NULL,NULL,1,15,'souto.claudia@gmail.com'),(245,607,'2022-03-03 15:01:24',NULL,38,1,15,'pathyfisionutri@gmail.com'),(246,608,'2022-03-03 15:01:29',NULL,NULL,1,15,'domingueskarina23@hotmail.com'),(247,609,'2022-03-03 15:01:43',NULL,35,1,15,'adilasilva@hotmail.com'),(248,610,'2022-03-03 15:01:54',NULL,43,1,15,'kellybpf.abreu@gmail.com'),(249,611,'2022-03-03 15:02:01',NULL,NULL,1,15,'sibelelima64@gmail.com'),(250,612,'2022-03-03 15:02:06',NULL,71,1,15,'brunamfariaa@gmail.com'),(251,613,'2022-03-03 15:02:17',NULL,NULL,1,15,'thaisesa@gmail.com'),(252,614,'2022-03-03 15:02:19',NULL,NULL,1,15,' geisahsx@gmail.com'),(253,615,'2022-03-03 15:02:23',NULL,NULL,1,15,'lucigmedina@hotmail.com'),(254,616,'2022-03-03 15:02:28',NULL,NULL,1,15,'thaisesa@gmail.com'),(255,617,'2022-03-03 15:02:46',NULL,NULL,1,15,'mariborges84@hotmail.com'),(256,618,'2022-03-03 15:02:51',NULL,NULL,1,15,'cmatosaraujo@hotmail.com'),(257,619,'2022-03-03 15:02:58',NULL,NULL,1,15,'lu_pedroza@yhaoo.com.br'),(258,620,'2022-03-03 15:03:07',NULL,NULL,1,15,'danielabulhosa@me.com'),(259,621,'2022-03-03 15:03:11',NULL,NULL,1,15,'amautone@ford.com'),(260,622,'2022-03-03 15:03:15',NULL,101,1,15,'vyvyestrela@hotmail.com'),(261,623,'2022-03-03 15:03:24',NULL,NULL,1,15,'inayara.hora@gmail.com'),(262,624,'2022-03-03 15:03:29',NULL,37,1,15,'julianagouri@gmail.com'),(263,625,'2022-03-03 15:03:38',NULL,NULL,1,15,'claudiavaleriagoes@gmail.com'),(264,626,'2022-03-03 15:03:45',NULL,NULL,1,15,'jaq300@bol.com.br'),(265,627,'2022-03-03 15:03:51',NULL,NULL,1,15,'diogenesdiego1988@hotmail.com'),(266,628,'2022-03-03 15:04:03',NULL,NULL,1,15,'inayara.hora@gmail.com'),(267,629,'2022-03-03 15:04:05',NULL,NULL,1,15,'scvidalfreitas@hotmail.com'),(268,630,'2022-03-03 15:04:14',NULL,99,1,15,'lanie43@hotmail.com'),(269,631,'2022-03-03 15:04:28',NULL,NULL,1,15,'dbsalles@gmail.com'),(270,632,'2022-03-03 15:04:38',NULL,NULL,1,15,'gizelle.pinheiro@gmail.com'),(271,633,'2022-03-03 15:04:41',NULL,NULL,1,15,'jamile-carvalho@hotmail.com'),(272,634,'2022-03-03 15:05:30',NULL,NULL,1,15,'gizelle.pinheiro@gmail.com'),(273,635,'2022-03-03 15:05:41',NULL,NULL,1,15,'iaracsiquara@yahoo.com.br'),(274,636,'2022-03-03 15:05:51',NULL,NULL,1,15,'larissaquintela@yahoo.com.br'),(275,637,'2022-03-03 15:05:55',NULL,NULL,1,15,'daniela-vianna@hotmail.com'),(276,638,'2022-03-03 15:06:03',NULL,NULL,1,15,'valterabaide@gmail.com'),(277,639,'2022-03-03 15:06:09',NULL,58,1,15,'naibitencourt@hotmail.com'),(278,640,'2022-03-03 15:06:13',NULL,NULL,1,15,'thiago@labpat.med.br'),(279,641,'2022-03-03 15:06:22',NULL,NULL,1,15,'raflesiabrandao@hotmail.com'),(280,642,'2022-03-03 15:06:26',NULL,NULL,1,15,'CAMILANANJOS@GMAIL.COM'),(281,643,'2022-03-03 15:06:42',NULL,NULL,1,15,'tycipf@yahoo.com.br'),(282,644,'2022-03-03 15:06:57',NULL,NULL,1,15,'aline_souz@hotmail.com'),(283,645,'2022-03-03 15:07:14',NULL,NULL,1,15,'nauoliveira@yahoo.com.br'),(284,646,'2022-03-03 15:07:41',NULL,82,1,15,'chulufernanda@gmail.com'),(285,647,'2022-03-03 15:09:50',NULL,NULL,1,15,'tarciaribeiro93@hotmail.com'),(286,648,'2022-03-03 15:23:36',NULL,NULL,1,15,'samantavidal@hotmail.com'),(287,649,'2022-03-03 15:23:58',NULL,NULL,1,15,'leiamenezes@hotmail.com'),(288,650,'2022-03-03 15:24:39',NULL,NULL,1,15,'tayanesouza@outlook.com'),(289,651,'2022-03-03 15:25:09',NULL,NULL,1,15,'danymello1@hotmail.com'),(290,652,'2022-03-03 15:25:30',NULL,NULL,1,15,'natalia18gabriele@hotmail.com'),(291,653,'2022-03-03 15:26:27',NULL,NULL,1,15,'daniel.figueredo@meta.fonseca.com.br'),(292,654,'2022-03-03 15:26:39',NULL,NULL,1,15,'mariselobodossantos@gmail.com'),(293,655,'2022-03-03 15:26:49',NULL,NULL,1,15,'mariselobodossantos@gmail.com'),(294,656,'2022-03-03 15:27:07',NULL,83,1,15,'tam.engquimica@gmail.com'),(295,657,'2022-03-03 15:27:09',NULL,56,1,15,'soareslorena81@gmail.com'),(296,658,'2022-03-03 15:27:18',NULL,NULL,1,15,'calleite8@gmail.com'),(297,659,'2022-03-03 15:27:25',NULL,39,1,15,'geisahsx@gmail.com'),(298,660,'2022-03-03 15:27:30',NULL,NULL,1,15,'larissa@dacultura.com.br'),(299,661,'2022-03-03 15:27:39',NULL,NULL,1,15,'marbastos19@hotmail.com'),(300,662,'2022-03-03 15:27:45',NULL,NULL,1,15,'ana.ctrigo@hotmail.com'),(301,663,'2022-03-03 15:27:56',NULL,74,1,15,'mile_turismo@yahoo.com.br'),(302,664,'2022-03-03 15:28:11',NULL,64,1,15,'beta_leone@hotmail.com'),(303,665,'2022-03-03 15:28:11',NULL,69,1,15,'julia_iasmin@hotmail.com'),(304,666,'2022-03-03 15:28:25',NULL,NULL,1,15,'emanuelecouto@globo.com'),(305,667,'2022-03-03 15:28:33',NULL,NULL,1,15,'ssantos182@gmail.com'),(306,668,'2022-03-03 15:28:52',NULL,NULL,1,15,'vivianecpiedade31@gmail.com'),(307,669,'2022-03-03 15:28:55',NULL,NULL,1,15,'anne-mkt@hotmail.com'),(308,670,'2022-03-03 15:29:02',NULL,NULL,1,15,'anne-mkt@hotmail.com'),(309,671,'2022-03-03 15:29:11',NULL,NULL,1,15,'vitoriachen33@gmail.com'),(310,672,'2022-03-03 15:29:14',NULL,NULL,1,15,'ailirambio@hotmail.com'),(311,673,'2022-03-03 15:29:21',NULL,NULL,1,15,'priscillamelo21@hotmail.com'),(312,674,'2022-03-03 15:29:25',NULL,NULL,1,15,'brasiltulia@gmail.com'),(313,675,'2022-03-03 15:29:31',NULL,NULL,1,15,'anacarol.ponde@hotmail.com'),(314,676,'2022-03-03 15:29:34',NULL,NULL,1,15,'patriciadultra@gmail.com'),(315,677,'2022-03-03 15:29:51',NULL,NULL,1,15,'Kamilasurg@yahoo.com'),(316,678,'2022-03-03 15:29:55',NULL,NULL,1,15,'may_niw@hotmail.com'),(317,679,'2022-03-03 15:30:08',NULL,NULL,1,15,'jerusa_pinto@hotmail.com'),(318,680,'2022-03-03 15:30:19',NULL,NULL,1,15,'liceneri@hotmail.com'),(319,681,'2022-03-03 15:30:31',NULL,NULL,1,15,'milenepereira@hotmail.com'),(320,682,'2022-03-03 15:30:44',NULL,NULL,1,15,'marcyaliz@hotmail.com'),(321,683,'2022-03-03 15:30:56',NULL,NULL,1,15,'betabartel@hotmail.com'),(322,684,'2022-03-03 15:31:10',NULL,NULL,1,15,'thamires383@gmail.com'),(323,685,'2022-03-03 15:31:21',NULL,NULL,1,15,'danielabulhosa@me.com'),(324,686,'2022-03-03 15:31:33',NULL,NULL,1,15,'grazy.santos@hotmail.com'),(325,687,'2022-03-03 15:31:45',NULL,NULL,1,15,'nogueiramoreira@gmail.com'),(326,688,'2022-03-03 15:31:58',NULL,NULL,1,15,'kilcy.ferraz@pro.ucsal.br'),(327,689,'2022-03-03 15:32:10',NULL,NULL,1,15,'simony.aa@hotmail.com'),(328,690,'2022-03-03 15:33:09',NULL,NULL,1,15,'simony.aa@hotmail.com'),(329,691,'2022-03-03 15:33:24',NULL,NULL,1,15,'betaeps@hotmail.com'),(330,692,'2022-03-03 15:33:35',NULL,NULL,1,15,'suarez.pricila@gmail.com'),(331,693,'2022-03-03 15:36:28',NULL,42,1,15,'dudaromero05@gmail.com'),(332,694,'2022-03-03 15:36:56',NULL,NULL,1,15,'paulacrelier.sio@hotmail.com'),(333,695,'2022-03-03 15:37:23',NULL,NULL,1,15,'bremmat@hotmail.com'),(334,696,'2022-03-03 15:38:12',NULL,NULL,1,15,'livialspimentell@gmail.com'),(335,697,'2022-03-03 15:38:51',NULL,68,1,15,'limaborgesnanda@gmail.com'),(336,698,'2022-03-03 15:39:26',NULL,NULL,1,15,'vaneska_schmidt@hotmail.com'),(337,699,'2022-03-03 15:39:50',NULL,NULL,1,15,'janecoelho@yahoo.com.br'),(338,700,'2022-03-03 15:40:25',NULL,73,1,15,'fernandanovais@hotmail.com'),(339,701,'2022-03-03 15:41:07',NULL,NULL,1,15,'mariana_ma_@hotmail.com'),(340,702,'2022-03-03 15:41:37',NULL,NULL,1,15,'marciaaraujo76@gmail.com'),(341,703,'2022-03-03 15:42:07',NULL,63,1,15,'jailsa.oliveira@gmail.com'),(342,704,'2022-03-03 15:42:31',NULL,NULL,1,15,'nmonalisa135@gmail.com'),(343,705,'2022-03-03 15:42:57',NULL,NULL,1,15,'chulufernanda@gmail.com'),(344,706,'2022-03-03 15:43:19',NULL,NULL,1,15,'ssantos182@gmail.com'),(345,707,'2022-03-03 15:43:51',NULL,54,1,15,'rgabi-silva@hotmail.com'),(346,708,'2022-03-03 15:44:21',NULL,NULL,1,15,'martacastro@mmcz.adv.br'),(347,709,'2022-03-03 15:44:53',NULL,NULL,1,15,'m_eugenia@hotmail.com'),(348,710,'2022-03-03 15:45:29',NULL,NULL,1,15,'alessandra.al.interiores@gmail.com'),(349,711,'2022-03-03 15:45:55',NULL,NULL,1,15,'rennerama@gmail.com'),(350,712,'2022-03-03 15:46:31',NULL,NULL,1,15,'venyloy@hotmail.com'),(351,713,'2022-03-03 15:46:50',NULL,NULL,1,15,'fabianamessias@gmail.com'),(352,714,'2022-03-03 15:47:56',NULL,NULL,1,15,'dani_baqueiro@hotmail.com'),(353,715,'2022-03-03 15:59:30',NULL,NULL,1,15,'alexandredantas.2k@hotmail.com'),(354,716,'2022-03-03 15:59:54',NULL,NULL,1,15,'and.mucuge@hotmail.com'),(355,717,'2022-03-03 16:00:22',NULL,NULL,1,15,'therezamello@hotmail.com'),(356,718,'2022-03-03 16:00:36',NULL,NULL,1,15,'therezamello@hotmail.com'),(357,719,'2022-03-03 16:00:48',NULL,NULL,1,15,'aline.apolo@hotmail.com'),(358,720,'2022-03-03 16:01:02',NULL,NULL,1,15,'alu.ba@hotmail.com'),(359,721,'2022-03-03 16:01:50',NULL,NULL,1,15,'amregistro@hotmail.com'),(360,722,'2022-03-03 16:02:02',NULL,NULL,1,15,'julianaaj69@gmail.com'),(361,723,'2022-03-03 16:02:18',NULL,NULL,1,15,'priscillamelo21@hotmail.com'),(362,724,'2022-03-03 16:02:31',NULL,NULL,1,15,'amautone@ford.com'),(363,725,'2022-03-03 16:02:47',NULL,NULL,1,15,'line_mel@hotmail.com'),(364,726,'2022-03-03 16:03:05',NULL,NULL,1,15,'danymello1@hotmail.com'),(365,727,'2022-03-03 16:03:19',NULL,NULL,1,15,'helendanieledafonseca@hotmail.com'),(366,728,'2022-03-03 16:03:33',NULL,NULL,1,15,'jeannecid@yahoo.com.br'),(367,729,'2022-03-03 16:03:50',NULL,NULL,1,15,'carladinda@yahho.com.br'),(368,730,'2022-03-03 16:04:05',NULL,NULL,1,15,'daianerocha82@gmail.com'),(369,731,'2022-03-03 16:04:18',NULL,NULL,1,15,'angella_araujo@yahoo.com.br'),(370,732,'2022-03-03 16:04:32',NULL,NULL,1,15,'psifabiana2014@gmail.com'),(371,733,'2022-03-03 16:06:12',NULL,NULL,1,15,'paulinebarreto@hotmail.com'),(372,734,'2022-03-03 16:06:29',NULL,NULL,1,15,'anaclararissa.lsilva@gmail.com'),(373,735,'2022-03-03 16:06:43',NULL,NULL,1,15,'carinehc74@gmail.com'),(374,736,'2022-03-03 16:07:15',NULL,NULL,1,15,'msbsegura@gmail.com'),(375,737,'2022-03-03 16:07:26',NULL,NULL,1,15,'tali_lee@hotmail.com'),(376,738,'2022-03-03 16:07:38',NULL,NULL,1,15,'luaalira@gmail.com'),(377,739,'2022-03-03 16:07:55',NULL,51,1,15,'ana_carollima@yahoo.com.br'),(378,740,'2022-03-03 16:08:48',NULL,NULL,1,15,'torquato.neto60@gmail.com'),(379,741,'2022-03-03 16:08:59',NULL,61,1,15,'cleidefib31@gmail.com'),(380,742,'2022-03-03 16:09:08',NULL,81,1,15,'mayanasantana@yahoo.com.br'),(381,743,'2022-03-03 16:09:17',NULL,NULL,1,15,'elana.barreto@yahoo.com.br'),(382,744,'2022-03-03 16:09:27',NULL,NULL,1,15,'adilasilva@hotmail.com'),(383,745,'2022-03-03 16:09:37',NULL,NULL,1,15,'viviannedecor@gmail.com'),(384,746,'2022-03-03 16:09:48',NULL,62,1,15,'andrebandlerner@gmail.com'),(385,747,'2022-03-03 16:09:58',NULL,NULL,1,15,'ju_reis76@yahoo.com.br'),(386,748,'2022-03-03 16:10:08',NULL,NULL,1,15,'lemos.hozana@gmail.com'),(387,749,'2022-03-03 16:10:19',NULL,NULL,1,15,'nilza.fabio@gmail.com'),(388,750,'2022-03-03 16:10:30',NULL,NULL,1,15,'lsm_cardoso@hotmail.com'),(389,751,'2022-03-03 16:10:40',NULL,NULL,1,15,'gamaelci@hotmail.com'),(390,752,'2022-03-03 16:10:51',NULL,NULL,1,15,'creusaolive@gmail.com'),(391,753,'2022-03-03 16:11:01',NULL,NULL,1,15,'fernanda.sampaio@gmail.com'),(392,754,'2022-03-03 16:11:11',NULL,NULL,1,15,'jessicamendes@gmail.com'),(393,755,'2022-03-03 16:11:21',NULL,NULL,1,15,'fabyannaleticia@hotmail.com'),(394,756,'2022-03-03 16:11:33',NULL,NULL,1,15,'waleska.santos@vli-logistica.com.br'),(395,757,'2022-03-03 16:11:42',NULL,NULL,1,15,'camilla.brevejesusvoltara@gmail.com'),(396,758,'2022-03-03 16:11:52',NULL,40,1,15,'renataagobira@yahoo.com.br'),(397,759,'2022-03-03 16:12:09',NULL,52,1,15,'karinedias@gmail.com'),(398,760,'2022-03-03 16:12:19',NULL,NULL,1,15,'wnataliac@gmail.com'),(399,761,'2022-03-03 16:12:28',NULL,NULL,1,15,'adaze@gmail.com'),(400,762,'2022-03-03 16:12:40',NULL,NULL,1,15,'ailirambio@hotmail.com'),(401,763,'2022-03-03 16:12:49',NULL,NULL,1,15,'tatymasca@gmail.com'),(402,764,'2022-03-03 16:13:00',NULL,80,1,15,'matheus.mcas@gmail.com'),(403,765,'2022-03-03 16:13:10',NULL,NULL,1,15,'dani_baqueiro@hotmail.com'),(404,766,'2022-03-03 16:13:20',NULL,NULL,1,15,'duartesales@gmail.com'),(405,767,'2022-03-03 16:13:58',NULL,NULL,1,15,'jerusa_pinto@hotmail.com'),(406,768,'2022-03-03 16:14:07',NULL,41,1,15,'ivanjqf@gmail.com'),(407,769,'2022-03-03 16:14:51',NULL,NULL,1,15,'hugowiering@gmail.com'),(408,770,'2022-03-03 16:15:01',NULL,50,1,15,'lu_pedroza@yahoo.com.br'),(409,771,'2022-03-03 16:15:59',NULL,53,1,15,'tycidpf@yahoo.com.br'),(410,772,'2022-03-03 16:16:21',NULL,NULL,1,15,'aryjorge@yahoo.com'),(411,773,'2022-03-03 16:16:41',NULL,72,1,15,'Danibulhosa@me.com'),(412,774,'2022-03-03 16:18:11',NULL,NULL,1,15,'ffvieira@gmail.com'),(413,775,'2022-03-04 08:42:27',NULL,45,1,15,'suarez.priscila@gmail.com'),(414,776,'2022-03-04 08:50:52',NULL,NULL,1,15,'Jamille-carvalho@hotmail.com'),(415,777,'2022-03-04 08:51:27',NULL,NULL,1,15,'prazeres74@hotmail.com'),(416,778,'2022-03-04 08:58:35',NULL,NULL,1,15,'engenheiro.producao@bol.com.br'),(417,779,'2022-03-04 09:25:17',NULL,NULL,1,15,'Marcusvfmatos@hotmail.com'),(418,780,'2022-03-04 09:25:47',NULL,NULL,1,15,'Ayalafabrei@hotmail.com'),(419,781,'2022-03-04 09:27:47',NULL,46,1,15,'marcelodcarlin@gmail.com'),(420,782,'2022-03-04 09:28:19',NULL,48,1,15,'marcusvfmatos@hotmail.com'),(421,783,'2022-03-04 09:34:09',NULL,59,1,15,'jerusamoura7@gmail.com'),(422,784,'2022-03-04 10:05:33',NULL,49,1,15,'vitoriacohen33@gmail.com'),(423,785,'2022-03-04 10:30:10',NULL,60,1,15,'marilia.silva@ifbaiano.edu.br'),(424,786,'2022-03-04 10:30:45',NULL,NULL,1,15,'alessandra.al.interiores@gmail.com'),(425,787,'2022-03-04 10:30:58',NULL,NULL,1,15,'bea1mendes@gmail.com'),(426,788,'2022-03-04 10:31:06',NULL,NULL,1,15,'amautone@ford.com'),(427,789,'2022-03-04 11:10:28',NULL,55,1,19,'matheus.pimentel@sgnsistemas.com.br'),(428,790,'2022-03-04 11:19:27',NULL,NULL,1,19,'carolmaciel@ymail.com'),(429,791,'2022-03-04 13:09:09',NULL,NULL,1,15,'therezamello@hotmail.com'),(430,792,'2022-03-04 13:09:26',NULL,65,1,15,'therezamello@hotmail.com'),(431,793,'2022-03-04 13:09:39',NULL,NULL,1,15,'saionarabbezerra@gmail.com'),(432,794,'2022-03-04 14:08:29',NULL,NULL,1,15,'suarez.pricila@gmail.com'),(433,795,'2022-03-04 15:57:41',NULL,NULL,1,15,'pathyfisionutri@gmail.com'),(434,796,'2022-03-04 17:24:31',NULL,NULL,1,15,'hbtasantos@hotmail.com'),(435,797,'2022-03-04 17:50:42',NULL,NULL,1,15,'suarez.pricila@gmail.com'),(436,798,'2022-03-07 10:59:34',NULL,67,1,19,'administrativo03@nucleoincentivar.com.br'),(437,799,'2022-03-07 11:56:49',NULL,70,1,19,'matheus.pimentel@sgnsistemas.com.br'),(438,800,'2022-03-08 09:15:10',NULL,75,1,15,'jamille-carvalho@hotmail.com'),(439,801,'2022-03-08 14:07:02',NULL,NULL,1,19,'kingnaldoreinaldo@gmail.com'),(442,804,'2022-03-08 15:13:49',NULL,78,1,15,'matheus.pimentel@sgnsistemas.com.br'),(443,805,'2022-03-08 16:46:00',NULL,79,1,15,'milenebpereira@hotmail.com'),(444,806,'2022-03-14 14:37:31',NULL,NULL,1,15,'adenilsson@yahoo.com.br'),(445,807,'2022-03-15 12:37:05',NULL,NULL,1,15,'tamiresasantana@icloud.com'),(446,808,'2022-03-17 13:52:29',NULL,84,1,15,'ssantos182@gmail.com'),(447,809,'2022-03-17 13:54:37',NULL,85,1,15,'samantavidal@hotmail.com'),(448,810,'2022-03-17 13:57:17',NULL,NULL,1,15,'leiamenezes@hotmail.com'),(449,811,'2022-03-17 13:57:33',NULL,NULL,1,15,'mariselobodossantos@gmail.com'),(450,812,'2022-03-17 13:57:50',NULL,NULL,1,15,'tam.engquimica@gmail.com'),(451,813,'2022-03-17 13:58:05',NULL,NULL,1,15,'calleite8@gmail.com'),(452,814,'2022-03-17 13:58:20',NULL,NULL,1,15,'larissa@dacultura.com.br'),(453,815,'2022-03-17 13:58:43',NULL,NULL,1,15,'ana.ctrigo@hotmail.com'),(454,816,'2022-03-17 14:00:09',NULL,86,1,15,'vivianecpiedade31@gmail.com'),(455,817,'2022-03-17 14:00:28',NULL,NULL,1,15,'priscillamelo21@hotmail.com'),(456,818,'2022-03-17 14:00:39',NULL,NULL,1,15,'anacarol.ponde@hotmail.com'),(457,819,'2022-03-17 14:13:40',NULL,87,1,15,'domingueskarina23@hotmail.com'),(458,820,'2022-03-18 08:58:18',NULL,88,1,15,'Kamilasurg@yahoo.com'),(459,821,'2022-03-18 09:07:29',NULL,NULL,1,15,'Marcusvfmatos@hotmail.com'),(460,822,'2022-03-18 09:07:49',NULL,NULL,1,15,'marcusvfmatos@hotmail.com'),(461,823,'2022-03-18 11:23:12',NULL,89,1,14,'lucasmoraesklein7@gmail.com'),(462,824,'2022-03-18 13:31:17',NULL,NULL,1,15,'anacarol.ponde@hotmail.com'),(463,825,'2022-03-18 14:08:33',NULL,90,1,15,'Unybila@gmail.com'),(464,826,'2022-03-18 14:08:54',NULL,NULL,1,15,'unybila@gmail.com'),(466,828,'2022-03-21 08:35:29',NULL,92,1,NULL,''),(467,829,'2022-03-21 08:36:39',NULL,93,1,NULL,''),(468,830,'2022-03-21 10:11:54',NULL,NULL,1,NULL,''),(469,831,'2022-03-21 10:13:31',NULL,NULL,1,NULL,''),(470,832,'2022-03-21 10:24:23',NULL,96,1,NULL,''),(471,833,'2022-03-21 10:56:10',NULL,NULL,1,15,'liceneri@hotmail.com'),(472,834,'2022-03-21 10:57:52',NULL,NULL,1,15,'jerusamoura7@gmail.com'),(473,835,'2022-03-21 13:14:52',NULL,NULL,1,15,'anacarol.ponde@hotmail.com'),(474,836,'2022-03-21 14:35:59',NULL,NULL,1,NULL,'suarez.priscila@gmail.com'),(475,837,'2022-03-21 14:36:36',NULL,NULL,1,15,'suarez.priscila@gmail.com'),(476,838,'2022-03-21 14:41:20',NULL,NULL,1,15,'administrativo03@nucleoincentivar.com.br'),(477,839,'2022-03-21 15:48:12',NULL,97,1,15,'simony.aa@hotmail.com'),(478,840,'2022-03-21 16:01:04',NULL,NULL,1,14,'matheus.pimentel@sgnsistemas.com.br'),(479,841,'2022-03-21 16:29:28',NULL,NULL,1,14,'matheus.pimentel@sgnsistemas.com.br'),(480,842,'2022-03-22 08:28:36',NULL,NULL,1,15,'rosa_gurgel@hotmail.com'),(481,843,'2022-03-22 16:27:11',NULL,NULL,1,15,'thaisesa@gmail.com'),(482,844,'2022-03-30 14:32:07',NULL,98,1,15,'simony.aa@hotmail.com'),(483,845,'2022-04-04 08:50:44',NULL,NULL,1,15,'matheus.pimentel@sgnsistemas.com.br '),(484,846,'2022-04-04 08:53:13',NULL,NULL,1,15,'matheus.007brasil@gmail.com'),(485,847,'2022-04-06 16:58:31',NULL,100,1,15,'calleite8@gmail.com'),(486,848,'2022-04-06 16:58:43',NULL,NULL,1,15,'mariselobodossantos@gmail.com'),(487,849,'2022-04-06 16:58:55',NULL,NULL,1,15,'mariselobodossantos@gmail.com'),(488,850,'2022-04-12 10:23:03',NULL,NULL,1,15,'mariselobodossantos@hotmail.com'),(489,851,'2022-04-12 11:04:30',NULL,NULL,1,15,'vyvyestrela@hotmail.com'),(490,852,'2022-04-12 15:23:30',NULL,NULL,1,15,'tayruda@gmail.com'),(491,853,'2022-04-13 14:50:44',NULL,NULL,1,15,'simony.aa@hotmail.com'),(492,854,'2022-04-25 16:04:39',NULL,NULL,1,15,'administrativo03@nucleoincentivar.com.br'),(493,855,'2022-04-27 17:53:02',NULL,NULL,1,NULL,'simony.aa@hotmail.com'),(494,856,'2022-04-27 17:53:26',NULL,NULL,1,NULL,'simony.aa@hotmail.com'),(495,857,'2022-05-02 13:49:37',NULL,102,1,15,'iaracsiquara@yahoo.com.br'),(496,858,'2022-05-05 13:29:21',NULL,NULL,1,15,'emanuelecouto@globo.com'),(497,859,'2022-05-05 13:30:27',NULL,NULL,1,15,'emanuelecouto80@gmail.com'),(498,860,'2022-05-09 09:39:39',NULL,NULL,1,15,'may_niw@hotmail.com'),(499,861,'2022-05-27 13:13:23',NULL,NULL,2,17,'lu_pedroza@yahoo.com.br'),(500,862,'2022-05-27 13:50:28',NULL,104,1,15,'lilianfta@gmail.com'),(501,863,'2022-05-27 14:25:55',NULL,105,1,15,'cris_salles@hotmail.com'),(502,864,'2022-05-27 14:26:08',NULL,NULL,1,15,'cris_salles@hotmail.com'),(503,865,'2022-05-27 14:52:13',NULL,114,1,15,'ju_reis76@yahoo.com.br'),(504,866,'2022-05-27 14:58:05',NULL,NULL,1,15,'keilinha.andrade@hotmail.com'),(505,867,'2022-05-27 16:02:25',NULL,106,1,NULL,'may_niw@hotmail.com'),(506,868,'2022-05-27 16:26:28',NULL,107,1,NULL,'raflesiabrandao@hotmail.com'),(507,869,'2022-05-27 16:48:26',NULL,108,1,NULL,'pathyfisionutri@gmail.com'),(508,870,'2022-05-27 17:02:30',NULL,109,1,NULL,'cmatosaraujo@hotmail.com'),(509,871,'2022-05-27 17:06:40',NULL,110,1,NULL,'jaq300@bol.com.br'),(510,872,'2022-05-27 17:11:09',NULL,111,1,NULL,'adenilsson@yahoo.com.br'),(511,873,'2022-05-27 17:18:22',NULL,112,1,NULL,'naibitencourt@hotmail.com'),(512,874,'2022-05-27 18:00:19',NULL,113,1,NULL,'mariana_ma_@hotmail.com'),(513,875,'2022-05-30 10:16:15',NULL,NULL,1,NULL,'geisahsx@gmail.com'),(514,876,'2022-05-30 10:24:19',NULL,NULL,1,NULL,'geisahsx@gmail.com'),(515,877,'2022-05-30 13:25:48',NULL,115,1,NULL,'elana.barreto@yahoo.com.br'),(516,878,'2022-05-30 13:32:02',NULL,116,1,NULL,''),(517,879,'2022-05-30 14:36:09',NULL,117,1,NULL,'danielaba_ribeiro@hotmail.com'),(518,880,'2022-05-30 14:51:37',NULL,118,1,NULL,''),(519,881,'2022-05-30 14:54:00',NULL,119,1,NULL,'vaneska_schmidt@hormail.com'),(520,882,'2022-05-30 15:05:13',NULL,120,1,NULL,''),(521,883,'2022-05-30 15:16:54',NULL,NULL,1,NULL,'geisahsx@gmail.com'),(522,884,'2022-05-30 16:20:39',NULL,121,1,NULL,'livialspimentell@gmail.com'),(523,885,'2022-05-30 16:26:31',NULL,122,1,NULL,'beatrizbezerra79@gmail.com'),(524,886,'2022-05-30 16:28:51',NULL,123,1,NULL,'paulacrelier.sio@hotmail.com'),(525,887,'2022-05-30 16:33:59',NULL,124,1,NULL,'emanuelecouto80@gmail.com'),(526,888,'2022-05-30 16:41:52',NULL,NULL,1,NULL,'julia_iasmin@hotmail.com'),(527,889,'2022-05-30 16:42:31',NULL,125,1,NULL,'jaciarapeixe@hotmail.com'),(528,890,'2022-05-30 16:47:20',NULL,NULL,1,NULL,'may_niw@hotmail.com'),(529,891,'2022-05-30 16:55:27',NULL,126,1,NULL,'jerusa_pinto@hotmail.com'),(530,892,'2022-05-30 17:23:16',NULL,127,1,NULL,'laiscosta220@hotmail.com'),(531,893,'2022-05-30 17:58:07',NULL,128,1,NULL,'tatymasca@gmail.com'),(532,894,'2022-05-30 18:09:09',NULL,129,1,NULL,'thamiires383@gmail.com'),(533,895,'2022-05-30 18:38:31',NULL,NULL,1,NULL,'rgabi-silva@hotmail.com'),(534,896,'2022-05-30 18:47:05',NULL,130,1,NULL,'fabianamessias@gmail.com'),(535,897,'2022-05-31 08:15:03',NULL,131,1,NULL,'grazy.santos@hotmail.com'),(536,898,'2022-05-31 08:24:17',NULL,132,1,NULL,'kilcy.ferraz@pro.ucsal.br'),(537,899,'2022-05-31 08:24:51',NULL,133,1,NULL,'liliasantosadv@yahoo.com.br'),(538,900,'2022-05-31 10:48:03',NULL,134,1,NULL,'m_eugeniaf@hotmail.com'),(539,901,'2022-05-31 12:02:59',NULL,135,1,NULL,'priscillamelo21@hotmail.com'),(540,902,'2022-05-31 12:03:07',NULL,NULL,1,NULL,''),(541,903,'2022-05-31 13:35:29',NULL,NULL,1,NULL,'THAISROMAN@GMAIL.COM'),(542,904,'2022-05-31 13:55:26',NULL,NULL,1,NULL,'BEA1MENDE@GMAIL.COM'),(543,905,'2022-05-31 14:18:51',NULL,NULL,1,NULL,'BEA1MENDE@GMAIL.COM'),(544,906,'2022-05-31 14:39:16',NULL,137,1,15,'and.mucuge@hotmail.com'),(545,907,'2022-05-31 15:06:33',NULL,136,1,NULL,'CREUSAOLIVE@GMAIL.COM'),(546,908,'2022-05-31 15:12:49',NULL,138,1,NULL,'rosa_gurgel@hotmail.com'),(547,909,'2022-05-31 15:12:54',NULL,NULL,1,NULL,'rosa_gurgel@hotmail.com'),(548,910,'2022-05-31 15:17:53',NULL,140,1,15,'Catia1555@hotmail.com'),(549,911,'2022-05-31 15:19:49',NULL,139,1,NULL,'luadavi@hotmail.com'),(550,912,'2022-05-31 16:03:26',NULL,NULL,1,NULL,'claudiavaleriagoes@gmail.com'),(551,913,'2022-05-31 16:04:09',NULL,141,1,NULL,'claudiavaleriagoes@gmail.com'),(552,914,'2022-05-31 16:28:07',NULL,142,1,NULL,'betabartel@hotmail.com'),(553,915,'2022-05-31 16:35:52',NULL,143,1,NULL,'aline.apolo@hotmail.com'),(554,916,'2022-05-31 17:10:56',NULL,144,1,NULL,'pereiradossantos.marcio@gmail.com'),(555,917,'2022-05-31 17:13:30',NULL,145,1,NULL,'tawcs@yahoo.com.br'),(556,918,'2022-06-01 09:09:31',NULL,NULL,1,NULL,'vitoriachen33@gmail.com'),(557,919,'2022-06-01 10:49:31',NULL,146,1,NULL,'mariselobodossantos@gmail.com'),(558,920,'2022-06-01 10:51:18',NULL,NULL,1,NULL,'carinealmeida8@hotmail.com'),(559,921,'2022-06-01 10:53:35',NULL,NULL,1,NULL,'carinealmeida8@hotmail.com'),(560,922,'2022-06-01 10:54:16',NULL,147,1,NULL,'carinealmeida8@hotmail.com'),(561,923,'2022-06-01 15:49:54',NULL,NULL,1,NULL,''),(562,924,'2022-06-01 16:41:56',NULL,148,1,NULL,'tellesmaira@hotmail.com'),(563,925,'2022-06-01 16:49:53',NULL,149,1,NULL,'gaia.rafaela@gmail.com'),(564,926,'2022-06-02 09:05:41',NULL,NULL,1,15,'MARTACASTRO@MMCZ.ADV.BR '),(565,927,'2022-06-02 10:39:32',NULL,NULL,1,15,'castromartinha@icloud.com'),(566,928,'2022-06-02 13:16:48',NULL,150,1,NULL,'silvia21davi@gmail.com'),(567,929,'2022-06-02 15:59:40',NULL,151,1,NULL,'werena_costa@yahoo.com.br'),(568,930,'2022-06-03 10:13:35',NULL,152,1,15,'sibelelima64@gmail.com'),(569,931,'2022-06-03 15:34:54',NULL,NULL,1,15,'diogenesdiego1988@hotmail.com'),(570,932,'2022-06-03 15:35:09',NULL,153,1,NULL,'niveasantossousa@hotmail.com'),(571,933,'2022-06-03 15:57:13',NULL,154,1,NULL,'leiamenezes@hotmail.com'),(572,934,'2022-06-03 16:16:31',NULL,155,1,NULL,'designermilenajansen@gamil.com'),(573,935,'2022-06-03 16:24:50',NULL,NULL,1,NULL,'betaeps@hotmail.com'),(574,936,'2022-06-03 16:37:07',NULL,NULL,1,NULL,'tellesmaira@hotmail.com'),(575,937,'2022-06-03 16:39:59',NULL,NULL,1,NULL,'tellesmaira@hotmail.com'),(576,938,'2022-06-03 16:47:11',NULL,NULL,1,NULL,'liliasantosadv@yahoo.com.br'),(577,939,'2022-06-03 17:12:47',NULL,156,1,NULL,'anne-mkt@hotmail.com'),(578,940,'2022-06-03 17:39:27',NULL,NULL,1,NULL,'leonerobertapsi@gmail.com'),(579,941,'2022-06-06 09:38:18',NULL,157,1,NULL,'mariaaccioly@hotmaill.com'),(580,942,'2022-06-06 17:27:39',NULL,158,1,NULL,'JANECOELHO@YAHOO.COM.BR'),(581,943,'2022-06-06 17:46:10',NULL,159,1,NULL,'nmonaliza135@gamil.com'),(582,944,'2022-06-06 17:53:43',NULL,160,1,NULL,'isadorabrandao@yahoo.com.br'),(583,945,'2022-06-07 12:26:27',NULL,161,1,NULL,'dani_baqueiro@hotmail.com'),(584,946,'2022-06-07 13:19:24',NULL,162,1,NULL,''),(585,947,'2022-06-07 14:29:31',NULL,NULL,1,NULL,''),(586,948,'2022-06-07 14:30:36',NULL,163,1,NULL,''),(587,949,'2022-06-07 14:44:14',NULL,164,1,NULL,'caroldultro@hotmail.com'),(588,950,'2022-06-07 14:53:37',NULL,165,1,NULL,'renatasetenta@hotmail.com'),(589,951,'2022-06-07 15:43:31',NULL,NULL,1,NULL,'tamiresasantana@icloud.com'),(590,952,'2022-06-07 15:43:38',NULL,NULL,1,NULL,'tamiresasantana@icloud.com'),(591,953,'2022-06-07 16:01:45',NULL,NULL,1,NULL,'claudiavaleriagoes@gmail.com'),(592,954,'2022-06-07 16:40:07',NULL,166,1,NULL,'keunutri@gmail.com'),(593,955,'2022-06-07 17:15:53',NULL,NULL,1,NULL,'caroldultro@hotmail.com'),(594,956,'2022-06-07 17:47:30',NULL,NULL,1,NULL,'mariaaccioly@hotmaill.com'),(595,957,'2022-06-07 17:59:57',NULL,NULL,1,NULL,'tamiresasantana@icloud.com'),(596,958,'2022-06-08 10:04:08',NULL,167,1,NULL,'solto.claudia@gmail.com'),(597,959,'2022-06-08 10:35:54',NULL,168,1,NULL,'lilian.nayra@hotmail.com'),(598,960,'2022-06-08 10:45:03',NULL,169,1,NULL,'diogenesdiego1988@hotmail.com'),(599,961,'2022-06-08 14:02:48',NULL,170,1,NULL,'samanthamalvezzi@gmail.com'),(600,962,'2022-06-08 14:04:54',NULL,171,1,NULL,'thaisesa@gmail.com'),(601,963,'2022-06-08 14:07:57',NULL,172,1,NULL,'adilasilva@hotmail.com'),(602,964,'2022-06-08 14:13:11',NULL,173,1,NULL,'werena_costa@yahoo.com.br'),(603,965,'2022-06-08 14:57:51',NULL,NULL,1,NULL,'flaviaparish@gmail.com'),(604,966,'2022-06-08 15:01:51',NULL,174,1,NULL,'flaviaparish@gmail.com'),(605,967,'2022-06-08 15:33:27',NULL,NULL,1,NULL,'RENNERAMA@GMAIL.COM'),(606,968,'2022-06-08 15:34:10',NULL,NULL,1,NULL,'RENNERAMA@GMAIL.COM'),(607,969,'2022-06-09 09:58:42',NULL,175,1,NULL,'bremmat@hotmail.com'),(608,970,'2022-06-13 14:09:12',NULL,176,1,NULL,'betaeps@hotmail.com'),(609,971,'2022-06-14 15:20:35',NULL,177,1,NULL,'juli_fisio15@hotmail.com'),(610,972,'2022-07-04 15:07:30',NULL,178,1,NULL,'nogueiramoreira@gmail.com'),(611,973,'2022-07-07 13:55:20',NULL,179,1,NULL,'daniela-vianna@hotmail.com'),(612,974,'2022-07-07 14:34:41',NULL,180,1,NULL,'suarez.priscila@gmail.com'),(613,975,'2022-07-08 13:40:50',NULL,181,1,NULL,'liceneri@hotmail.com'),(614,976,'2022-07-08 13:45:31',NULL,182,1,NULL,'leandrolander23@gmail.com'),(615,977,'2022-07-08 14:12:28',NULL,183,1,NULL,'ftatati@hotmail.com'),(616,978,'2022-07-08 14:23:07',NULL,184,1,NULL,'joanamvx@gmail.com'),(617,979,'2022-07-09 09:49:39',NULL,185,1,NULL,'mbbsj76@gmail.com'),(618,980,'2022-07-13 09:57:52',NULL,186,1,NULL,'hanna.452@gmail.com'),(619,981,'2022-07-14 13:45:14',NULL,187,1,NULL,'marciaaraujo76@gmail.com'),(620,982,'2022-07-14 17:03:20',NULL,188,1,NULL,'alinecasaist@hotmail.com'),(621,983,'2022-07-18 15:37:16',NULL,190,1,14,'andressa.mota@hotmail.com'),(622,984,'2022-07-18 15:48:09',NULL,189,1,14,'pacievitch@hotmail.com'),(623,985,'2022-07-20 10:25:45',NULL,NULL,1,NULL,'caroldultro@hotmail.com'),(624,986,'2022-07-25 11:45:21',NULL,191,1,NULL,'julianaaj69@gmail.com'),(625,987,'2022-07-25 11:54:09',NULL,192,1,NULL,'amregistro@hotmail.com'),(626,988,'2022-07-25 12:03:08',NULL,193,1,NULL,'carladinda@yahoo.com.br'),(627,989,'2022-07-25 13:39:21',NULL,194,1,NULL,'helendanieledafonseca@hotmail.com'),(628,990,'2022-07-25 13:49:42',NULL,195,1,NULL,'paulinebarreto@hotmail.com'),(629,991,'2022-07-25 16:24:09',NULL,199,1,15,'line_mel@hotmail.com'),(630,992,'2022-07-25 16:25:06',NULL,200,1,15,'jeannecid@yahoo.com.br'),(631,993,'2022-07-25 16:25:49',NULL,NULL,1,15,'daianerocha82@gmail.com'),(632,994,'2022-07-25 16:26:22',NULL,198,1,15,'georgiamalhado@yahoo.com.br'),(633,995,'2022-07-25 17:26:10',NULL,196,1,NULL,'habazazapeu@gmail.com'),(634,996,'2022-07-25 17:44:42',NULL,NULL,1,15,'Toretto.performace@gmail.com'),(635,997,'2022-07-25 17:45:40',NULL,NULL,1,15,'aramecioj@gmail.com'),(636,998,'2022-07-25 17:46:32',NULL,NULL,1,15,'walesca.santos@vli-logistica.com.br'),(637,999,'2022-07-25 17:47:13',NULL,NULL,1,15,'camila.brevejesusvoltara@gmail.com'),(638,1000,'2022-07-25 17:47:40',NULL,NULL,1,15,'wnataliac@gmail.com'),(639,1001,'2022-07-25 17:48:09',NULL,NULL,1,15,'luceliadfm@hotmail.com'),(640,1002,'2022-07-25 17:48:43',NULL,NULL,1,15,'robertacavalcante8@gmail.com'),(641,1003,'2022-07-25 17:49:20',NULL,NULL,1,15,'palomafarias@yahoo.com.br'),(642,1004,'2022-07-25 17:49:47',NULL,NULL,1,15,'lucasmoraesklein7@gmail.com'),(643,1005,'2022-07-25 17:55:57',NULL,NULL,1,15,'marchesinimarcelo@yahoo.com.br'),(644,1006,'2022-07-25 17:56:15',NULL,197,1,NULL,'cajahyba@uol.com.br'),(645,1007,'2022-07-26 10:04:21',NULL,201,1,NULL,'psifabiana2014@gmail.com'),(646,1008,'2022-07-26 10:53:54',NULL,202,1,NULL,'amor_tcheliu@hotmail.com'),(647,1009,'2022-07-26 15:36:48',NULL,NULL,1,NULL,'jerusa_pinto@hotmail.com'),(648,1010,'2022-07-26 16:10:57',NULL,203,1,NULL,'tali_lee@hotmail.com'),(649,1011,'2022-07-26 16:37:27',NULL,204,1,NULL,'aramecioj@gmail.com'),(650,1012,'2022-07-26 17:18:11',NULL,205,1,NULL,'robertacavalcante8@gmail.com'),(651,1013,'2022-07-27 10:03:48',NULL,NULL,1,NULL,'caroldultro@hotmail.com'),(652,1014,'2022-07-27 10:04:08',NULL,NULL,1,NULL,'caroldultro@hotmail.com'),(653,1015,'2022-07-27 16:55:45',NULL,206,1,NULL,''),(654,1016,'2022-07-27 17:49:22',NULL,NULL,1,15,'camilla.brevejesusvoltara@gmail.com'),(655,1017,'2022-07-29 11:26:32',NULL,207,1,NULL,''),(656,1018,'2022-07-29 11:35:25',NULL,208,1,NULL,''),(659,1021,'2022-07-29 16:35:30',NULL,210,1,NULL,'milacastro21@hotmail.com'),(660,1023,'2022-08-01 16:14:01',NULL,NULL,1,NULL,'habazazapeu@gmail.com'),(661,1024,'2022-08-01 16:45:56',NULL,212,1,NULL,'larissa@dacultura.com.br'),(662,1025,'2022-08-01 17:04:13',NULL,213,1,NULL,'luceliadfm@hotmail.com'),(663,1026,'2022-08-01 17:05:19',NULL,214,1,15,'joanempaulista@icloud.com'),(664,1027,'2022-08-01 17:35:16',NULL,215,1,NULL,'palomafarias@yahoo.com.br'),(665,1028,'2022-08-01 18:05:20',NULL,NULL,1,NULL,'tali_lu@hotmail.com'),(666,1029,'2022-08-02 09:13:27',NULL,NULL,1,15,'Joanempaulista@hotmail.com'),(667,1030,'2022-08-02 09:47:31',NULL,NULL,1,15,'castelloneto@gmail.com'),(668,1031,'2022-08-02 09:47:45',NULL,NULL,1,15,'castelloneto@gmail.com'),(669,1032,'2022-08-03 13:21:41',NULL,216,1,NULL,'MARTACASTRO@MMCZ.ADV.BR'),(670,1033,'2022-08-04 11:18:44',NULL,217,1,NULL,'tudepaula@gmail.com'),(671,1034,'2022-08-05 10:30:07',NULL,218,1,NULL,'jaizesampaio@icloud.com'),(672,1035,'2022-08-05 10:51:11',NULL,219,1,NULL,'georgiamalhado@yahoo.com.br'),(673,1036,'2022-08-05 10:59:39',NULL,220,1,NULL,'waleska.santos@vli-logistica.com.br'),(674,1037,'2022-08-05 11:23:40',NULL,221,1,NULL,'toretto.performace@gmail.com'),(675,1038,'2022-08-08 11:12:39',NULL,NULL,1,15,'inayara.hora@gmail.com'),(676,1039,'2022-08-09 09:12:17',NULL,NULL,1,15,'inayara.hora@gmail.com'),(677,1040,'2022-08-10 11:23:52',NULL,NULL,1,15,'inayara.hora@gmail.com'),(678,1041,'2022-08-10 11:44:26',NULL,222,1,NULL,'nauoliveira@yahoo.com.br'),(679,1042,'2022-08-10 14:00:24',NULL,223,1,15,'cilasro.ifh@gmail.com'),(680,1043,'2022-08-11 13:55:00',NULL,224,1,NULL,'jamilefono@gmail.com'),(681,1044,'2022-08-12 08:44:41',NULL,NULL,1,NULL,'carladinda@yahoo.com.br'),(682,1045,'2022-08-12 17:00:34',NULL,225,1,NULL,'raqueldumontrr@gmail.com'),(683,1046,'2022-08-15 07:58:58',NULL,226,1,15,'rafamatias@hotmail.com'),(684,1047,'2022-08-15 14:53:24',NULL,227,1,NULL,'psi.moitinho@gmail.com'),(685,1048,'2022-08-15 16:19:30',NULL,228,1,NULL,'psi.moitinho@gmail.com'),(686,1049,'2022-08-17 15:51:37',NULL,NULL,1,NULL,'inayara.hora@gmail.com'),(687,1050,'2022-08-17 15:51:52',NULL,NULL,1,NULL,'inayara.hora@gmail.com'),(688,1051,'2022-08-19 13:47:06',NULL,229,1,NULL,'claudia_faco@hotmail.com'),(689,1052,'2022-08-24 08:30:26',NULL,230,1,NULL,'castelloneto@gmail.com'),(690,1053,'2022-08-24 16:44:46',NULL,231,1,NULL,'deisemagalisouza@hotmail.com'),(691,1054,'2022-08-26 09:28:34',NULL,232,1,NULL,'rosesfmelo@hotmail.com'),(692,1055,'2022-08-26 17:44:58',NULL,233,1,NULL,'mariannabatista@uol.com.br'),(693,1056,'2022-08-29 14:42:40',NULL,234,1,NULL,'viviannedecor@gmail.com'),(694,1057,'2022-08-30 08:26:24',NULL,NULL,1,NULL,'thamiires383@gmail.com'),(695,1058,'2022-08-30 08:26:38',NULL,NULL,1,NULL,'thamiires383@gmail.com'),(696,1059,'2022-08-30 15:46:36',NULL,235,1,NULL,'clesiasmiranda@gmail.com'),(697,1060,'2022-08-30 15:51:35',NULL,236,1,NULL,'rnmarineto@gmail.com'),(698,1061,'2022-09-16 17:16:21',NULL,NULL,1,NULL,'mariaaccioly@hotmaill.com'),(699,1062,'2022-09-20 11:27:18',NULL,237,1,NULL,'juliana.az@gmail.com'),(700,1063,'2022-09-23 11:35:12',NULL,238,1,NULL,'jpereiraconrado@gmail.com'),(701,1064,'2022-09-28 09:44:49',NULL,239,1,NULL,'WNATALIAC@GMAIL.COM'),(702,1065,'2022-10-10 16:06:48',NULL,240,1,NULL,'robertabw@gmail.com'),(703,1066,'2022-10-17 17:30:07',NULL,NULL,1,14,'gerenciaadmfinanceiro@nucleoincentivar.com.br'),(704,1067,'2022-10-17 17:34:59',NULL,NULL,1,14,'gerenciaadmfinanceiro@nucleoincentivar.com.br'),(705,1068,'2022-10-26 10:42:57',NULL,NULL,1,15,'line_mel@hotmail.com'),(706,1069,'2022-11-08 11:27:27',NULL,241,1,NULL,''),(707,1070,'2022-11-11 17:39:44',NULL,242,1,NULL,'milenepereira@hotmail.com'),(708,1071,'2022-11-12 11:05:54',NULL,243,1,NULL,'lbmelo@live.com'),(709,1072,'2022-11-19 10:14:59',NULL,244,1,NULL,'ayron_adm@hotmail.com'),(710,1073,'2022-11-19 10:39:27',NULL,245,1,NULL,'anamourasouza@hotmail.com'),(711,1074,'2022-11-22 17:04:14',NULL,247,1,15,'Mel-carolyne@hotmail.com'),(712,1075,'2022-11-22 17:07:41',NULL,246,1,15,'marmarcia-fonseca2015@outlook.com'),(713,1076,'2022-11-25 10:29:19',NULL,NULL,1,15,'angella_araujo@yahoo.com.br'),(714,1077,'2022-11-28 10:55:18',NULL,NULL,1,15,'robertapga@gmail.com'),(715,1078,'2022-11-29 10:47:24',NULL,248,1,NULL,'lufernandes28@hotmail.com'),(716,1079,'2022-12-01 15:53:14',NULL,249,1,NULL,'faumaria@gmail.com'),(717,1080,'2022-12-06 11:39:15',NULL,250,1,NULL,''),(718,1081,'2022-12-07 11:26:05',NULL,NULL,1,NULL,'joanempaulista@icloud.com'),(719,1082,'2022-12-15 10:28:49',NULL,251,1,NULL,'vilasboasvivaldina@gmail.com'),(720,1083,'2022-12-16 14:41:43',NULL,252,1,NULL,'elaine.bezerra@gmail.com'),(721,1084,'2023-01-10 14:58:12',NULL,253,1,NULL,'ana.ctrigo@hotmail.com'),(722,1085,'2023-01-12 10:20:45',NULL,254,1,15,'pregiscarmo@gmail.com'),(723,1086,'2023-01-12 10:45:39',NULL,NULL,1,15,'thais-1977@hotmail.com'),(724,1087,'2023-01-12 14:04:00',NULL,NULL,1,15,'thais-1977@hotmail.com'),(725,1088,'2023-01-13 09:08:53',NULL,NULL,1,NULL,'pregiscarmo@gmail.com'),(726,1089,'2023-01-18 08:01:31',NULL,255,1,15,'fernandalcbrito@gmail.com'),(727,1090,'2023-01-18 10:06:56',NULL,256,1,NULL,'marcoaureliomelo@hotmail.com'),(728,1091,'2023-01-19 09:33:00',NULL,257,1,15,'isabel_cristina_@hotmail.com'),(729,1092,'2023-01-19 10:59:47',NULL,NULL,1,15,'carlaalmeidarios@gmail.com'),(730,1093,'2023-01-25 15:56:02',NULL,NULL,1,15,'isabel_cristina_@hotmail.com'),(731,1094,'2023-02-06 17:10:43',NULL,258,1,NULL,''),(732,1095,'2023-02-14 17:32:35',NULL,259,1,NULL,'marianamlc@hotmail.com'),(733,1096,'2023-02-23 11:26:17',NULL,260,1,NULL,'linil.franco@gmail.com'),(734,1097,'2023-03-01 17:19:13',NULL,261,1,15,'helleneborges@hotmail.com'),(735,1098,'2023-03-07 09:27:59',NULL,262,1,NULL,'jeaneg.vieira@outlook.com'),(736,1099,'2023-03-07 11:52:12',NULL,263,1,15,'louisesoledade.adv@gmail.com'),(737,1100,'2023-03-09 11:04:56',NULL,264,1,NULL,''),(738,1101,'2023-03-30 17:19:21',NULL,265,1,NULL,''),(739,1102,'2023-03-31 09:04:18',NULL,NULL,1,15,'soareslorena81@gmail.com'),(740,1103,'2023-03-31 10:35:55',NULL,NULL,1,15,'soareslorena81@gmail.com'),(741,1104,'2023-04-05 11:10:12',NULL,NULL,1,14,'reinaldo.santos@sgnsistemas.com.br'),(742,1105,'2023-04-11 09:27:22',NULL,266,1,NULL,'alexandre.oliveira@sgnsistemas.com.br');

--
